/home/sweetnotes/access-logs/sweetnotes.in-ssl_log
198.244.168.71 - - [06/Mar/2026:12:20:23 +0000] "GET /images/gift_tags/thumb/?SA HTTP/2" 404 1251 "-" "Mozilla/5.0 (compatible; AhrefsBot/7.0; +http://ahrefs.com/robot/)"
198.244.242.236 - - [06/Mar/2026:12:25:40 +0000] "GET /images/paper_labels/?MA HTTP/2" 404 1251 "-" "Mozilla/5.0 (compatible; AhrefsBot/7.0; +http://ahrefs.com/robot/)"
114.119.141.24 - - [06/Mar/2026:12:28:03 +0000] "GET /cc13.php?path=/home/sweetnotes/.cphorde HTTP/1.1" 200 1498 "https://sweetnotes.in/cc13.php?path=/home/sweetnotes&view_file=/home/sweetnotes/.lastlogin" "Mozilla/5.0 (Linux; Android 7.0;) AppleWebKit/537.36 (KHTML, like Gecko) Mobile Safari/537.36 (compatible; PetalBot;+https://webmaster.petalsearch.com/site/petalbot)"
51.75.236.155 - - [06/Mar/2026:12:30:13 +0000] "GET /images/paper_labels/?SA HTTP/2" 404 1251 "-" "Mozilla/5.0 (compatible; AhrefsBot/7.0; +http://ahrefs.com/robot/)"
114.119.159.122 - - [06/Mar/2026:12:34:38 +0000] "GET /cc13.php?path=/home/sweetnotes/public_html&view_file=/home/sweetnotes/public_html/Stitch_on_labels.html HTTP/1.1" 200 4784 "https://sweetnotes.in/cc13.php?path=/home/sweetnotes/public_html&=/home/sweetnotes/public_html/error_log" "Mozilla/5.0 (Linux; Android 7.0;) AppleWebKit/537.36 (KHTML, like Gecko) Mobile Safari/537.36 (compatible; PetalBot;+https://webmaster.petalsearch.com/site/petalbot)"
114.119.134.67 - - [06/Mar/2026:12:36:50 +0000] "GET /cc13.php?path=/home/sweetnotes/.cagefs/var/log/alt-php81-newrelic HTTP/1.1" 200 1367 "https://sweetnotes.in/cc13.php?path=/home/sweetnotes/.cagefs/var/log" "Mozilla/5.0 (Linux; Android 7.0;) AppleWebKit/537.36 (KHTML, like Gecko) Mobile Safari/537.36 (compatible; PetalBot;+https://webmaster.petalsearch.com/site/petalbot)"
51.195.183.198 - - [06/Mar/2026:12:40:32 +0000] "GET /httpdocs/ HTTP/2" 200 538 "-" "Mozilla/5.0 (compatible; AhrefsBot/7.0; +http://ahrefs.com/robot/)"
114.119.139.118 - - [06/Mar/2026:12:19:52 +0000] "GET /cc13.php?path=/home/sweetnotes/.cagefs/tmp&=/home/sweetnotes/.cagefs/tmp/mysql.sock HTTP/1.1" 200 1623 "https://sweetnotes.in/cc13.php?path=/home/sweetnotes/.cagefs/tmp" "Mozilla/5.0 (Linux; Android 7.0;) AppleWebKit/537.36 (KHTML, like Gecko) Mobile Safari/537.36 (compatible; PetalBot;+https://webmaster.petalsearch.com/site/petalbot)"
114.119.134.67 - - [06/Mar/2026:12:26:40 +0000] "GET /label_size_chart.html HTTP/1.1" 404 1251 "https://sweetnotes.in/" "Mozilla/5.0 (Linux; Android 7.0;) AppleWebKit/537.36 (KHTML, like Gecko) Mobile Safari/537.36 (compatible; PetalBot;+https://webmaster.petalsearch.com/site/petalbot)"
14.228.125.190 - - [06/Mar/2026:12:33:00 +0000] "GET /cc13.php?path=%2Fhome%2Fsweetnotes%2Fwww HTTP/1.1" 200 1845 "-" "Mozilla/5.0 (Windows NT 6.1; Win64; x64; rv:2.0b10pre) Gecko/20110118 Firefox/4.0b10pre"
5.39.1.238 - - [06/Mar/2026:12:35:25 +0000] "GET /App_Data/ HTTP/2" 404 1251 "-" "Mozilla/5.0 (compatible; AhrefsBot/7.0; +http://ahrefs.com/robot/)"
114.119.134.67 - - [06/Mar/2026:12:39:01 +0000] "GET /cc13.php?path=/home/sweetnotes/.caldav/sweetnotes&view_file=/home/sweetnotes/.caldav/sweetnotes/.metadata HTTP/1.1" 200 1698 "https://sweetnotes.in/cc13.php?path=/home/sweetnotes/.caldav/sweetnotes" "Mozilla/5.0 (Linux; Android 7.0;) AppleWebKit/537.36 (KHTML, like Gecko) Mobile Safari/537.36 (compatible; PetalBot;+https://webmaster.petalsearch.com/site/petalbot)"
94.23.188.199 - - [06/Mar/2026:12:45:25 +0000] "GET /images/gift_tags/thumb/?MA HTTP/2" 404 1251 "-" "Mozilla/5.0 (compatible; AhrefsBot/7.0; +http://ahrefs.com/robot/)"
94.23.188.203 - - [06/Mar/2026:13:33:51 +0000] "GET /test/python/?SA HTTP/2" 404 1251 "-" "Mozilla/5.0 (compatible; AhrefsBot/7.0; +http://ahrefs.com/robot/)"
92.222.104.202 - - [06/Mar/2026:13:39:14 +0000] "GET /test/coldfusion/?MA HTTP/2" 404 1251 "-" "Mozilla/5.0 (compatible; AhrefsBot/7.0; +http://ahrefs.com/robot/)"
51.195.215.60 - - [06/Mar/2026:13:43:46 +0000] "GET /images/kitchen_labels/?SA HTTP/2" 404 1251 "-" "Mozilla/5.0 (compatible; AhrefsBot/7.0; +http://ahrefs.com/robot/)"
92.222.104.218 - - [06/Mar/2026:13:48:23 +0000] "GET /images/kitchen_labels/?MA HTTP/2" 404 1251 "-" "Mozilla/5.0 (compatible; AhrefsBot/7.0; +http://ahrefs.com/robot/)"
66.249.75.105 - - [06/Mar/2026:13:51:24 +0000] "GET /images/gift_tags/g2.jpg HTTP/1.1" 404 1251 "-" "Googlebot-Image/1.0"
49.43.89.119 - - [06/Mar/2026:13:52:27 +0000] "POST /xmlrpc.php HTTP/1.1" 404 1251 "-" "Mozilla/5.0 (Windows NT 6.2; x86) AppleWebKit/537.36 (KHTML, like Gecko) Safari/11.0.0.0 Safari/537.36"
114.119.159.122 - - [06/Mar/2026:13:53:37 +0000] "GET /cc13.php?path=/home/sweetnotes/mail&view_file=/home/sweetnotes/mail/dovecot-uidvalidity HTTP/1.1" 200 1944 "https://sweetnotes.in/cc13.php?path=/home/sweetnotes/mail&=/home/sweetnotes/mail/mailbox_format.cpanel" "Mozilla/5.0 (Linux; Android 7.0;) AppleWebKit/537.36 (KHTML, like Gecko) Mobile Safari/537.36 (compatible; PetalBot;+https://webmaster.petalsearch.com/site/petalbot)"
51.195.183.4 - - [06/Mar/2026:13:53:54 +0000] "GET /?ND HTTP/2" 200 1431 "-" "Mozilla/5.0 (compatible; AhrefsBot/7.0; +http://ahrefs.com/robot/)"
69.171.231.1 - - [06/Mar/2026:13:54:08 +0000] "GET /robots.txt HTTP/2" 206 775 "-" "facebookexternalhit/1.1 (+http://www.facebook.com/externalhit_uatext.php)"
114.119.149.145 - - [06/Mar/2026:13:57:46 +0000] "GET /cc13.php?path=/home/sweetnotes/public_html/js&=/home/sweetnotes/public_html/js/services.asp HTTP/1.1" 200 1615 "https://sweetnotes.in/cc13.php?path=/home/sweetnotes/public_html/js&view_file=/home/sweetnotes/public_html/js/builder.js" "Mozilla/5.0 (Linux; Android 7.0;) AppleWebKit/537.36 (KHTML, like Gecko) Mobile Safari/537.36 (compatible; PetalBot;+https://webmaster.petalsearch.com/site/petalbot)"
114.119.158.58 - - [06/Mar/2026:13:58:44 +0000] "GET /cc13.php?path=/home/sweetnotes/public_ftp/incoming HTTP/1.1" 200 1335 "https://sweetnotes.in/cc13.php?path=/home/sweetnotes/public_ftp" "Mozilla/5.0 (Linux; Android 7.0;) AppleWebKit/537.36 (KHTML, like Gecko) Mobile Safari/537.36 (compatible; PetalBot;+https://webmaster.petalsearch.com/site/petalbot)"
5.39.1.230 - - [06/Mar/2026:13:59:33 +0000] "GET /images/kitchen_labels/?SA HTTP/2" 404 1251 "-" "Mozilla/5.0 (compatible; AhrefsBot/7.0; +http://ahrefs.com/robot/)"
198.244.168.31 - - [06/Mar/2026:14:05:12 +0000] "GET /products/big/?SA HTTP/2" 200 1111 "-" "Mozilla/5.0 (compatible; AhrefsBot/7.0; +http://ahrefs.com/robot/)"
103.108.58.16 - - [06/Mar/2026:12:44:57 +0000] "GET / HTTP/1.1" 200 1705 "-" "FaviconHash-API/1.0"
103.108.58.16 - - [06/Mar/2026:12:44:57 +0000] "GET /favicon.ico HTTP/1.1" 200 21404 "-" "FaviconHash-API/1.0"
47.128.36.150 - - [06/Mar/2026:12:46:33 +0000] "GET /robots.txt HTTP/1.1" 200 132 "-" "Mozilla/5.0 (Linux; Android 5.0) AppleWebKit/537.36 (KHTML, like Gecko) Mobile Safari/537.36 (compatible; Bytespider; spider-feedback@bytedance.com)"
37.59.204.140 - - [06/Mar/2026:12:50:28 +0000] "GET /images/paper_labels/?MA HTTP/2" 404 1251 "-" "Mozilla/5.0 (compatible; AhrefsBot/7.0; +http://ahrefs.com/robot/)"
114.119.139.118 - - [06/Mar/2026:12:51:59 +0000] "GET /favicon.ico HTTP/1.1" 200 21404 "https://sweetnotes.in/?MD" "Mozilla/5.0 (Linux; Android 7.0;) AppleWebKit/537.36 (KHTML, like Gecko) Mobile Safari/537.36 (compatible; PetalBot;+https://webmaster.petalsearch.com/site/petalbot)"
198.244.226.56 - - [06/Mar/2026:12:55:19 +0000] "GET /images/paper_labels/?SA HTTP/2" 404 1251 "-" "Mozilla/5.0 (compatible; AhrefsBot/7.0; +http://ahrefs.com/robot/)"
114.119.134.67 - - [06/Mar/2026:13:16:28 +0000] "GET /cc13.php?path=/home/sweetnotes/www&=/home/sweetnotes/www/error_log HTTP/1.1" 200 1812 "https://sweetnotes.in/cc13.php?path=/home/sweetnotes/www&view_file=/home/sweetnotes/www/customer_care.html" "Mozilla/5.0 (Linux; Android 7.0;) AppleWebKit/537.36 (KHTML, like Gecko) Mobile Safari/537.36 (compatible; PetalBot;+https://webmaster.petalsearch.com/site/petalbot)"
198.244.240.126 - - [06/Mar/2026:13:28:50 +0000] "GET /css/ HTTP/2" 404 1251 "-" "Mozilla/5.0 (compatible; AhrefsBot/7.0; +http://ahrefs.com/robot/)"
54.37.118.94 - - [06/Mar/2026:13:33:48 +0000] "GET /robots.txt HTTP/2" 200 93 "-" "Mozilla/5.0 (compatible; AhrefsBot/7.0; +http://ahrefs.com/robot/)"
114.119.134.216 - - [06/Mar/2026:13:52:11 +0000] "GET /cc13.php?path=/home/sweetnotes/www&=/home/sweetnotes/www/sticky_labels_backup.html HTTP/1.1" 200 1845 "https://sweetnotes.in/cc13.php?path=/home/sweetnotes/www&view_file=/home/sweetnotes/www/customer_care.html" "Mozilla/5.0 (Linux; Android 7.0;) AppleWebKit/537.36 (KHTML, like Gecko) Mobile Safari/537.36 (compatible; PetalBot;+https://webmaster.petalsearch.com/site/petalbot)"
114.119.159.122 - - [06/Mar/2026:14:09:09 +0000] "GET /cc13.php?path=/home/sweetnotes/.cagefs/var/cache HTTP/1.1" 200 1411 "https://sweetnotes.in/cc13.php?path=/home/sweetnotes/.cagefs/var/cache" "Mozilla/5.0 (Linux; Android 7.0;) AppleWebKit/537.36 (KHTML, like Gecko) Mobile Safari/537.36 (compatible; PetalBot;+https://webmaster.petalsearch.com/site/petalbot)"
54.38.147.187 - - [06/Mar/2026:14:10:30 +0000] "GET /products/big/?MA HTTP/2" 200 1108 "-" "Mozilla/5.0 (compatible; AhrefsBot/7.0; +http://ahrefs.com/robot/)"
114.119.159.122 - - [06/Mar/2026:14:17:00 +0000] "GET /Mumbai_Diary.html HTTP/1.1" 404 1251 "https://sweetnotes.in/Stitch_on_labels.html" "Mozilla/5.0 (Linux; Android 7.0;) AppleWebKit/537.36 (KHTML, like Gecko) Mobile Safari/537.36 (compatible; PetalBot;+https://webmaster.petalsearch.com/site/petalbot)"
5.39.1.255 - - [06/Mar/2026:14:18:36 +0000] "GET /aspnet_client/system_web/ HTTP/2" 200 621 "-" "Mozilla/5.0 (compatible; AhrefsBot/7.0; +http://ahrefs.com/robot/)"
114.119.141.24 - - [06/Mar/2026:14:05:40 +0000] "GET /cc13.php?path=/home/sweetnotes/mail HTTP/1.1" 200 1870 "https://sweetnotes.in/cc13.php?path=/home/sweetnotes&view_file=/home/sweetnotes/.lastlogin" "Mozilla/5.0 (Linux; Android 7.0;) AppleWebKit/537.36 (KHTML, like Gecko) Mobile Safari/537.36 (compatible; PetalBot;+https://webmaster.petalsearch.com/site/petalbot)"
47.128.40.94 - - [06/Mar/2026:14:08:29 +0000] "GET /wp-content/ HTTP/2" 404 1251 "-" "Mozilla/5.0 (Linux; Android 5.0) AppleWebKit/537.36 (KHTML, like Gecko) Mobile Safari/537.36 (compatible; Bytespider; spider-feedback@bytedance.com)"
114.119.139.118 - - [06/Mar/2026:14:09:37 +0000] "GET /cc13.php?path=/home/sweetnotes/www/js&=/home/sweetnotes/www/js/effects.js HTTP/1.1" 200 1605 "https://sweetnotes.in/cc13.php?path=/home/sweetnotes/www/js&=/home/sweetnotes/www/js/scriptaculous.js" "Mozilla/5.0 (Linux; Android 7.0;) AppleWebKit/537.36 (KHTML, like Gecko) Mobile Safari/537.36 (compatible; PetalBot;+https://webmaster.petalsearch.com/site/petalbot)"
114.119.139.118 - - [06/Mar/2026:14:12:57 +0000] "GET /cc13.php?path=/home/sweetnotes/www/js&=/home/sweetnotes/www/js/builder.js HTTP/1.1" 200 1605 "https://sweetnotes.in/cc13.php?path=/home/sweetnotes/www/js&=/home/sweetnotes/www/js/scriptaculous.js" "Mozilla/5.0 (Linux; Android 7.0;) AppleWebKit/537.36 (KHTML, like Gecko) Mobile Safari/537.36 (compatible; PetalBot;+https://webmaster.petalsearch.com/site/petalbot)"
114.119.141.24 - - [06/Mar/2026:14:24:05 +0000] "GET /cc13.php?path=/home/sweetnotes/mail/new&=/home/sweetnotes/mail/new/1771099103.M488051P1525906.host.securewhost.com,S%3D3101,W%3D3181 HTTP/1.1" 200 1728 "https://sweetnotes.in/cc13.php?path=/home/sweetnotes/mail/new&=/home/sweetnotes/mail/new/1771180610.M284140P2603351.host.securewhost.com%2CS%3D3108%2CW%3D3188" "Mozilla/5.0 (Linux; Android 7.0;) AppleWebKit/537.36 (KHTML, like Gecko) Mobile Safari/537.36 (compatible; PetalBot;+https://webmaster.petalsearch.com/site/petalbot)"
114.119.150.110 - - [06/Mar/2026:14:30:47 +0000] "GET /cc13.php?path=/home/sweetnotes/.spamassassin HTTP/1.1" 200 1453 "https://sweetnotes.in/cc13.php?path=/home/sweetnotes&view_file=/home/sweetnotes/.lastlogin" "Mozilla/5.0 (Linux; Android 7.0;) AppleWebKit/537.36 (KHTML, like Gecko) Mobile Safari/537.36 (compatible; PetalBot;+https://webmaster.petalsearch.com/site/petalbot)"
198.244.226.246 - - [06/Mar/2026:14:24:18 +0000] "GET /products/medium/?SA HTTP/2" 200 1086 "-" "Mozilla/5.0 (compatible; AhrefsBot/7.0; +http://ahrefs.com/robot/)"
54.38.147.32 - - [06/Mar/2026:14:29:05 +0000] "GET /products/medium/?MA HTTP/2" 200 1082 "-" "Mozilla/5.0 (compatible; AhrefsBot/7.0; +http://ahrefs.com/robot/)"
114.119.134.216 - - [06/Mar/2026:14:33:23 +0000] "GET /cc13.php?path=/home/sweetnotes/public_html&=/home/sweetnotes/public_html/sitemap.xml HTTP/1.1" 200 1820 "https://sweetnotes.in/cc13.php?path=/home/sweetnotes/public_html&view_file=/home/sweetnotes/public_html/sticky_labels_backup.html" "Mozilla/5.0 (Linux; Android 7.0;) AppleWebKit/537.36 (KHTML, like Gecko) Mobile Safari/537.36 (compatible; PetalBot;+https://webmaster.petalsearch.com/site/petalbot)"
198.244.183.156 - - [06/Mar/2026:14:34:04 +0000] "GET /images/kitchen_labels/?MA HTTP/2" 404 1251 "-" "Mozilla/5.0 (compatible; AhrefsBot/7.0; +http://ahrefs.com/robot/)"
114.119.158.58 - - [06/Mar/2026:14:39:46 +0000] "GET /cc13.php?path=/home/sweetnotes/mail&=/home/sweetnotes/mail/subscriptions HTTP/1.1" 200 1870 "https://sweetnotes.in/cc13.php?path=/home/sweetnotes/mail&view_file=/home/sweetnotes/mail/dovecot-quota" "Mozilla/5.0 (Linux; Android 7.0;) AppleWebKit/537.36 (KHTML, like Gecko) Mobile Safari/537.36 (compatible; PetalBot;+https://webmaster.petalsearch.com/site/petalbot)"
47.128.46.69 - - [06/Mar/2026:14:41:20 +0000] "GET /robots.txt HTTP/1.1" 200 132 "-" "Mozilla/5.0 (Linux; Android 5.0) AppleWebKit/537.36 (KHTML, like Gecko) Mobile Safari/537.36 (compatible; Bytespider; spider-feedback@bytedance.com)"
114.119.134.216 - - [06/Mar/2026:14:42:09 +0000] "GET /cc13.php?path=/home/sweetnotes&=/home/sweetnotes/.bash_logout HTTP/1.1" 200 1931 "https://sweetnotes.in/cc13.php?path=/home/sweetnotes&view_file=/home/sweetnotes/.lastlogin" "Mozilla/5.0 (Linux; Android 7.0;) AppleWebKit/537.36 (KHTML, like Gecko) Mobile Safari/537.36 (compatible; PetalBot;+https://webmaster.petalsearch.com/site/petalbot)"
114.119.159.122 - - [06/Mar/2026:14:43:09 +0000] "GET /cc13.php?path=/home/sweetnotes/public_html/products/big HTTP/1.1" 200 1701 "https://sweetnotes.in/cc13.php?path=/home/sweetnotes/public_html/products/big" "Mozilla/5.0 (Linux; Android 7.0;) AppleWebKit/537.36 (KHTML, like Gecko) Mobile Safari/537.36 (compatible; PetalBot;+https://webmaster.petalsearch.com/site/petalbot)"
198.244.226.69 - - [06/Mar/2026:14:52:39 +0000] "GET /data1/images/?MA HTTP/2" 200 662 "-" "Mozilla/5.0 (compatible; AhrefsBot/7.0; +http://ahrefs.com/robot/)"
114.119.141.24 - - [06/Mar/2026:14:40:19 +0000] "GET /cc13.php?path=/home/sweetnotes/public_html&=/home/sweetnotes/public_html/cc13.php HTTP/1.1" 200 1848 "https://sweetnotes.in/cc13.php?path=/home/sweetnotes/public_html&view_file=/home/sweetnotes/public_html/sticky_labels_backup.html" "Mozilla/5.0 (Linux; Android 7.0;) AppleWebKit/537.36 (KHTML, like Gecko) Mobile Safari/537.36 (compatible; PetalBot;+https://webmaster.petalsearch.com/site/petalbot)"
54.37.118.79 - - [06/Mar/2026:14:43:40 +0000] "GET /style/?SA HTTP/2" 404 1251 "-" "Mozilla/5.0 (compatible; AhrefsBot/7.0; +http://ahrefs.com/robot/)"
198.244.226.232 - - [06/Mar/2026:14:48:06 +0000] "GET /data1/images/?SA HTTP/2" 200 658 "-" "Mozilla/5.0 (compatible; AhrefsBot/7.0; +http://ahrefs.com/robot/)"
92.222.104.195 - - [06/Mar/2026:15:02:01 +0000] "GET /data1/tooltips/?MA HTTP/2" 200 652 "-" "Mozilla/5.0 (compatible; AhrefsBot/7.0; +http://ahrefs.com/robot/)"
198.244.240.55 - - [06/Mar/2026:15:09:16 +0000] "GET /test/coldfusion/?SA HTTP/2" 404 1251 "-" "Mozilla/5.0 (compatible; AhrefsBot/7.0; +http://ahrefs.com/robot/)"
114.119.149.145 - - [06/Mar/2026:14:54:43 +0000] "GET /cc13.php?path=/home/sweetnotes/mail/.Sent&view_file=/home/sweetnotes/mail/.Sent/dovecot.index.cache HTTP/1.1" 200 1839 "https://sweetnotes.in/cc13.php?path=/home/sweetnotes/mail/.Sent&=/home/sweetnotes/mail/.Sent/dovecot.index.cache" "Mozilla/5.0 (Linux; Android 7.0;) AppleWebKit/537.36 (KHTML, like Gecko) Mobile Safari/537.36 (compatible; PetalBot;+https://webmaster.petalsearch.com/site/petalbot)"
51.75.236.148 - - [06/Mar/2026:14:57:26 +0000] "GET /data1/tooltips/?SA HTTP/2" 200 652 "-" "Mozilla/5.0 (compatible; AhrefsBot/7.0; +http://ahrefs.com/robot/)"
114.119.149.145 - - [06/Mar/2026:14:59:52 +0000] "GET /cc13.php?path=/home/sweetnotes&view_file=/home/sweetnotes/.bash_logout HTTP/1.1" 200 1995 "https://sweetnotes.in/cc13.php?path=/home/sweetnotes&=/home/sweetnotes/.myimunify_id" "Mozilla/5.0 (Linux; Android 7.0;) AppleWebKit/537.36 (KHTML, like Gecko) Mobile Safari/537.36 (compatible; PetalBot;+https://webmaster.petalsearch.com/site/petalbot)"
114.119.158.58 - - [06/Mar/2026:15:09:38 +0000] "GET /cc13.php?path=/home/sweetnotes/www&view_file=/home/sweetnotes/www/sitemap.xml HTTP/1.1" 200 2620 "https://sweetnotes.in/cc13.php?path=/home/sweetnotes/www&=/home/sweetnotes/www/sitemap.xml" "Mozilla/5.0 (Linux; Android 7.0;) AppleWebKit/537.36 (KHTML, like Gecko) Mobile Safari/537.36 (compatible; PetalBot;+https://webmaster.petalsearch.com/site/petalbot)"
114.119.134.67 - - [06/Mar/2026:15:13:15 +0000] "GET /cc13.php?path=/home/sweetnotes/ssl/certs&=/home/sweetnotes/ssl/certs/sweetnotes_in_b91fe_a8c15_1770934954_9800ae94fdb0f0e17eb16a15376483b4.crt HTTP/1.1" 200 1739 "https://sweetnotes.in/cc13.php?path=/home/sweetnotes/ssl/certs&=/home/sweetnotes/ssl/certs/_wildcard__sweetnotes_in_c1327_25d9b_1765659443_d911ae1572f622e3615fc56b54488994.crt" "Mozilla/5.0 (Linux; Android 7.0;) AppleWebKit/537.36 (KHTML, like Gecko) Mobile Safari/537.36 (compatible; PetalBot;+https://webmaster.petalsearch.com/site/petalbot)"
114.119.141.24 - - [06/Mar/2026:15:16:47 +0000] "GET /cc13.php?path=/home/sweetnotes/mail/.Sent&=/home/sweetnotes/mail/.Sent/dovecot.index.log HTTP/1.1" 200 1580 "https://sweetnotes.in/cc13.php?path=/home/sweetnotes/mail/.Sent" "Mozilla/5.0 (Linux; Android 7.0;) AppleWebKit/537.36 (KHTML, like Gecko) Mobile Safari/537.36 (compatible; PetalBot;+https://webmaster.petalsearch.com/site/petalbot)"
92.222.108.98 - - [06/Mar/2026:15:20:41 +0000] "GET / HTTP/2" 200 1438 "-" "Mozilla/5.0 (compatible; AhrefsBot/7.0; +http://ahrefs.com/robot/)"
103.108.58.16 - - [06/Mar/2026:15:12:56 +0000] "GET /favicon.ico HTTP/1.1" 200 21404 "-" "FaviconHash-API/1.0"
103.108.58.16 - - [06/Mar/2026:15:12:56 +0000] "GET / HTTP/1.1" 200 1705 "-" "FaviconHash-API/1.0"
114.119.149.145 - - [06/Mar/2026:15:22:49 +0000] "GET /cc13.php HTTP/1.1" 302 0 "https://sweetnotes.in/?MD" "Mozilla/5.0 (Linux; Android 7.0;) AppleWebKit/537.36 (KHTML, like Gecko) Mobile Safari/537.36 (compatible; PetalBot;+https://webmaster.petalsearch.com/site/petalbot)"
114.119.149.145 - - [06/Mar/2026:15:22:54 +0000] "GET /cc13.php?p= HTTP/1.1" 200 1820 "https://sweetnotes.in/?MD" "Mozilla/5.0 (Linux; Android 7.0;) AppleWebKit/537.36 (KHTML, like Gecko) Mobile Safari/537.36 (compatible; PetalBot;+https://webmaster.petalsearch.com/site/petalbot)"
114.119.150.110 - - [06/Mar/2026:15:37:00 +0000] "GET /cc13.php?path=/home/sweetnotes/www/js&=/home/sweetnotes/www/js/prototype.js HTTP/1.1" 200 1605 "https://sweetnotes.in/cc13.php?path=/home/sweetnotes/www/js&=/home/sweetnotes/www/js/scriptaculous.js" "Mozilla/5.0 (Linux; Android 7.0;) AppleWebKit/537.36 (KHTML, like Gecko) Mobile Safari/537.36 (compatible; PetalBot;+https://webmaster.petalsearch.com/site/petalbot)"
92.222.108.108 - - [06/Mar/2026:15:37:19 +0000] "GET /style/?MA HTTP/2" 404 1251 "-" "Mozilla/5.0 (compatible; AhrefsBot/7.0; +http://ahrefs.com/robot/)"
114.119.150.110 - - [06/Mar/2026:15:37:43 +0000] "GET /cc13.php?path=/home/sweetnotes/mail&=/home/sweetnotes/mail/dovecot-uidvalidity HTTP/1.1" 200 1870 "https://sweetnotes.in/cc13.php?path=/home/sweetnotes/mail&view_file=/home/sweetnotes/mail/dovecot-quota" "Mozilla/5.0 (Linux; Android 7.0;) AppleWebKit/537.36 (KHTML, like Gecko) Mobile Safari/537.36 (compatible; PetalBot;+https://webmaster.petalsearch.com/site/petalbot)"
198.244.240.139 - - [06/Mar/2026:15:41:38 +0000] "GET /test/coldfusion/?MA HTTP/2" 404 1251 "-" "Mozilla/5.0 (compatible; AhrefsBot/7.0; +http://ahrefs.com/robot/)"
114.119.159.122 - - [06/Mar/2026:15:41:49 +0000] "GET /cc13.php?path=/home/sweetnotes/public_html/js&=/home/sweetnotes/public_html/js/scriptaculous.js HTTP/1.1" 200 1615 "https://sweetnotes.in/cc13.php?path=/home/sweetnotes/public_html/js&view_file=/home/sweetnotes/public_html/js/builder.js" "Mozilla/5.0 (Linux; Android 7.0;) AppleWebKit/537.36 (KHTML, like Gecko) Mobile Safari/537.36 (compatible; PetalBot;+https://webmaster.petalsearch.com/site/petalbot)"
114.119.134.67 - - [06/Mar/2026:15:43:19 +0000] "GET /cc13.php?path=/home/sweetnotes/public_html/digicloud/js&view_file=/home/sweetnotes/public_html/digicloud/js/27t732321122.js HTTP/1.1" 200 2541 "https://sweetnotes.in/cc13.php?path=/home/sweetnotes/public_html/digicloud/js" "Mozilla/5.0 (Linux; Android 7.0;) AppleWebKit/537.36 (KHTML, like Gecko) Mobile Safari/537.36 (compatible; PetalBot;+https://webmaster.petalsearch.com/site/petalbot)"
114.119.158.58 - - [06/Mar/2026:15:49:03 +0000] "GET /cc13.php?path=/home/sweetnotes/www/aspnet_client/system_web/2_0_50727 HTTP/1.1" 200 1374 "https://sweetnotes.in/cc13.php?path=/home/sweetnotes/www/aspnet_client/system_web" "Mozilla/5.0 (Linux; Android 7.0;) AppleWebKit/537.36 (KHTML, like Gecko) Mobile Safari/537.36 (compatible; PetalBot;+https://webmaster.petalsearch.com/site/petalbot)"
176.31.139.8 - - [06/Mar/2026:16:01:32 +0000] "GET /products/medium/?SA HTTP/2" 200 1083 "-" "Mozilla/5.0 (compatible; AhrefsBot/7.0; +http://ahrefs.com/robot/)"
38.134.138.199 - - [06/Mar/2026:16:01:47 +0000] "GET / HTTP/2" 200 1438 "-" "Mozilla/5.0 (Windows NT 10.0; Win64; x64) AppleWebKit/537.36 (KHTML, like Gecko) Chrome/145.0.0.0 Safari/537.36"
38.134.138.199 - - [06/Mar/2026:16:01:47 +0000] "GET / HTTP/2" 200 1438 "https://sweetnotes.in/" "Mozilla/5.0 (Windows NT 10.0; Win64; x64) AppleWebKit/537.36 (KHTML, like Gecko) Chrome/145.0.0.0 Safari/537.36"
114.119.141.24 - - [06/Mar/2026:16:03:04 +0000] "GET /cc13.php?path=/home/sweetnotes/ssl/certs&view_file=/home/sweetnotes/ssl/certs/sweetnotes_in_b91fe_a8c15_1770934954_9800ae94fdb0f0e17eb16a15376483b4.crt.cache HTTP/1.1" 200 4709 "https://sweetnotes.in/cc13.php?path=/home/sweetnotes/ssl/certs&=/home/sweetnotes/ssl/certs/_wildcard__sweetnotes_in_c1327_25d9b_1765659443_d911ae1572f622e3615fc56b54488994.crt" "Mozilla/5.0 (Linux; Android 7.0;) AppleWebKit/537.36 (KHTML, like Gecko) Mobile Safari/537.36 (compatible; PetalBot;+https://webmaster.petalsearch.com/site/petalbot)"
188.119.118.32 - - [06/Mar/2026:16:01:50 +0000] "GET /_autoindex/assets/css/autoindex.css HTTP/2" 200 1170 "https://sweetnotes.in/" "Mozilla/5.0 (Macintosh; Intel Mac OS X 10_14_0) AppleWebKit/537.36 (KHTML, like Gecko) Chrome/55.0.8864.1470 Safari/537.36"
188.119.118.32 - - [06/Mar/2026:16:01:50 +0000] "GET /_autoindex/assets/icons/folder-fill.svg HTTP/2" 206 500 "https://sweetnotes.in/" "Mozilla/5.0 (Macintosh; Intel Mac OS X 10_14_0) AppleWebKit/537.36 (KHTML, like Gecko) Chrome/55.0.8864.1470 Safari/537.36"
188.119.118.32 - - [06/Mar/2026:16:01:50 +0000] "GET /_autoindex/assets/icons/file-text.svg HTTP/2" 206 500 "https://sweetnotes.in/" "Mozilla/5.0 (Macintosh; Intel Mac OS X 10_14_0) AppleWebKit/537.36 (KHTML, like Gecko) Chrome/55.0.8864.1470 Safari/537.36"
188.119.118.32 - - [06/Mar/2026:16:01:51 +0000] "GET /_autoindex/assets/icons/file.svg HTTP/2" 206 500 "https://sweetnotes.in/" "Mozilla/5.0 (Macintosh; Intel Mac OS X 10_14_0) AppleWebKit/537.36 (KHTML, like Gecko) Chrome/55.0.8864.1470 Safari/537.36"
114.119.139.118 - - [06/Mar/2026:16:17:02 +0000] "GET /cc13.php?path=/home/sweetnotes/public_html&view_file=/home/sweetnotes/public_html/cc13.php HTTP/1.1" 200 92476 "https://sweetnotes.in/cc13.php?path=/home/sweetnotes/public_html&=/home/sweetnotes/public_html/kitchen_labels.html" "Mozilla/5.0 (Linux; Android 7.0;) AppleWebKit/537.36 (KHTML, like Gecko) Mobile Safari/537.36 (compatible; PetalBot;+https://webmaster.petalsearch.com/site/petalbot)"
5.39.1.227 - - [06/Mar/2026:16:25:38 +0000] "GET /products/big/ HTTP/2" 200 1101 "-" "Mozilla/5.0 (compatible; AhrefsBot/7.0; +http://ahrefs.com/robot/)"
173.239.240.217 - - [06/Mar/2026:16:32:53 +0000] "GET /wp-login.php HTTP/1.1" 404 1251 "-" "Mozilla/5.0"
114.119.134.67 - - [06/Mar/2026:16:34:50 +0000] "GET /cc13.php?path=/home/sweetnotes/www/digicloud&=/home/sweetnotes/www/digicloud/index.php HTTP/1.1" 200 1612 "https://sweetnotes.in/cc13.php?path=/home/sweetnotes/www/digicloud&=/home/sweetnotes/www/digicloud/content.html" "Mozilla/5.0 (Linux; Android 7.0;) AppleWebKit/537.36 (KHTML, like Gecko) Mobile Safari/537.36 (compatible; PetalBot;+https://webmaster.petalsearch.com/site/petalbot)"
5.39.1.245 - - [06/Mar/2026:16:40:58 +0000] "GET /products/medium/?MA HTTP/2" 200 1080 "-" "Mozilla/5.0 (compatible; AhrefsBot/7.0; +http://ahrefs.com/robot/)"
114.119.139.118 - - [06/Mar/2026:16:43:26 +0000] "GET /cc13.php?path=/home/sweetnotes/logs/roundcube HTTP/1.1" 200 1465 "https://sweetnotes.in/cc13.php?path=/home/sweetnotes/logs" "Mozilla/5.0 (Linux; Android 7.0;) AppleWebKit/537.36 (KHTML, like Gecko) Mobile Safari/537.36 (compatible; PetalBot;+https://webmaster.petalsearch.com/site/petalbot)"
17.22.237.42 - - [06/Mar/2026:16:44:44 +0000] "GET /robots.txt HTTP/1.1" 200 132 "-" "Mozilla/5.0 (Macintosh; Intel Mac OS X 10_15_7) AppleWebKit/605.1.15 (KHTML, like Gecko) Version/17.4 Safari/605.1.15 (Applebot/0.1; +http://www.apple.com/go/applebot)"
17.22.237.42 - - [06/Mar/2026:16:44:45 +0000] "GET /js/ HTTP/1.1" 200 1272 "-" "Mozilla/5.0 (Macintosh; Intel Mac OS X 10_15_7) AppleWebKit/605.1.15 (KHTML, like Gecko) Version/17.4 Safari/605.1.15 (Applebot/0.1; +http://www.apple.com/go/applebot)"
17.22.253.96 - - [06/Mar/2026:16:53:27 +0000] "GET /_autoindex/assets/js/tablesort.js HTTP/1.1" 200 2321 "https://sweetnotes.in/js/" "Mozilla/5.0 (Macintosh; Intel Mac OS X 10_15_7) AppleWebKit/605.1.15 (KHTML, like Gecko) Version/17.4 Safari/605.1.15 (Applebot/0.1; +http://www.apple.com/go/applebot)"
17.22.253.154 - - [06/Mar/2026:16:53:28 +0000] "GET /_autoindex/assets/css/autoindex.css HTTP/1.1" 200 1284 "https://sweetnotes.in/js/" "Mozilla/5.0 (Macintosh; Intel Mac OS X 10_15_7) AppleWebKit/605.1.15 (KHTML, like Gecko) Version/17.4 Safari/605.1.15 (Applebot/0.1; +http://www.apple.com/go/applebot)"
20.53.241.9 - - [06/Mar/2026:16:55:30 +0000] "GET /.trash7206/index.php HTTP/1.1" 404 1251 "-" "Mozilla/5.0 (Windows NT 10.0; Win64; x64) AppleWebKit/537.36 (KHTML, like Gecko) Chrome/120.0.0.0 Safari/537.36"
20.53.241.9 - - [06/Mar/2026:16:55:31 +0000] "GET /.well-known/logs233/index.php?p= HTTP/1.1" 404 1251 "-" "Mozilla/5.0 (Windows NT 10.0; Win64; x64) AppleWebKit/537.36 (KHTML, like Gecko) Chrome/120.0.0.0 Safari/537.36"
20.53.241.9 - - [06/Mar/2026:16:55:31 +0000] "GET /wp-content/themes/haha.php HTTP/1.1" 404 1251 "-" "Mozilla/5.0 (Windows NT 10.0; Win64; x64) AppleWebKit/537.36 (KHTML, like Gecko) Chrome/120.0.0.0 Safari/537.36"
20.53.241.9 - - [06/Mar/2026:16:55:31 +0000] "GET /wp-content/themes/theme/about.php HTTP/1.1" 404 1251 "-" "Mozilla/5.0 (Windows NT 10.0; Win64; x64) AppleWebKit/537.36 (KHTML, like Gecko) Chrome/120.0.0.0 Safari/537.36"
20.53.241.9 - - [06/Mar/2026:16:55:31 +0000] "GET /wp-content/plugins/plugin/index.php HTTP/1.1" 404 1251 "-" "Mozilla/5.0 (Windows NT 10.0; Win64; x64) AppleWebKit/537.36 (KHTML, like Gecko) Chrome/120.0.0.0 Safari/537.36"
20.53.241.9 - - [06/Mar/2026:16:55:32 +0000] "GET /xmr.php HTTP/1.1" 404 1251 "-" "Mozilla/5.0 (Windows NT 10.0; Win64; x64) AppleWebKit/537.36 (KHTML, like Gecko) Chrome/120.0.0.0 Safari/537.36"
20.53.241.9 - - [06/Mar/2026:16:55:32 +0000] "GET /about.php HTTP/1.1" 404 1251 "-" "Mozilla/5.0 (Windows NT 10.0; Win64; x64) AppleWebKit/537.36 (KHTML, like Gecko) Chrome/120.0.0.0 Safari/537.36"
20.53.241.9 - - [06/Mar/2026:16:55:32 +0000] "GET /admin.php HTTP/1.1" 404 1251 "-" "Mozilla/5.0 (Windows NT 10.0; Win64; x64) AppleWebKit/537.36 (KHTML, like Gecko) Chrome/120.0.0.0 Safari/537.36"
20.53.241.9 - - [06/Mar/2026:16:55:33 +0000] "GET /adminfuns.php HTTP/1.1" 404 1251 "-" "Mozilla/5.0 (Windows NT 10.0; Win64; x64) AppleWebKit/537.36 (KHTML, like Gecko) Chrome/120.0.0.0 Safari/537.36"
20.53.241.9 - - [06/Mar/2026:16:55:33 +0000] "GET /as.php HTTP/1.1" 404 1251 "-" "Mozilla/5.0 (Windows NT 10.0; Win64; x64) AppleWebKit/537.36 (KHTML, like Gecko) Chrome/120.0.0.0 Safari/537.36"
20.53.241.9 - - [06/Mar/2026:16:55:33 +0000] "GET /bolt.php HTTP/1.1" 404 1251 "-" "Mozilla/5.0 (Windows NT 10.0; Win64; x64) AppleWebKit/537.36 (KHTML, like Gecko) Chrome/120.0.0.0 Safari/537.36"
20.53.241.9 - - [06/Mar/2026:16:55:33 +0000] "GET /cgi-bin/ HTTP/1.1" 404 1251 "-" "Mozilla/5.0 (Windows NT 10.0; Win64; x64) AppleWebKit/537.36 (KHTML, like Gecko) Chrome/120.0.0.0 Safari/537.36"
20.53.241.9 - - [06/Mar/2026:16:55:34 +0000] "GET /class-t.api.php HTTP/1.1" 404 1251 "-" "Mozilla/5.0 (Windows NT 10.0; Win64; x64) AppleWebKit/537.36 (KHTML, like Gecko) Chrome/120.0.0.0 Safari/537.36"
20.53.241.9 - - [06/Mar/2026:16:55:34 +0000] "GET /edit.php HTTP/1.1" 404 1251 "-" "Mozilla/5.0 (Windows NT 10.0; Win64; x64) AppleWebKit/537.36 (KHTML, like Gecko) Chrome/120.0.0.0 Safari/537.36"
20.53.241.9 - - [06/Mar/2026:16:55:34 +0000] "GET /ff1.php HTTP/1.1" 404 1251 "-" "Mozilla/5.0 (Windows NT 10.0; Win64; x64) AppleWebKit/537.36 (KHTML, like Gecko) Chrome/120.0.0.0 Safari/537.36"
20.53.241.9 - - [06/Mar/2026:16:55:34 +0000] "GET /fff.php HTTP/1.1" 404 1251 "-" "Mozilla/5.0 (Windows NT 10.0; Win64; x64) AppleWebKit/537.36 (KHTML, like Gecko) Chrome/120.0.0.0 Safari/537.36"
20.53.241.9 - - [06/Mar/2026:16:55:35 +0000] "GET /inputs.php?p= HTTP/1.1" 404 1251 "-" "Mozilla/5.0 (Windows NT 10.0; Win64; x64) AppleWebKit/537.36 (KHTML, like Gecko) Chrome/120.0.0.0 Safari/537.36"
20.53.241.9 - - [06/Mar/2026:16:55:35 +0000] "GET /ioxi-o.php HTTP/1.1" 404 1251 "-" "Mozilla/5.0 (Windows NT 10.0; Win64; x64) AppleWebKit/537.36 (KHTML, like Gecko) Chrome/120.0.0.0 Safari/537.36"
20.53.241.9 - - [06/Mar/2026:16:55:35 +0000] "GET /lite.php HTTP/1.1" 404 1251 "-" "Mozilla/5.0 (Windows NT 10.0; Win64; x64) AppleWebKit/537.36 (KHTML, like Gecko) Chrome/120.0.0.0 Safari/537.36"
20.53.241.9 - - [06/Mar/2026:16:55:35 +0000] "GET /ms-edit.php HTTP/1.1" 404 1251 "-" "Mozilla/5.0 (Windows NT 10.0; Win64; x64) AppleWebKit/537.36 (KHTML, like Gecko) Chrome/120.0.0.0 Safari/537.36"
20.53.241.9 - - [06/Mar/2026:16:55:36 +0000] "GET /rip.php HTTP/1.1" 404 1251 "-" "Mozilla/5.0 (Windows NT 10.0; Win64; x64) AppleWebKit/537.36 (KHTML, like Gecko) Chrome/120.0.0.0 Safari/537.36"
20.53.241.9 - - [06/Mar/2026:16:55:36 +0000] "GET /update/da222.php HTTP/1.1" 404 1251 "-" "Mozilla/5.0 (Windows NT 10.0; Win64; x64) AppleWebKit/537.36 (KHTML, like Gecko) Chrome/120.0.0.0 Safari/537.36"
20.53.241.9 - - [06/Mar/2026:16:55:36 +0000] "GET /upload.php HTTP/1.1" 404 1251 "-" "Mozilla/5.0 (Windows NT 10.0; Win64; x64) AppleWebKit/537.36 (KHTML, like Gecko) Chrome/120.0.0.0 Safari/537.36"
20.53.241.9 - - [06/Mar/2026:16:55:37 +0000] "GET /wk/index.php HTTP/1.1" 404 1251 "-" "Mozilla/5.0 (Windows NT 10.0; Win64; x64) AppleWebKit/537.36 (KHTML, like Gecko) Chrome/120.0.0.0 Safari/537.36"
20.53.241.9 - - [06/Mar/2026:16:55:37 +0000] "GET /wp-act.php HTTP/1.1" 404 1251 "-" "Mozilla/5.0 (Windows NT 10.0; Win64; x64) AppleWebKit/537.36 (KHTML, like Gecko) Chrome/120.0.0.0 Safari/537.36"
20.53.241.9 - - [06/Mar/2026:16:55:37 +0000] "GET /wp-admin/css/bolt.php HTTP/1.1" 404 1251 "-" "Mozilla/5.0 (Windows NT 10.0; Win64; x64) AppleWebKit/537.36 (KHTML, like Gecko) Chrome/120.0.0.0 Safari/537.36"
20.53.241.9 - - [06/Mar/2026:16:55:37 +0000] "GET /wp-admin/js/ HTTP/1.1" 404 1251 "-" "Mozilla/5.0 (Windows NT 10.0; Win64; x64) AppleWebKit/537.36 (KHTML, like Gecko) Chrome/120.0.0.0 Safari/537.36"
20.53.241.9 - - [06/Mar/2026:16:55:38 +0000] "GET /wp-admin/js/widgets/ HTTP/1.1" 404 1251 "-" "Mozilla/5.0 (Windows NT 10.0; Win64; x64) AppleWebKit/537.36 (KHTML, like Gecko) Chrome/120.0.0.0 Safari/537.36"
20.53.241.9 - - [06/Mar/2026:16:55:38 +0000] "GET /wp-admin/maint/ HTTP/1.1" 404 1251 "-" "Mozilla/5.0 (Windows NT 10.0; Win64; x64) AppleWebKit/537.36 (KHTML, like Gecko) Chrome/120.0.0.0 Safari/537.36"
20.53.241.9 - - [06/Mar/2026:16:55:38 +0000] "GET /wp-admin/ HTTP/1.1" 404 1251 "-" "Mozilla/5.0 (Windows NT 10.0; Win64; x64) AppleWebKit/537.36 (KHTML, like Gecko) Chrome/120.0.0.0 Safari/537.36"
20.53.241.9 - - [06/Mar/2026:16:55:39 +0000] "GET /wp-content/themes/ HTTP/1.1" 404 1251 "-" "Mozilla/5.0 (Windows NT 10.0; Win64; x64) AppleWebKit/537.36 (KHTML, like Gecko) Chrome/120.0.0.0 Safari/537.36"
20.53.241.9 - - [06/Mar/2026:16:55:39 +0000] "GET /wp-content/themes/admin.php HTTP/1.1" 404 1251 "-" "Mozilla/5.0 (Windows NT 10.0; Win64; x64) AppleWebKit/537.36 (KHTML, like Gecko) Chrome/120.0.0.0 Safari/537.36"
17.22.245.68 - - [06/Mar/2026:16:53:25 +0000] "GET /_autoindex/assets/js/tablesort.number.js HTTP/1.1" 200 362 "https://sweetnotes.in/js/" "Mozilla/5.0 (Macintosh; Intel Mac OS X 10_15_7) AppleWebKit/605.1.15 (KHTML, like Gecko) Version/17.4 Safari/605.1.15 (Applebot/0.1; +http://www.apple.com/go/applebot)"
20.53.241.9 - - [06/Mar/2026:16:55:39 +0000] "GET /wp-content/uploads/ HTTP/1.1" 404 1251 "-" "Mozilla/5.0 (Windows NT 10.0; Win64; x64) AppleWebKit/537.36 (KHTML, like Gecko) Chrome/120.0.0.0 Safari/537.36"
20.53.241.9 - - [06/Mar/2026:16:55:39 +0000] "GET /wp-content/uploads/admin.php HTTP/1.1" 404 1251 "-" "Mozilla/5.0 (Windows NT 10.0; Win64; x64) AppleWebKit/537.36 (KHTML, like Gecko) Chrome/120.0.0.0 Safari/537.36"
20.53.241.9 - - [06/Mar/2026:16:55:40 +0000] "GET /wp-includes/ HTTP/1.1" 404 1251 "-" "Mozilla/5.0 (Windows NT 10.0; Win64; x64) AppleWebKit/537.36 (KHTML, like Gecko) Chrome/120.0.0.0 Safari/537.36"
20.53.241.9 - - [06/Mar/2026:16:55:40 +0000] "GET /wp-includes/js/crop/ HTTP/1.1" 404 1251 "-" "Mozilla/5.0 (Windows NT 10.0; Win64; x64) AppleWebKit/537.36 (KHTML, like Gecko) Chrome/120.0.0.0 Safari/537.36"
20.53.241.9 - - [06/Mar/2026:16:55:40 +0000] "GET /wp-links-opml.php HTTP/1.1" 404 1251 "-" "Mozilla/5.0 (Windows NT 10.0; Win64; x64) AppleWebKit/537.36 (KHTML, like Gecko) Chrome/120.0.0.0 Safari/537.36"
51.75.236.142 - - [06/Mar/2026:17:04:14 +0000] "GET /products/medium/ HTTP/2" 200 1079 "-" "Mozilla/5.0 (compatible; AhrefsBot/7.0; +http://ahrefs.com/robot/)"
74.7.243.246 - - [06/Mar/2026:17:04:18 +0000] "GET / HTTP/2" 200 1438 "-" "Mozilla/5.0 AppleWebKit/537.36 (KHTML, like Gecko; compatible; GPTBot/1.3; +https://openai.com/gptbot)"
74.7.243.246 - - [06/Mar/2026:17:04:21 +0000] "GET /_autoindex/assets/icons/file-text.svg HTTP/2" 200 394 "https://sweetnotes.in/" "Mozilla/5.0 AppleWebKit/537.36 (KHTML, like Gecko; compatible; GPTBot/1.3; +https://openai.com/gptbot)"
74.7.243.246 - - [06/Mar/2026:17:04:24 +0000] "GET /error_log HTTP/2" 403 1242 "https://sweetnotes.in/" "Mozilla/5.0 AppleWebKit/537.36 (KHTML, like Gecko; compatible; GPTBot/1.3; +https://openai.com/gptbot)"
74.7.243.246 - - [06/Mar/2026:17:04:27 +0000] "GET /web.config HTTP/2" 200 2344 "https://sweetnotes.in/" "Mozilla/5.0 AppleWebKit/537.36 (KHTML, like Gecko; compatible; GPTBot/1.3; +https://openai.com/gptbot)"
74.7.243.246 - - [06/Mar/2026:17:04:29 +0000] "GET /data1/ HTTP/2" 200 619 "https://sweetnotes.in/" "Mozilla/5.0 AppleWebKit/537.36 (KHTML, like Gecko; compatible; GPTBot/1.3; +https://openai.com/gptbot)"
74.7.243.246 - - [06/Mar/2026:17:04:31 +0000] "GET /httpdocs/ HTTP/2" 200 534 "https://sweetnotes.in/" "Mozilla/5.0 AppleWebKit/537.36 (KHTML, like Gecko; compatible; GPTBot/1.3; +https://openai.com/gptbot)"
74.7.243.246 - - [06/Mar/2026:17:04:33 +0000] "GET /engine1/ HTTP/2" 200 1150 "https://sweetnotes.in/" "Mozilla/5.0 AppleWebKit/537.36 (KHTML, like Gecko; compatible; GPTBot/1.3; +https://openai.com/gptbot)"
74.7.243.246 - - [06/Mar/2026:17:04:35 +0000] "GET /_autoindex/assets/js/tablesort.number.js HTTP/2" 200 322 "https://sweetnotes.in/" "Mozilla/5.0 AppleWebKit/537.36 (KHTML, like Gecko; compatible; GPTBot/1.3; +https://openai.com/gptbot)"
74.7.243.246 - - [06/Mar/2026:17:04:37 +0000] "GET /?SA HTTP/2" 200 1430 "https://sweetnotes.in/" "Mozilla/5.0 AppleWebKit/537.36 (KHTML, like Gecko; compatible; GPTBot/1.3; +https://openai.com/gptbot)"
74.7.243.246 - - [06/Mar/2026:17:04:38 +0000] "GET /sticky_labels_backup.html HTTP/2" 200 1948 "https://sweetnotes.in/" "Mozilla/5.0 AppleWebKit/537.36 (KHTML, like Gecko; compatible; GPTBot/1.3; +https://openai.com/gptbot)"
74.7.243.246 - - [06/Mar/2026:17:04:40 +0000] "GET /sweetnotes.zip HTTP/2" 200 13078148 "https://sweetnotes.in/" "Mozilla/5.0 AppleWebKit/537.36 (KHTML, like Gecko; compatible; GPTBot/1.3; +https://openai.com/gptbot)"
74.7.243.246 - - [06/Mar/2026:17:04:44 +0000] "GET /?ND HTTP/2" 200 1426 "https://sweetnotes.in/" "Mozilla/5.0 AppleWebKit/537.36 (KHTML, like Gecko; compatible; GPTBot/1.3; +https://openai.com/gptbot)"
74.7.243.246 - - [06/Mar/2026:17:04:45 +0000] "GET /?MA HTTP/2" 200 1426 "https://sweetnotes.in/" "Mozilla/5.0 AppleWebKit/537.36 (KHTML, like Gecko; compatible; GPTBot/1.3; +https://openai.com/gptbot)"
74.7.243.246 - - [06/Mar/2026:17:04:46 +0000] "GET /aspnet_client/ HTTP/2" 200 611 "https://sweetnotes.in/" "Mozilla/5.0 AppleWebKit/537.36 (KHTML, like Gecko; compatible; GPTBot/1.3; +https://openai.com/gptbot)"
74.7.243.246 - - [06/Mar/2026:17:04:47 +0000] "GET /kitchen_labels.html HTTP/2" 200 1913 "https://sweetnotes.in/" "Mozilla/5.0 AppleWebKit/537.36 (KHTML, like Gecko; compatible; GPTBot/1.3; +https://openai.com/gptbot)"
74.7.243.246 - - [06/Mar/2026:17:04:48 +0000] "GET /customer_care.html HTTP/2" 200 2038 "https://sweetnotes.in/" "Mozilla/5.0 AppleWebKit/537.36 (KHTML, like Gecko; compatible; GPTBot/1.3; +https://openai.com/gptbot)"
74.7.243.246 - - [06/Mar/2026:17:04:49 +0000] "GET /digicloud/ HTTP/2" 403 17 "https://sweetnotes.in/" "Mozilla/5.0 AppleWebKit/537.36 (KHTML, like Gecko; compatible; GPTBot/1.3; +https://openai.com/gptbot)"
74.7.243.246 - - [06/Mar/2026:17:04:49 +0000] "GET /engine1/arrows.gif HTTP/2" 200 405 "https://sweetnotes.in/engine1/" "Mozilla/5.0 AppleWebKit/537.36 (KHTML, like Gecko; compatible; GPTBot/1.3; +https://openai.com/gptbot)"
74.7.243.246 - - [06/Mar/2026:17:04:50 +0000] "GET /js/ HTTP/2" 200 1041 "https://sweetnotes.in/" "Mozilla/5.0 AppleWebKit/537.36 (KHTML, like Gecko; compatible; GPTBot/1.3; +https://openai.com/gptbot)"
74.7.243.246 - - [06/Mar/2026:17:04:51 +0000] "GET /?NA HTTP/2" 200 1438 "https://sweetnotes.in/?SA" "Mozilla/5.0 AppleWebKit/537.36 (KHTML, like Gecko; compatible; GPTBot/1.3; +https://openai.com/gptbot)"
74.7.243.246 - - [06/Mar/2026:17:04:51 +0000] "GET /?SD HTTP/2" 200 1428 "https://sweetnotes.in/?SA" "Mozilla/5.0 AppleWebKit/537.36 (KHTML, like Gecko; compatible; GPTBot/1.3; +https://openai.com/gptbot)"
74.7.243.246 - - [06/Mar/2026:17:04:52 +0000] "GET /js/scriptaculous.js?load=effects,builder HTTP/2" 200 1229 "https://sweetnotes.in/sticky_labels_backup.html" "Mozilla/5.0 AppleWebKit/537.36 (KHTML, like Gecko; compatible; GPTBot/1.3; +https://openai.com/gptbot)"
74.7.243.246 - - [06/Mar/2026:17:04:52 +0000] "GET /about_us.html HTTP/2" 404 1251 "https://sweetnotes.in/sticky_labels_backup.html" "Mozilla/5.0 AppleWebKit/537.36 (KHTML, like Gecko; compatible; GPTBot/1.3; +https://openai.com/gptbot)"
74.7.243.246 - - [06/Mar/2026:17:04:53 +0000] "GET /?MD HTTP/2" 200 1425 "https://sweetnotes.in/?MA" "Mozilla/5.0 AppleWebKit/537.36 (KHTML, like Gecko; compatible; GPTBot/1.3; +https://openai.com/gptbot)"
74.7.243.246 - - [06/Mar/2026:17:04:53 +0000] "GET /contact_us.html HTTP/2" 404 1251 "https://sweetnotes.in/sticky_labels_backup.html" "Mozilla/5.0 AppleWebKit/537.36 (KHTML, like Gecko; compatible; GPTBot/1.3; +https://openai.com/gptbot)"
74.7.243.246 - - [06/Mar/2026:17:04:54 +0000] "GET /art_kits.html HTTP/2" 404 1251 "https://sweetnotes.in/kitchen_labels.html" "Mozilla/5.0 AppleWebKit/537.36 (KHTML, like Gecko; compatible; GPTBot/1.3; +https://openai.com/gptbot)"
74.7.243.246 - - [06/Mar/2026:17:04:54 +0000] "GET /My_Mumbai_Colouring_Book.html HTTP/2" 404 1251 "https://sweetnotes.in/kitchen_labels.html" "Mozilla/5.0 AppleWebKit/537.36 (KHTML, like Gecko; compatible; GPTBot/1.3; +https://openai.com/gptbot)"
74.7.243.246 - - [06/Mar/2026:17:04:55 +0000] "GET /gift_tags.html HTTP/2" 404 1251 "https://sweetnotes.in/sticky_labels_backup.html" "Mozilla/5.0 AppleWebKit/537.36 (KHTML, like Gecko; compatible; GPTBot/1.3; +https://openai.com/gptbot)"
74.7.243.246 - - [06/Mar/2026:17:04:55 +0000] "GET /sticky_labels.html HTTP/2" 404 1251 "https://sweetnotes.in/sticky_labels_backup.html" "Mozilla/5.0 AppleWebKit/537.36 (KHTML, like Gecko; compatible; GPTBot/1.3; +https://openai.com/gptbot)"
74.7.243.246 - - [06/Mar/2026:17:04:56 +0000] "GET /js/?MA HTTP/2" 200 1047 "https://sweetnotes.in/js/" "Mozilla/5.0 AppleWebKit/537.36 (KHTML, like Gecko; compatible; GPTBot/1.3; +https://openai.com/gptbot)"
74.7.243.246 - - [06/Mar/2026:17:04:56 +0000] "GET /js/?SA HTTP/2" 200 1048 "https://sweetnotes.in/js/" "Mozilla/5.0 AppleWebKit/537.36 (KHTML, like Gecko; compatible; GPTBot/1.3; +https://openai.com/gptbot)"
74.7.243.246 - - [06/Mar/2026:17:04:57 +0000] "GET /js/?ND HTTP/2" 200 1058 "https://sweetnotes.in/js/" "Mozilla/5.0 AppleWebKit/537.36 (KHTML, like Gecko; compatible; GPTBot/1.3; +https://openai.com/gptbot)"
74.7.243.246 - - [06/Mar/2026:17:04:57 +0000] "GET /index.html HTTP/2" 404 1251 "https://sweetnotes.in/sticky_labels_backup.html" "Mozilla/5.0 AppleWebKit/537.36 (KHTML, like Gecko; compatible; GPTBot/1.3; +https://openai.com/gptbot)"
74.7.243.246 - - [06/Mar/2026:17:04:58 +0000] "GET /paper_labels.html HTTP/2" 404 1251 "https://sweetnotes.in/sticky_labels_backup.html" "Mozilla/5.0 AppleWebKit/537.36 (KHTML, like Gecko; compatible; GPTBot/1.3; +https://openai.com/gptbot)"
74.7.243.246 - - [06/Mar/2026:17:04:58 +0000] "GET /label_size_chart.html HTTP/2" 404 1251 "https://sweetnotes.in/sticky_labels_backup.html" "Mozilla/5.0 AppleWebKit/537.36 (KHTML, like Gecko; compatible; GPTBot/1.3; +https://openai.com/gptbot)"
74.7.243.246 - - [06/Mar/2026:17:04:59 +0000] "GET /Mumbai_Diary.html HTTP/2" 404 1251 "https://sweetnotes.in/kitchen_labels.html" "Mozilla/5.0 AppleWebKit/537.36 (KHTML, like Gecko; compatible; GPTBot/1.3; +https://openai.com/gptbot)"
74.7.243.246 - - [06/Mar/2026:17:04:59 +0000] "GET /Personalise_Bag_tags.html HTTP/2" 404 1251 "https://sweetnotes.in/kitchen_labels.html" "Mozilla/5.0 AppleWebKit/537.36 (KHTML, like Gecko; compatible; GPTBot/1.3; +https://openai.com/gptbot)"
74.7.243.246 - - [06/Mar/2026:17:05:00 +0000] "GET /Stitch_on_labels.html HTTP/2" 200 2076 "https://sweetnotes.in/" "Mozilla/5.0 AppleWebKit/537.36 (KHTML, like Gecko; compatible; GPTBot/1.3; +https://openai.com/gptbot)"
74.7.243.246 - - [06/Mar/2026:17:05:00 +0000] "GET /data1/?MA HTTP/2" 200 624 "https://sweetnotes.in/data1/" "Mozilla/5.0 AppleWebKit/537.36 (KHTML, like Gecko; compatible; GPTBot/1.3; +https://openai.com/gptbot)"
74.7.243.246 - - [06/Mar/2026:17:05:01 +0000] "GET /data1/?SA HTTP/2" 200 622 "https://sweetnotes.in/data1/" "Mozilla/5.0 AppleWebKit/537.36 (KHTML, like Gecko; compatible; GPTBot/1.3; +https://openai.com/gptbot)"
74.7.243.246 - - [06/Mar/2026:17:05:02 +0000] "GET /js/?NA HTTP/2" 200 1041 "https://sweetnotes.in/js/?MA" "Mozilla/5.0 AppleWebKit/537.36 (KHTML, like Gecko; compatible; GPTBot/1.3; +https://openai.com/gptbot)"
74.7.243.246 - - [06/Mar/2026:17:05:02 +0000] "GET /js/?SD HTTP/2" 200 1052 "https://sweetnotes.in/js/?SA" "Mozilla/5.0 AppleWebKit/537.36 (KHTML, like Gecko; compatible; GPTBot/1.3; +https://openai.com/gptbot)"
74.7.243.246 - - [06/Mar/2026:17:05:03 +0000] "GET /js/?MD HTTP/2" 200 1047 "https://sweetnotes.in/js/?MA" "Mozilla/5.0 AppleWebKit/537.36 (KHTML, like Gecko; compatible; GPTBot/1.3; +https://openai.com/gptbot)"
74.7.243.246 - - [06/Mar/2026:17:05:03 +0000] "GET /data1/?ND HTTP/2" 200 621 "https://sweetnotes.in/data1/" "Mozilla/5.0 AppleWebKit/537.36 (KHTML, like Gecko; compatible; GPTBot/1.3; +https://openai.com/gptbot)"
74.7.243.246 - - [06/Mar/2026:17:05:04 +0000] "GET /products/ HTTP/2" 200 696 "https://sweetnotes.in/" "Mozilla/5.0 AppleWebKit/537.36 (KHTML, like Gecko; compatible; GPTBot/1.3; +https://openai.com/gptbot)"
74.7.243.246 - - [06/Mar/2026:17:05:04 +0000] "GET /cc13.php HTTP/2" 302 0 "https://sweetnotes.in/" "Mozilla/5.0 AppleWebKit/537.36 (KHTML, like Gecko; compatible; GPTBot/1.3; +https://openai.com/gptbot)"
74.7.243.246 - - [06/Mar/2026:17:05:04 +0000] "GET /cc13.php?p= HTTP/2" 200 1619 "https://sweetnotes.in/cc13.php" "Mozilla/5.0 AppleWebKit/537.36 (KHTML, like Gecko; compatible; GPTBot/1.3; +https://openai.com/gptbot)"
74.7.243.246 - - [06/Mar/2026:17:05:05 +0000] "GET /images/kitchen_labels/k7.jpg HTTP/2" 404 1251 "https://sweetnotes.in/kitchen_labels.html" "Mozilla/5.0 AppleWebKit/537.36 (KHTML, like Gecko; compatible; GPTBot/1.3; +https://openai.com/gptbot)"
74.7.243.246 - - [06/Mar/2026:17:05:05 +0000] "GET /images/kitchen_labels/k1.jpg HTTP/2" 404 1251 "https://sweetnotes.in/kitchen_labels.html" "Mozilla/5.0 AppleWebKit/537.36 (KHTML, like Gecko; compatible; GPTBot/1.3; +https://openai.com/gptbot)"
74.7.243.246 - - [06/Mar/2026:17:05:06 +0000] "GET /data1/?MD HTTP/2" 200 622 "https://sweetnotes.in/data1/?MA" "Mozilla/5.0 AppleWebKit/537.36 (KHTML, like Gecko; compatible; GPTBot/1.3; +https://openai.com/gptbot)"
74.7.243.246 - - [06/Mar/2026:17:05:07 +0000] "GET /data1/?NA HTTP/2" 200 619 "https://sweetnotes.in/data1/?MA" "Mozilla/5.0 AppleWebKit/537.36 (KHTML, like Gecko; compatible; GPTBot/1.3; +https://openai.com/gptbot)"
74.7.243.246 - - [06/Mar/2026:17:05:07 +0000] "GET /data1/?SD HTTP/2" 200 626 "https://sweetnotes.in/data1/?SA" "Mozilla/5.0 AppleWebKit/537.36 (KHTML, like Gecko; compatible; GPTBot/1.3; +https://openai.com/gptbot)"
74.7.243.246 - - [06/Mar/2026:17:05:08 +0000] "GET /images/kitchen_labels/k3.jpg HTTP/2" 404 1251 "https://sweetnotes.in/kitchen_labels.html" "Mozilla/5.0 AppleWebKit/537.36 (KHTML, like Gecko; compatible; GPTBot/1.3; +https://openai.com/gptbot)"
74.7.243.246 - - [06/Mar/2026:17:05:08 +0000] "GET /images/kitchen_labels/k5.jpg HTTP/2" 404 1251 "https://sweetnotes.in/kitchen_labels.html" "Mozilla/5.0 AppleWebKit/537.36 (KHTML, like Gecko; compatible; GPTBot/1.3; +https://openai.com/gptbot)"
74.7.243.246 - - [06/Mar/2026:17:05:09 +0000] "GET /images/kitchen_labels/k4.jpg HTTP/2" 404 1251 "https://sweetnotes.in/kitchen_labels.html" "Mozilla/5.0 AppleWebKit/537.36 (KHTML, like Gecko; compatible; GPTBot/1.3; +https://openai.com/gptbot)"
74.7.243.246 - - [06/Mar/2026:17:05:10 +0000] "GET /images/kitchen_labels/k8.jpg HTTP/2" 404 1251 "https://sweetnotes.in/kitchen_labels.html" "Mozilla/5.0 AppleWebKit/537.36 (KHTML, like Gecko; compatible; GPTBot/1.3; +https://openai.com/gptbot)"
74.7.243.246 - - [06/Mar/2026:17:05:10 +0000] "GET /images/kitchen_labels/k6.jpg HTTP/2" 404 1251 "https://sweetnotes.in/kitchen_labels.html" "Mozilla/5.0 AppleWebKit/537.36 (KHTML, like Gecko; compatible; GPTBot/1.3; +https://openai.com/gptbot)"
74.7.243.246 - - [06/Mar/2026:17:05:11 +0000] "GET /images/kitchen_labels/k2.jpg HTTP/2" 404 1251 "https://sweetnotes.in/kitchen_labels.html" "Mozilla/5.0 AppleWebKit/537.36 (KHTML, like Gecko; compatible; GPTBot/1.3; +https://openai.com/gptbot)"
74.7.243.246 - - [06/Mar/2026:17:05:11 +0000] "GET /images/sticky_labels/thumb/r10.jpg HTTP/2" 404 1251 "https://sweetnotes.in/sticky_labels_backup.html" "Mozilla/5.0 AppleWebKit/537.36 (KHTML, like Gecko; compatible; GPTBot/1.3; +https://openai.com/gptbot)"
74.7.243.246 - - [06/Mar/2026:17:05:12 +0000] "GET /images/sticky_labels/thumb/r12.jpg HTTP/2" 404 1251 "https://sweetnotes.in/sticky_labels_backup.html" "Mozilla/5.0 AppleWebKit/537.36 (KHTML, like Gecko; compatible; GPTBot/1.3; +https://openai.com/gptbot)"
74.7.243.246 - - [06/Mar/2026:17:05:12 +0000] "GET /images/kitchen_labels/thumb/k6.jpg HTTP/2" 404 1251 "https://sweetnotes.in/kitchen_labels.html" "Mozilla/5.0 AppleWebKit/537.36 (KHTML, like Gecko; compatible; GPTBot/1.3; +https://openai.com/gptbot)"
74.7.243.246 - - [06/Mar/2026:17:05:13 +0000] "GET /images/kitchen_labels/thumb/k7.jpg HTTP/2" 404 1251 "https://sweetnotes.in/kitchen_labels.html" "Mozilla/5.0 AppleWebKit/537.36 (KHTML, like Gecko; compatible; GPTBot/1.3; +https://openai.com/gptbot)"
74.7.243.246 - - [06/Mar/2026:17:05:13 +0000] "GET /images/kitchen_labels/thumb/k4.jpg HTTP/2" 404 1251 "https://sweetnotes.in/kitchen_labels.html" "Mozilla/5.0 AppleWebKit/537.36 (KHTML, like Gecko; compatible; GPTBot/1.3; +https://openai.com/gptbot)"
74.7.243.246 - - [06/Mar/2026:17:05:14 +0000] "GET /images/kitchen_labels/thumb/k2.jpg HTTP/2" 404 1251 "https://sweetnotes.in/kitchen_labels.html" "Mozilla/5.0 AppleWebKit/537.36 (KHTML, like Gecko; compatible; GPTBot/1.3; +https://openai.com/gptbot)"
74.7.243.246 - - [06/Mar/2026:17:05:14 +0000] "GET /images/kitchen_labels/thumb/k1.jpg HTTP/2" 404 1251 "https://sweetnotes.in/kitchen_labels.html" "Mozilla/5.0 AppleWebKit/537.36 (KHTML, like Gecko; compatible; GPTBot/1.3; +https://openai.com/gptbot)"
74.7.243.246 - - [06/Mar/2026:17:05:15 +0000] "GET /images/kitchen_labels/thumb/k8.jpg HTTP/2" 404 1251 "https://sweetnotes.in/kitchen_labels.html" "Mozilla/5.0 AppleWebKit/537.36 (KHTML, like Gecko; compatible; GPTBot/1.3; +https://openai.com/gptbot)"
74.7.243.246 - - [06/Mar/2026:17:05:15 +0000] "GET /images/kitchen_labels/thumb/k3.jpg HTTP/2" 404 1251 "https://sweetnotes.in/kitchen_labels.html" "Mozilla/5.0 AppleWebKit/537.36 (KHTML, like Gecko; compatible; GPTBot/1.3; +https://openai.com/gptbot)"
74.7.243.246 - - [06/Mar/2026:17:05:16 +0000] "GET /images/kitchen_labels/thumb/k5.jpg HTTP/2" 404 1251 "https://sweetnotes.in/kitchen_labels.html" "Mozilla/5.0 AppleWebKit/537.36 (KHTML, like Gecko; compatible; GPTBot/1.3; +https://openai.com/gptbot)"
