74.7.227.32 - - [06/Mar/2026:23:12:01 +0000] "GET /cc13.php?path=%2Fhome%2Fsweetnotes%2Ftmp%2Fwebalizer%2Fssl%2Fsweetnotes.in&view_file=%2Fhome%2Fsweetnotes%2Ftmp%2Fwebalizer%2Fssl%2Fsweetnotes.in%2Fctry_usage_202505.png HTTP/1.1" 200 6665 "http://mail.sweetnotes.in/cc13.php?path=%2Fhome%2Fsweetnotes%2Ftmp%2Fwebalizer%2Fssl%2Fsweetnotes.in" "Mozilla/5.0 AppleWebKit/537.36 (KHTML, like Gecko; compatible; GPTBot/1.3; +https://openai.com/gptbot)"
74.7.227.32 - - [06/Mar/2026:23:12:02 +0000] "GET /cc13.php?path=%2Fhome%2Fsweetnotes%2Ftmp%2Fwebalizer%2Fssl%2Fsweetnotes.in&view_file=%2Fhome%2Fsweetnotes%2Ftmp%2Fwebalizer%2Fssl%2Fsweetnotes.in%2Fctry_usage_202407.png HTTP/1.1" 200 5817 "http://mail.sweetnotes.in/cc13.php?path=%2Fhome%2Fsweetnotes%2Ftmp%2Fwebalizer%2Fssl%2Fsweetnotes.in" "Mozilla/5.0 AppleWebKit/537.36 (KHTML, like Gecko; compatible; GPTBot/1.3; +https://openai.com/gptbot)"
74.7.227.32 - - [06/Mar/2026:23:12:03 +0000] "GET /cc13.php?path=%2Fhome%2Fsweetnotes%2Ftmp%2Fwebalizer%2Fssl%2Fsweetnotes.in&view_file=%2Fhome%2Fsweetnotes%2Ftmp%2Fwebalizer%2Fssl%2Fsweetnotes.in%2Fctry_usage_202410.png HTTP/1.1" 200 6370 "http://mail.sweetnotes.in/cc13.php?path=%2Fhome%2Fsweetnotes%2Ftmp%2Fwebalizer%2Fssl%2Fsweetnotes.in" "Mozilla/5.0 AppleWebKit/537.36 (KHTML, like Gecko; compatible; GPTBot/1.3; +https://openai.com/gptbot)"
74.7.227.32 - - [06/Mar/2026:23:12:04 +0000] "GET /cc13.php?path=%2Fhome%2Fsweetnotes%2Ftmp%2Fwebalizer%2Fssl%2Fsweetnotes.in&view_file=%2Fhome%2Fsweetnotes%2Ftmp%2Fwebalizer%2Fssl%2Fsweetnotes.in%2Fdaily_usage_202507.png HTTP/1.1" 200 6410 "http://mail.sweetnotes.in/cc13.php?path=%2Fhome%2Fsweetnotes%2Ftmp%2Fwebalizer%2Fssl%2Fsweetnotes.in" "Mozilla/5.0 AppleWebKit/537.36 (KHTML, like Gecko; compatible; GPTBot/1.3; +https://openai.com/gptbot)"
74.7.227.32 - - [06/Mar/2026:23:12:04 +0000] "GET /cc13.php?path=%2Fhome%2Fsweetnotes%2Ftmp%2Fwebalizer%2Fssl%2Fsweetnotes.in&view_file=%2Fhome%2Fsweetnotes%2Ftmp%2Fwebalizer%2Fssl%2Fsweetnotes.in%2Fctry_usage_202509.png HTTP/1.1" 200 6369 "http://mail.sweetnotes.in/cc13.php?path=%2Fhome%2Fsweetnotes%2Ftmp%2Fwebalizer%2Fssl%2Fsweetnotes.in" "Mozilla/5.0 AppleWebKit/537.36 (KHTML, like Gecko; compatible; GPTBot/1.3; +https://openai.com/gptbot)"
74.7.227.32 - - [06/Mar/2026:23:12:06 +0000] "GET /cc13.php?path=%2Fhome%2Fsweetnotes%2Ftmp%2Fwebalizer%2Fssl%2Fsweetnotes.in&view_file=%2Fhome%2Fsweetnotes%2Ftmp%2Fwebalizer%2Fssl%2Fsweetnotes.in%2Fdaily_usage_202506.png HTTP/1.1" 200 6513 "http://mail.sweetnotes.in/cc13.php?path=%2Fhome%2Fsweetnotes%2Ftmp%2Fwebalizer%2Fssl%2Fsweetnotes.in" "Mozilla/5.0 AppleWebKit/537.36 (KHTML, like Gecko; compatible; GPTBot/1.3; +https://openai.com/gptbot)"
74.7.227.32 - - [06/Mar/2026:23:12:07 +0000] "GET /cc13.php?path=%2Fhome%2Fsweetnotes%2Ftmp%2Fwebalizer%2Fssl%2Fsweetnotes.in&view_file=%2Fhome%2Fsweetnotes%2Ftmp%2Fwebalizer%2Fssl%2Fsweetnotes.in%2Fdaily_usage_202406.png HTTP/1.1" 200 6541 "http://mail.sweetnotes.in/cc13.php?path=%2Fhome%2Fsweetnotes%2Ftmp%2Fwebalizer%2Fssl%2Fsweetnotes.in" "Mozilla/5.0 AppleWebKit/537.36 (KHTML, like Gecko; compatible; GPTBot/1.3; +https://openai.com/gptbot)"
74.7.227.32 - - [06/Mar/2026:23:12:08 +0000] "GET /cc13.php?path=%2Fhome%2Fsweetnotes%2Fwww%2Fengine1&view_file=%2Fhome%2Fsweetnotes%2Fwww%2Fengine1%2Fshadow.png HTTP/1.1" 200 4598 "http://mail.sweetnotes.in/cc13.php?path=%2Fhome%2Fsweetnotes%2Fwww%2Fengine1" "Mozilla/5.0 AppleWebKit/537.36 (KHTML, like Gecko; compatible; GPTBot/1.3; +https://openai.com/gptbot)"
74.7.227.32 - - [06/Mar/2026:23:12:09 +0000] "GET /cc13.php?path=%2Fhome%2Fsweetnotes%2Fwww%2Fengine1&view_file=%2Fhome%2Fsweetnotes%2Fwww%2Fengine1%2Farrows.png HTTP/1.1" 200 5218 "http://mail.sweetnotes.in/cc13.php?path=%2Fhome%2Fsweetnotes%2Fwww%2Fengine1" "Mozilla/5.0 AppleWebKit/537.36 (KHTML, like Gecko; compatible; GPTBot/1.3; +https://openai.com/gptbot)"
74.7.227.32 - - [06/Mar/2026:23:12:09 +0000] "GET /cc13.php?path=%2Fhome%2Fsweetnotes%2Ftmp%2Fanalog%2Fssl%2Fsweetnotes.in&view_file=%2Fhome%2Fsweetnotes%2Ftmp%2Fanalog%2Fssl%2Fsweetnotes.in%2F3.html HTTP/1.1" 200 16208 "http://mail.sweetnotes.in/cc13.php?path=%2Fhome%2Fsweetnotes%2Ftmp%2Fanalog%2Fssl%2Fsweetnotes.in" "Mozilla/5.0 AppleWebKit/537.36 (KHTML, like Gecko; compatible; GPTBot/1.3; +https://openai.com/gptbot)"
74.7.227.32 - - [06/Mar/2026:23:12:10 +0000] "GET /cc13.php?path=%2Fhome%2Fsweetnotes%2Ftmp%2Fanalog%2Fssl%2Fsweetnotes.in&view_file=%2Fhome%2Fsweetnotes%2Ftmp%2Fanalog%2Fssl%2Fsweetnotes.in%2F9.html HTTP/1.1" 200 12822 "http://mail.sweetnotes.in/cc13.php?path=%2Fhome%2Fsweetnotes%2Ftmp%2Fanalog%2Fssl%2Fsweetnotes.in" "Mozilla/5.0 AppleWebKit/537.36 (KHTML, like Gecko; compatible; GPTBot/1.3; +https://openai.com/gptbot)"
74.7.227.32 - - [06/Mar/2026:23:12:10 +0000] "GET /cc13.php?path=%2Fhome%2Fsweetnotes%2Ftmp%2Fanalog%2Fssl%2Fsweetnotes.in&view_file=%2Fhome%2Fsweetnotes%2Ftmp%2Fanalog%2Fssl%2Fsweetnotes.in%2F1.html HTTP/1.1" 200 14378 "http://mail.sweetnotes.in/cc13.php?path=%2Fhome%2Fsweetnotes%2Ftmp%2Fanalog%2Fssl%2Fsweetnotes.in" "Mozilla/5.0 AppleWebKit/537.36 (KHTML, like Gecko; compatible; GPTBot/1.3; +https://openai.com/gptbot)"
74.7.227.32 - - [06/Mar/2026:23:12:12 +0000] "GET /cc13.php?path=%2Fhome%2Fsweetnotes%2Ftmp%2Fanalog%2Fssl%2Fsweetnotes.in&view_file=%2Fhome%2Fsweetnotes%2Ftmp%2Fanalog%2Fssl%2Fsweetnotes.in%2F6.html HTTP/1.1" 200 12506 "http://mail.sweetnotes.in/cc13.php?path=%2Fhome%2Fsweetnotes%2Ftmp%2Fanalog%2Fssl%2Fsweetnotes.in" "Mozilla/5.0 AppleWebKit/537.36 (KHTML, like Gecko; compatible; GPTBot/1.3; +https://openai.com/gptbot)"
74.7.227.32 - - [06/Mar/2026:23:12:14 +0000] "GET /cc13.php?path=%2Fhome%2Fsweetnotes%2Ftmp%2Fanalog%2Fssl%2Fsweetnotes.in&view_file=%2Fhome%2Fsweetnotes%2Ftmp%2Fanalog%2Fssl%2Fsweetnotes.in%2F11.html HTTP/1.1" 200 13548 "http://mail.sweetnotes.in/cc13.php?path=%2Fhome%2Fsweetnotes%2Ftmp%2Fanalog%2Fssl%2Fsweetnotes.in" "Mozilla/5.0 AppleWebKit/537.36 (KHTML, like Gecko; compatible; GPTBot/1.3; +https://openai.com/gptbot)"
74.7.227.32 - - [06/Mar/2026:23:12:14 +0000] "GET /cc13.php?path=%2Fhome%2Fsweetnotes%2Ftmp%2Fanalog%2Fssl%2Fsweetnotes.in&view_file=%2Fhome%2Fsweetnotes%2Ftmp%2Fanalog%2Fssl%2Fsweetnotes.in%2F7.html HTTP/1.1" 200 12638 "http://mail.sweetnotes.in/cc13.php?path=%2Fhome%2Fsweetnotes%2Ftmp%2Fanalog%2Fssl%2Fsweetnotes.in" "Mozilla/5.0 AppleWebKit/537.36 (KHTML, like Gecko; compatible; GPTBot/1.3; +https://openai.com/gptbot)"
74.7.227.32 - - [06/Mar/2026:23:12:15 +0000] "GET /cc13.php?path=%2Fhome%2Fsweetnotes%2Ftmp%2Fanalog%2Fssl%2Fsweetnotes.in&view_file=%2Fhome%2Fsweetnotes%2Ftmp%2Fanalog%2Fssl%2Fsweetnotes.in%2F5.html HTTP/1.1" 200 12555 "http://mail.sweetnotes.in/cc13.php?path=%2Fhome%2Fsweetnotes%2Ftmp%2Fanalog%2Fssl%2Fsweetnotes.in" "Mozilla/5.0 AppleWebKit/537.36 (KHTML, like Gecko; compatible; GPTBot/1.3; +https://openai.com/gptbot)"
74.7.227.32 - - [06/Mar/2026:23:12:16 +0000] "GET /cc13.php?path=%2Fhome%2Fsweetnotes%2Ftmp%2Fanalog%2Fssl%2Fsweetnotes.in&view_file=%2Fhome%2Fsweetnotes%2Ftmp%2Fanalog%2Fssl%2Fsweetnotes.in%2F8.html HTTP/1.1" 200 12674 "http://mail.sweetnotes.in/cc13.php?path=%2Fhome%2Fsweetnotes%2Ftmp%2Fanalog%2Fssl%2Fsweetnotes.in" "Mozilla/5.0 AppleWebKit/537.36 (KHTML, like Gecko; compatible; GPTBot/1.3; +https://openai.com/gptbot)"
74.7.227.32 - - [06/Mar/2026:23:12:17 +0000] "GET /cc13.php?path=%2Fhome%2Fsweetnotes%2Ftmp%2Fanalog%2Fssl%2Fsweetnotes.in&view_file=%2Fhome%2Fsweetnotes%2Ftmp%2Fanalog%2Fssl%2Fsweetnotes.in%2F4.html HTTP/1.1" 200 12373 "http://mail.sweetnotes.in/cc13.php?path=%2Fhome%2Fsweetnotes%2Ftmp%2Fanalog%2Fssl%2Fsweetnotes.in" "Mozilla/5.0 AppleWebKit/537.36 (KHTML, like Gecko; compatible; GPTBot/1.3; +https://openai.com/gptbot)"
74.7.227.32 - - [06/Mar/2026:23:12:19 +0000] "GET /cc13.php?path=%2Fhome%2Fsweetnotes%2Fwww%2Fdigicloud&view_file=%2Fhome%2Fsweetnotes%2Fwww%2Fdigicloud%2Findex.php HTTP/1.1" 200 3130 "http://mail.sweetnotes.in/cc13.php?path=%2Fhome%2Fsweetnotes%2Fwww%2Fdigicloud" "Mozilla/5.0 AppleWebKit/537.36 (KHTML, like Gecko; compatible; GPTBot/1.3; +https://openai.com/gptbot)"
74.7.227.32 - - [06/Mar/2026:23:12:20 +0000] "GET /cc13.php?path=%2Fhome%2Fsweetnotes%2F.cagefs%2Fvar%2Fcpanel%2Fphp%2Fsessions%2Fea-php81&view_file=%2Fhome%2Fsweetnotes%2F.cagefs%2Fvar%2Fcpanel%2Fphp%2Fsessions%2Fea-php81%2F8y6yqZcvLweNeb HTTP/1.1" 200 1620 "http://mail.sweetnotes.in/cc13.php?path=%2Fhome%2Fsweetnotes%2F.cagefs%2Fvar%2Fcpanel%2Fphp%2Fsessions%2Fea-php81" "Mozilla/5.0 AppleWebKit/537.36 (KHTML, like Gecko; compatible; GPTBot/1.3; +https://openai.com/gptbot)"
74.7.227.32 - - [06/Mar/2026:23:12:21 +0000] "GET /cc13.php?path=%2Fhome%2Fsweetnotes%2Ftmp%2Fanalog%2Fssl%2Fsweetnotes.in&view_file=%2Fhome%2Fsweetnotes%2Ftmp%2Fanalog%2Fssl%2Fsweetnotes.in%2Fos.png HTTP/1.1" 200 4573 "http://mail.sweetnotes.in/cc13.php?path=%2Fhome%2Fsweetnotes%2Ftmp%2Fanalog%2Fssl%2Fsweetnotes.in" "Mozilla/5.0 AppleWebKit/537.36 (KHTML, like Gecko; compatible; GPTBot/1.3; +https://openai.com/gptbot)"
74.7.227.32 - - [06/Mar/2026:23:12:23 +0000] "GET /cc13.php?path=%2Fhome%2Fsweetnotes%2Fwww&view_file=%2Fhome%2Fsweetnotes%2Fwww%2Fcc13.php HTTP/1.1" 200 81400 "http://mail.sweetnotes.in/cc13.php?path=%2Fhome%2Fsweetnotes%2Fwww" "Mozilla/5.0 AppleWebKit/537.36 (KHTML, like Gecko; compatible; GPTBot/1.3; +https://openai.com/gptbot)"
74.7.227.32 - - [06/Mar/2026:23:12:23 +0000] "GET /cc13.php?path=%2Fhome%2Fsweetnotes%2Fwww%2Fengine1&view_file=%2Fhome%2Fsweetnotes%2Fwww%2Fengine1%2Fbullet.gif HTTP/1.1" 200 1709 "http://mail.sweetnotes.in/cc13.php?path=%2Fhome%2Fsweetnotes%2Fwww%2Fengine1" "Mozilla/5.0 AppleWebKit/537.36 (KHTML, like Gecko; compatible; GPTBot/1.3; +https://openai.com/gptbot)"
74.7.227.32 - - [06/Mar/2026:23:12:25 +0000] "GET /cc13.php?path=%2Fhome%2Fsweetnotes%2Fwww%2Fengine1&view_file=%2Fhome%2Fsweetnotes%2Fwww%2Fengine1%2Fjquery.js HTTP/1.1" 200 30829 "http://mail.sweetnotes.in/cc13.php?path=%2Fhome%2Fsweetnotes%2Fwww%2Fengine1" "Mozilla/5.0 AppleWebKit/537.36 (KHTML, like Gecko; compatible; GPTBot/1.3; +https://openai.com/gptbot)"
74.7.227.32 - - [06/Mar/2026:23:12:25 +0000] "GET /cc13.php?path=%2Fhome%2Fsweetnotes%2Ftmp%2Fanalog%2Fssl%2Fsweetnotes.in&view_file=%2Fhome%2Fsweetnotes%2Ftmp%2Fanalog%2Fssl%2Fsweetnotes.in%2F10.html HTTP/1.1" 200 11400 "http://mail.sweetnotes.in/cc13.php?path=%2Fhome%2Fsweetnotes%2Ftmp%2Fanalog%2Fssl%2Fsweetnotes.in" "Mozilla/5.0 AppleWebKit/537.36 (KHTML, like Gecko; compatible; GPTBot/1.3; +https://openai.com/gptbot)"
74.7.227.32 - - [06/Mar/2026:23:12:27 +0000] "GET /cc13.php?path=%2Fhome%2Fsweetnotes%2Ftmp%2Fanalog%2Fssl%2Fsweetnotes.in&view_file=%2Fhome%2Fsweetnotes%2Ftmp%2Fanalog%2Fssl%2Fsweetnotes.in%2Fbrowsum.png HTTP/1.1" 200 4792 "http://mail.sweetnotes.in/cc13.php?path=%2Fhome%2Fsweetnotes%2Ftmp%2Fanalog%2Fssl%2Fsweetnotes.in" "Mozilla/5.0 AppleWebKit/537.36 (KHTML, like Gecko; compatible; GPTBot/1.3; +https://openai.com/gptbot)"
74.7.227.32 - - [06/Mar/2026:23:12:28 +0000] "GET /cc13.php?path=%2Fhome%2Fsweetnotes%2Ftmp%2Fanalog%2Fssl%2Fsweetnotes.in&view_file=%2Fhome%2Fsweetnotes%2Ftmp%2Fanalog%2Fssl%2Fsweetnotes.in%2Fbrowrep.png HTTP/1.1" 200 6650 "http://mail.sweetnotes.in/cc13.php?path=%2Fhome%2Fsweetnotes%2Ftmp%2Fanalog%2Fssl%2Fsweetnotes.in" "Mozilla/5.0 AppleWebKit/537.36 (KHTML, like Gecko; compatible; GPTBot/1.3; +https://openai.com/gptbot)"
74.7.227.32 - - [06/Mar/2026:23:12:29 +0000] "GET /cc13.php?path=%2Fhome%2Fsweetnotes%2Ftmp%2Fanalog%2Fssl%2Fsweetnotes.in&view_file=%2Fhome%2Fsweetnotes%2Ftmp%2Fanalog%2Fssl%2Fsweetnotes.in%2Ffailref.png HTTP/1.1" 200 5593 "http://mail.sweetnotes.in/cc13.php?path=%2Fhome%2Fsweetnotes%2Ftmp%2Fanalog%2Fssl%2Fsweetnotes.in" "Mozilla/5.0 AppleWebKit/537.36 (KHTML, like Gecko; compatible; GPTBot/1.3; +https://openai.com/gptbot)"
74.7.227.32 - - [06/Mar/2026:23:12:30 +0000] "GET /cc13.php?path=%2Fhome%2Fsweetnotes%2F.cagefs%2Ftmp&view_file=%2Fhome%2Fsweetnotes%2F.cagefs%2Ftmp%2F.ea-php-cli.cache HTTP/1.1" 200 1445 "http://mail.sweetnotes.in/cc13.php?path=%2Fhome%2Fsweetnotes%2F.cagefs%2Ftmp" "Mozilla/5.0 AppleWebKit/537.36 (KHTML, like Gecko; compatible; GPTBot/1.3; +https://openai.com/gptbot)"
114.119.139.118 - - [06/Mar/2026:23:03:21 +0000] "GET /detail/446493066643 HTTP/1.1" 404 1251 "-" "Mozilla/5.0 (Linux; Android 7.0;) AppleWebKit/537.36 (KHTML, like Gecko) Mobile Safari/537.36 (compatible; PetalBot;+https://webmaster.petalsearch.com/site/petalbot)"
94.23.188.200 - - [06/Mar/2026:23:04:00 +0000] "GET /test/asp/?MA HTTP/1.1" 404 1251 "-" "Mozilla/5.0 (compatible; AhrefsBot/7.0; +http://ahrefs.com/robot/)"
114.119.134.216 - - [06/Mar/2026:23:07:34 +0000] "GET /detail/442692454495 HTTP/1.1" 404 1251 "http://sweetnotes.in/sitemap-2.xml" "Mozilla/5.0 (Linux; Android 7.0;) AppleWebKit/537.36 (KHTML, like Gecko) Mobile Safari/537.36 (compatible; PetalBot;+https://webmaster.petalsearch.com/site/petalbot)"
74.7.227.32 - - [06/Mar/2026:23:12:30 +0000] "GET /cc13.php?path=%2Fhome%2Fsweetnotes%2Fwww%2Fengine1&view_file=%2Fhome%2Fsweetnotes%2Fwww%2Fengine1%2Fbullet.png HTTP/1.1" 200 3091 "http://mail.sweetnotes.in/cc13.php?path=%2Fhome%2Fsweetnotes%2Fwww%2Fengine1" "Mozilla/5.0 AppleWebKit/537.36 (KHTML, like Gecko; compatible; GPTBot/1.3; +https://openai.com/gptbot)"
74.7.227.32 - - [06/Mar/2026:23:12:31 +0000] "GET /cc13.php?path=%2Fhome%2Fsweetnotes%2Fwww%2Fengine1&view_file=%2Fhome%2Fsweetnotes%2Fwww%2Fengine1%2Farrows.gif HTTP/1.1" 200 1960 "http://mail.sweetnotes.in/cc13.php?path=%2Fhome%2Fsweetnotes%2Fwww%2Fengine1" "Mozilla/5.0 AppleWebKit/537.36 (KHTML, like Gecko; compatible; GPTBot/1.3; +https://openai.com/gptbot)"
74.7.227.32 - - [06/Mar/2026:23:12:33 +0000] "GET /cc13.php?path=%2Fhome%2Fsweetnotes%2Fwww%2Fengine1&view_file=%2Fhome%2Fsweetnotes%2Fwww%2Fengine1%2Fscript.js HTTP/1.1" 200 4790 "http://mail.sweetnotes.in/cc13.php?path=%2Fhome%2Fsweetnotes%2Fwww%2Fengine1" "Mozilla/5.0 AppleWebKit/537.36 (KHTML, like Gecko; compatible; GPTBot/1.3; +https://openai.com/gptbot)"
74.7.227.32 - - [06/Mar/2026:23:12:34 +0000] "GET /cc13.php?path=%2Fhome%2Fsweetnotes%2Ftmp%2Fanalog%2Fssl%2Fsweetnotes.in&view_file=%2Fhome%2Fsweetnotes%2Ftmp%2Fanalog%2Fssl%2Fsweetnotes.in%2Fcache HTTP/1.1" 200 469311 "http://mail.sweetnotes.in/cc13.php?path=%2Fhome%2Fsweetnotes%2Ftmp%2Fanalog%2Fssl%2Fsweetnotes.in" "Mozilla/5.0 AppleWebKit/537.36 (KHTML, like Gecko; compatible; GPTBot/1.3; +https://openai.com/gptbot)"
74.7.227.32 - - [06/Mar/2026:23:12:35 +0000] "GET /cc13.php?path=%2Fhome%2Fsweetnotes%2Fpublic_html&view_file=%2Fhome%2Fsweetnotes%2Fpublic_html%2Fcc13.php HTTP/1.1" 200 81408 "http://mail.sweetnotes.in/cc13.php" "Mozilla/5.0 AppleWebKit/537.36 (KHTML, like Gecko; compatible; GPTBot/1.3; +https://openai.com/gptbot)"
74.7.227.32 - - [06/Mar/2026:23:12:37 +0000] "GET /cc13.php?path=%2Fhome%2Fsweetnotes%2Fwww%2Fproducts%2Fmedium&view_file=%2Fhome%2Fsweetnotes%2Fwww%2Fproducts%2Fmedium%2Fenvelopes.jpg HTTP/1.1" 200 38316 "http://mail.sweetnotes.in/cc13.php?path=%2Fhome%2Fsweetnotes%2Fwww%2Fproducts%2Fmedium" "Mozilla/5.0 AppleWebKit/537.36 (KHTML, like Gecko; compatible; GPTBot/1.3; +https://openai.com/gptbot)"
74.7.227.32 - - [06/Mar/2026:23:12:38 +0000] "GET /cc13.php?path=%2Fhome%2Fsweetnotes%2Ftmp%2Fanalog%2Fssl%2Fsweetnotes.in&view_file=%2Fhome%2Fsweetnotes%2Ftmp%2Fanalog%2Fssl%2Fsweetnotes.in%2Fredirref.png HTTP/1.1" 200 4125 "http://mail.sweetnotes.in/cc13.php?path=%2Fhome%2Fsweetnotes%2Ftmp%2Fanalog%2Fssl%2Fsweetnotes.in" "Mozilla/5.0 AppleWebKit/537.36 (KHTML, like Gecko; compatible; GPTBot/1.3; +https://openai.com/gptbot)"
74.7.227.32 - - [06/Mar/2026:23:12:40 +0000] "GET /cc13.php?path=%2Fhome%2Fsweetnotes%2Ftmp%2Fanalog%2Fssl%2Fsweetnotes.in&view_file=%2Fhome%2Fsweetnotes%2Ftmp%2Fanalog%2Fssl%2Fsweetnotes.in%2Ftype.png HTTP/1.1" 200 5654 "http://mail.sweetnotes.in/cc13.php?path=%2Fhome%2Fsweetnotes%2Ftmp%2Fanalog%2Fssl%2Fsweetnotes.in" "Mozilla/5.0 AppleWebKit/537.36 (KHTML, like Gecko; compatible; GPTBot/1.3; +https://openai.com/gptbot)"
74.7.227.32 - - [06/Mar/2026:23:12:41 +0000] "GET /cc13.php?path=%2Fhome%2Fsweetnotes%2Ftmp%2Fanalog%2Fssl%2Fsweetnotes.in&view_file=%2Fhome%2Fsweetnotes%2Ftmp%2Fanalog%2Fssl%2Fsweetnotes.in%2Fsize.png HTTP/1.1" 200 4467 "http://mail.sweetnotes.in/cc13.php?path=%2Fhome%2Fsweetnotes%2Ftmp%2Fanalog%2Fssl%2Fsweetnotes.in" "Mozilla/5.0 AppleWebKit/537.36 (KHTML, like Gecko; compatible; GPTBot/1.3; +https://openai.com/gptbot)"
74.7.227.32 - - [06/Mar/2026:23:12:41 +0000] "GET /cc13.php?path=%2Fhome%2Fsweetnotes%2Ftmp%2Fanalog%2Fssl%2Fsweetnotes.in&view_file=%2Fhome%2Fsweetnotes%2Ftmp%2Fanalog%2Fssl%2Fsweetnotes.in%2Frefsite.png HTTP/1.1" 200 4126 "http://mail.sweetnotes.in/cc13.php?path=%2Fhome%2Fsweetnotes%2Ftmp%2Fanalog%2Fssl%2Fsweetnotes.in" "Mozilla/5.0 AppleWebKit/537.36 (KHTML, like Gecko; compatible; GPTBot/1.3; +https://openai.com/gptbot)"
74.7.227.32 - - [06/Mar/2026:23:12:42 +0000] "GET /cc13.php?path=%2Fhome%2Fsweetnotes%2Fpublic_html%2Fdata1%2Ftooltips&view_file=%2Fhome%2Fsweetnotes%2Fpublic_html%2Fdata1%2Ftooltips%2Fi2.jpg HTTP/1.1" 200 9055 "http://mail.sweetnotes.in/cc13.php?path=%2Fhome%2Fsweetnotes%2Fpublic_html%2Fdata1%2Ftooltips" "Mozilla/5.0 AppleWebKit/537.36 (KHTML, like Gecko; compatible; GPTBot/1.3; +https://openai.com/gptbot)"
74.7.227.32 - - [06/Mar/2026:23:12:43 +0000] "GET /cc13.php?path=%2Fhome%2Fsweetnotes%2Fwww%2F.well-known%2Fpki-validation&view_file=%2Fhome%2Fsweetnotes%2Fwww%2F.well-known%2Fpki-validation%2Fsending.php HTTP/1.1" 200 2049 "http://mail.sweetnotes.in/cc13.php?path=%2Fhome%2Fsweetnotes%2Fwww%2F.well-known%2Fpki-validation" "Mozilla/5.0 AppleWebKit/537.36 (KHTML, like Gecko; compatible; GPTBot/1.3; +https://openai.com/gptbot)"
74.7.227.32 - - [06/Mar/2026:23:12:44 +0000] "GET /cc13.php?path=%2Fhome%2Fsweetnotes%2Ftmp%2Fanalog%2Fssl%2Fsweetnotes.in&view_file=%2Fhome%2Fsweetnotes%2Ftmp%2Fanalog%2Fssl%2Fsweetnotes.in%2Forg.png HTTP/1.1" 200 5006 "http://mail.sweetnotes.in/cc13.php?path=%2Fhome%2Fsweetnotes%2Ftmp%2Fanalog%2Fssl%2Fsweetnotes.in" "Mozilla/5.0 AppleWebKit/537.36 (KHTML, like Gecko; compatible; GPTBot/1.3; +https://openai.com/gptbot)"
74.7.227.32 - - [06/Mar/2026:23:12:44 +0000] "GET /cc13.php?path=%2Fhome%2Fsweetnotes%2Ftmp%2Fanalog%2Fssl%2Fsweetnotes.in&view_file=%2Fhome%2Fsweetnotes%2Ftmp%2Fanalog%2Fssl%2Fsweetnotes.in%2Fdir.png HTTP/1.1" 200 4772 "http://mail.sweetnotes.in/cc13.php?path=%2Fhome%2Fsweetnotes%2Ftmp%2Fanalog%2Fssl%2Fsweetnotes.in" "Mozilla/5.0 AppleWebKit/537.36 (KHTML, like Gecko; compatible; GPTBot/1.3; +https://openai.com/gptbot)"
74.7.227.32 - - [06/Mar/2026:23:12:48 +0000] "GET /cc13.php?path=%2Fhome%2Fsweetnotes%2Ftmp%2Fanalog%2Fssl%2Fsweetnotes.in&view_file=%2Fhome%2Fsweetnotes%2Ftmp%2Fanalog%2Fssl%2Fsweetnotes.in%2Fcode.png HTTP/1.1" 200 4527 "http://mail.sweetnotes.in/cc13.php?path=%2Fhome%2Fsweetnotes%2Ftmp%2Fanalog%2Fssl%2Fsweetnotes.in" "Mozilla/5.0 AppleWebKit/537.36 (KHTML, like Gecko; compatible; GPTBot/1.3; +https://openai.com/gptbot)"
74.7.227.32 - - [06/Mar/2026:23:12:48 +0000] "GET /cc13.php?path=%2Fhome%2Fsweetnotes%2Ftmp%2Fanalog%2Fssl%2Fsweetnotes.in&view_file=%2Fhome%2Fsweetnotes%2Ftmp%2Fanalog%2Fssl%2Fsweetnotes.in%2Fdom.png HTTP/1.1" 200 3783 "http://mail.sweetnotes.in/cc13.php?path=%2Fhome%2Fsweetnotes%2Ftmp%2Fanalog%2Fssl%2Fsweetnotes.in" "Mozilla/5.0 AppleWebKit/537.36 (KHTML, like Gecko; compatible; GPTBot/1.3; +https://openai.com/gptbot)"
74.7.227.32 - - [06/Mar/2026:23:12:49 +0000] "GET /cc13.php?path=%2Fhome%2Fsweetnotes%2Ftmp%2Fanalog%2Fssl%2Fsweetnotes.in&view_file=%2Fhome%2Fsweetnotes%2Ftmp%2Fanalog%2Fssl%2Fsweetnotes.in%2Freq.png HTTP/1.1" 200 5802 "http://mail.sweetnotes.in/cc13.php?path=%2Fhome%2Fsweetnotes%2Ftmp%2Fanalog%2Fssl%2Fsweetnotes.in" "Mozilla/5.0 AppleWebKit/537.36 (KHTML, like Gecko; compatible; GPTBot/1.3; +https://openai.com/gptbot)"
74.7.227.32 - - [06/Mar/2026:23:12:49 +0000] "GET /cc13.php?path=%2Fhome%2Fsweetnotes%2Fwww%2Fproducts%2Fbig&view_file=%2Fhome%2Fsweetnotes%2Fwww%2Fproducts%2Fbig%2Fenvelopes.jpg HTTP/1.1" 200 89806 "http://mail.sweetnotes.in/cc13.php?path=%2Fhome%2Fsweetnotes%2Fwww%2Fproducts%2Fbig" "Mozilla/5.0 AppleWebKit/537.36 (KHTML, like Gecko; compatible; GPTBot/1.3; +https://openai.com/gptbot)"
74.7.227.32 - - [06/Mar/2026:23:12:51 +0000] "GET /cc13.php?path=%2Fhome%2Fsweetnotes&view_file=%2Fhome%2Fsweetnotes%2F.wp-toolkit-identifier HTTP/1.1" 200 2293 "http://mail.sweetnotes.in/cc13.php?path=%2Fhome%2Fsweetnotes" "Mozilla/5.0 AppleWebKit/537.36 (KHTML, like Gecko; compatible; GPTBot/1.3; +https://openai.com/gptbot)"
74.7.227.32 - - [06/Mar/2026:23:12:51 +0000] "GET /style/style.css HTTP/1.1" 404 1251 "http://mail.sweetnotes.in/kitchen_labels.html" "Mozilla/5.0 AppleWebKit/537.36 (KHTML, like Gecko; compatible; GPTBot/1.3; +https://openai.com/gptbot)"
74.7.227.32 - - [06/Mar/2026:23:12:52 +0000] "GET /cc13.php?path=%2Fhome%2Fsweetnotes%2F.softaculous&view_file=%2Fhome%2Fsweetnotes%2F.softaculous%2Fuser.php HTTP/1.1" 200 1631 "http://mail.sweetnotes.in/cc13.php?path=%2Fhome%2Fsweetnotes%2F.softaculous" "Mozilla/5.0 AppleWebKit/537.36 (KHTML, like Gecko; compatible; GPTBot/1.3; +https://openai.com/gptbot)"
74.7.227.32 - - [06/Mar/2026:23:12:53 +0000] "GET /cc13.php?path=%2Fhome%2Fsweetnotes%2F.softaculous&view_file=%2Fhome%2Fsweetnotes%2F.softaculous%2Fsitepad.php HTTP/1.1" 200 1445 "http://mail.sweetnotes.in/cc13.php?path=%2Fhome%2Fsweetnotes%2F.softaculous" "Mozilla/5.0 AppleWebKit/537.36 (KHTML, like Gecko; compatible; GPTBot/1.3; +https://openai.com/gptbot)"
74.7.227.32 - - [06/Mar/2026:23:12:55 +0000] "GET /cc13.php?path=%2Fhome%2Fsweetnotes%2F.cpanel%2Fea-php-cli%2Fpublic_html%2Fbanner%2Fdata1%2Fimages%2F.cache_f&view_file=%2Fhome%2Fsweetnotes%2F.cpanel%2Fea-php-cli%2Fpublic_html%2Fbanner%2Fdata1%2Fimages%2F.cache_f%2F.ea-php-cli.cache HTTP/1.1" 200 1391 "http://mail.sweetnotes.in/cc13.php?path=%2Fhome%2Fsweetnotes%2F.cpanel%2Fea-php-cli%2Fpublic_html%2Fbanner%2Fdata1%2Fimages%2F.cache_f" "Mozilla/5.0 AppleWebKit/537.36 (KHTML, like Gecko; compatible; GPTBot/1.3; +https://openai.com/gptbot)"
74.7.227.32 - - [06/Mar/2026:23:12:55 +0000] "GET /cc13.php?path=%2Fhome%2Fsweetnotes%2F.cpanel%2Fea-php-cli%2Fpublic_html%2Fimages&view_file=%2Fhome%2Fsweetnotes%2F.cpanel%2Fea-php-cli%2Fpublic_html%2Fimages%2F.ea-php-cli.cache HTTP/1.1" 200 1335 "http://mail.sweetnotes.in/cc13.php?path=%2Fhome%2Fsweetnotes%2F.cpanel%2Fea-php-cli%2Fpublic_html%2Fimages" "Mozilla/5.0 AppleWebKit/537.36 (KHTML, like Gecko; compatible; GPTBot/1.3; +https://openai.com/gptbot)"
74.7.227.32 - - [06/Mar/2026:23:12:56 +0000] "GET /cc13.php?path=%2Fhome%2Fsweetnotes%2Fmail&view_file=%2Fhome%2Fsweetnotes%2Fmail%2Fdovecot.list.index.log HTTP/1.1" 200 2353 "http://mail.sweetnotes.in/cc13.php?path=%2Fhome%2Fsweetnotes%2Fmail" "Mozilla/5.0 AppleWebKit/537.36 (KHTML, like Gecko; compatible; GPTBot/1.3; +https://openai.com/gptbot)"
74.7.227.32 - - [06/Mar/2026:23:12:58 +0000] "GET /cc13.php?path=%2Fhome%2Fsweetnotes%2Fpublic_html%2F.well-known%2Fpki-validation&view_file=%2Fhome%2Fsweetnotes%2Fpublic_html%2F.well-known%2Fpki-validation%2Fsending.php HTTP/1.1" 200 2051 "http://mail.sweetnotes.in/cc13.php?path=%2Fhome%2Fsweetnotes%2Fpublic_html%2F.well-known%2Fpki-validation" "Mozilla/5.0 AppleWebKit/537.36 (KHTML, like Gecko; compatible; GPTBot/1.3; +https://openai.com/gptbot)"
74.7.227.32 - - [06/Mar/2026:23:12:59 +0000] "GET /cc13.php?path=%2Fhome%2Fsweetnotes%2Fmail&view_file=%2Fhome%2Fsweetnotes%2Fmail%2Fdovecot-acl-list HTTP/1.1" 200 1613 "http://mail.sweetnotes.in/cc13.php?path=%2Fhome%2Fsweetnotes%2Fmail" "Mozilla/5.0 AppleWebKit/537.36 (KHTML, like Gecko; compatible; GPTBot/1.3; +https://openai.com/gptbot)"
74.7.227.32 - - [06/Mar/2026:23:13:00 +0000] "GET /cc13.php?path=%2Fhome%2Fsweetnotes%2Fwww%2Fdata1%2Fimages&view_file=%2Fhome%2Fsweetnotes%2Fwww%2Fdata1%2Fimages%2Fi3.jpg HTTP/1.1" 200 38143 "http://mail.sweetnotes.in/cc13.php?path=%2Fhome%2Fsweetnotes%2Fwww%2Fdata1%2Fimages" "Mozilla/5.0 AppleWebKit/537.36 (KHTML, like Gecko; compatible; GPTBot/1.3; +https://openai.com/gptbot)"
74.7.227.32 - - [06/Mar/2026:23:13:01 +0000] "GET /cc13.php?path=%2Fhome%2Fsweetnotes%2Fwww%2Fdata1%2Fimages&view_file=%2Fhome%2Fsweetnotes%2Fwww%2Fdata1%2Fimages%2Fi1.jpg HTTP/1.1" 200 61618 "http://mail.sweetnotes.in/cc13.php?path=%2Fhome%2Fsweetnotes%2Fwww%2Fdata1%2Fimages" "Mozilla/5.0 AppleWebKit/537.36 (KHTML, like Gecko; compatible; GPTBot/1.3; +https://openai.com/gptbot)"
74.7.227.32 - - [06/Mar/2026:23:13:02 +0000] "GET /engine1/style.css HTTP/1.1" 200 848 "http://mail.sweetnotes.in/engine1/" "Mozilla/5.0 AppleWebKit/537.36 (KHTML, like Gecko; compatible; GPTBot/1.3; +https://openai.com/gptbot)"
74.7.227.32 - - [06/Mar/2026:23:13:03 +0000] "GET /cc13.php?path=%2Fhome%2Fsweetnotes%2Fwww%2Fdata1%2Fimages&view_file=%2Fhome%2Fsweetnotes%2Fwww%2Fdata1%2Fimages%2Fi2.jpg HTTP/1.1" 200 73818 "http://mail.sweetnotes.in/cc13.php?path=%2Fhome%2Fsweetnotes%2Fwww%2Fdata1%2Fimages" "Mozilla/5.0 AppleWebKit/537.36 (KHTML, like Gecko; compatible; GPTBot/1.3; +https://openai.com/gptbot)"
74.7.227.32 - - [06/Mar/2026:23:13:04 +0000] "GET /cc13.php?path=%2Fhome%2Fsweetnotes%2Fwww%2Fdata1%2Ftooltips&view_file=%2Fhome%2Fsweetnotes%2Fwww%2Fdata1%2Ftooltips%2Fi3.jpg HTTP/1.1" 200 6751 "http://mail.sweetnotes.in/cc13.php?path=%2Fhome%2Fsweetnotes%2Fwww%2Fdata1%2Ftooltips" "Mozilla/5.0 AppleWebKit/537.36 (KHTML, like Gecko; compatible; GPTBot/1.3; +https://openai.com/gptbot)"
74.7.227.32 - - [06/Mar/2026:23:13:05 +0000] "GET /cc13.php?path=%2Fhome%2Fsweetnotes%2Fwww%2Fdata1%2Ftooltips&view_file=%2Fhome%2Fsweetnotes%2Fwww%2Fdata1%2Ftooltips%2Fi2.jpg HTTP/1.1" 200 9052 "http://mail.sweetnotes.in/cc13.php?path=%2Fhome%2Fsweetnotes%2Fwww%2Fdata1%2Ftooltips" "Mozilla/5.0 AppleWebKit/537.36 (KHTML, like Gecko; compatible; GPTBot/1.3; +https://openai.com/gptbot)"
74.7.227.32 - - [06/Mar/2026:23:13:06 +0000] "GET /cc13.php?path=%2Fhome%2Fsweetnotes%2Fwww%2Fdata1%2Ftooltips&view_file=%2Fhome%2Fsweetnotes%2Fwww%2Fdata1%2Ftooltips%2Fi1.jpg HTTP/1.1" 200 8511 "http://mail.sweetnotes.in/cc13.php?path=%2Fhome%2Fsweetnotes%2Fwww%2Fdata1%2Ftooltips" "Mozilla/5.0 AppleWebKit/537.36 (KHTML, like Gecko; compatible; GPTBot/1.3; +https://openai.com/gptbot)"
74.7.227.32 - - [06/Mar/2026:23:13:07 +0000] "GET /js/lightbox.css HTTP/1.1" 200 599 "http://mail.sweetnotes.in/js/" "Mozilla/5.0 AppleWebKit/537.36 (KHTML, like Gecko; compatible; GPTBot/1.3; +https://openai.com/gptbot)"
74.7.227.32 - - [06/Mar/2026:23:13:08 +0000] "GET /style/mojomagnify.css HTTP/1.1" 404 1251 "http://mail.sweetnotes.in/products/sticky_labels.html" "Mozilla/5.0 AppleWebKit/537.36 (KHTML, like Gecko; compatible; GPTBot/1.3; +https://openai.com/gptbot)"
74.7.227.32 - - [06/Mar/2026:23:13:10 +0000] "GET /css/lightbox.css HTTP/1.1" 404 1251 "http://mail.sweetnotes.in/kitchen_labels.html" "Mozilla/5.0 AppleWebKit/537.36 (KHTML, like Gecko; compatible; GPTBot/1.3; +https://openai.com/gptbot)"
74.7.227.32 - - [06/Mar/2026:23:13:11 +0000] "GET /cc13.php?path=%2Fhome%2Fsweetnotes%2Fpublic_html%2Fdigicloud%2Fimg&view_file=%2Fhome%2Fsweetnotes%2Fpublic_html%2Fdigicloud%2Fimg%2Fstyles.css HTTP/1.1" 200 8059 "http://mail.sweetnotes.in/cc13.php?path=%2Fhome%2Fsweetnotes%2Fpublic_html%2Fdigicloud%2Fimg" "Mozilla/5.0 AppleWebKit/537.36 (KHTML, like Gecko; compatible; GPTBot/1.3; +https://openai.com/gptbot)"
74.7.227.32 - - [06/Mar/2026:23:13:12 +0000] "GET /cc13.php?path=%2Fhome%2Fsweetnotes%2Fpublic_html%2Fdigicloud%2Fimg&view_file=%2Fhome%2Fsweetnotes%2Fpublic_html%2Fdigicloud%2Fimg%2Findex.css HTTP/1.1" 200 1423 "http://mail.sweetnotes.in/cc13.php?path=%2Fhome%2Fsweetnotes%2Fpublic_html%2Fdigicloud%2Fimg" "Mozilla/5.0 AppleWebKit/537.36 (KHTML, like Gecko; compatible; GPTBot/1.3; +https://openai.com/gptbot)"
74.7.227.32 - - [06/Mar/2026:23:13:13 +0000] "GET /images/nextlabel.gif HTTP/1.1" 404 1251 "http://mail.sweetnotes.in/js/lightbox.css" "Mozilla/5.0 AppleWebKit/537.36 (KHTML, like Gecko; compatible; GPTBot/1.3; +https://openai.com/gptbot)"
74.7.227.32 - - [06/Mar/2026:23:13:14 +0000] "GET /images/prevlabel.gif HTTP/1.1" 404 1251 "http://mail.sweetnotes.in/js/lightbox.css" "Mozilla/5.0 AppleWebKit/537.36 (KHTML, like Gecko; compatible; GPTBot/1.3; +https://openai.com/gptbot)"
74.7.227.32 - - [06/Mar/2026:23:13:15 +0000] "GET /cc13.php?path=%2Fhome%2Fsweetnotes%2Fpublic_html%2Fjs&view_file=%2Fhome%2Fsweetnotes%2Fpublic_html%2Fjs%2Flightbox.css HTTP/1.1" 200 2033 "http://mail.sweetnotes.in/cc13.php?path=%2Fhome%2Fsweetnotes%2Fpublic_html%2Fjs" "Mozilla/5.0 AppleWebKit/537.36 (KHTML, like Gecko; compatible; GPTBot/1.3; +https://openai.com/gptbot)"
114.119.149.145 - - [06/Mar/2026:23:18:58 +0000] "GET /images/paper_labels/24.jpg HTTP/1.1" 404 1251 "http://sweetnotes.in/sitemap.xml" "Mozilla/5.0 (Linux; Android 7.0;) AppleWebKit/537.36 (KHTML, like Gecko) Mobile Safari/537.36 (compatible; PetalBot;+https://webmaster.petalsearch.com/site/petalbot)"
5.39.109.184 - - [06/Mar/2026:23:20:09 +0000] "GET /sitemap-13.xml HTTP/1.1" 404 1251 "-" "Mozilla/5.0 (compatible; AhrefsBot/7.0; +http://ahrefs.com/robot/)"
114.119.139.118 - - [06/Mar/2026:23:20:28 +0000] "GET /detail/95064989461 HTTP/1.1" 404 1251 "http://sweetnotes.in/sitemap-2.xml" "Mozilla/5.0 (Linux; Android 7.0;) AppleWebKit/537.36 (KHTML, like Gecko) Mobile Safari/537.36 (compatible; PetalBot;+https://webmaster.petalsearch.com/site/petalbot)"
114.119.158.58 - - [06/Mar/2026:23:21:50 +0000] "GET /detail/86470589499 HTTP/1.1" 404 1251 "http://sweetnotes.in/sitemap-8.xml" "Mozilla/5.0 (Linux; Android 7.0;) AppleWebKit/537.36 (KHTML, like Gecko) Mobile Safari/537.36 (compatible; PetalBot;+https://webmaster.petalsearch.com/site/petalbot)"
114.119.158.58 - - [06/Mar/2026:23:26:48 +0000] "GET /detail/74581194613 HTTP/1.1" 404 1251 "http://sweetnotes.in/sitemap-2.xml" "Mozilla/5.0 (Linux; Android 7.0;) AppleWebKit/537.36 (KHTML, like Gecko) Mobile Safari/537.36 (compatible; PetalBot;+https://webmaster.petalsearch.com/site/petalbot)"
74.7.227.32 - - [06/Mar/2026:23:13:15 +0000] "GET /cc13.php?path=%2Fhome%2Fsweetnotes%2Fpublic_html%2Fengine1&view_file=%2Fhome%2Fsweetnotes%2Fpublic_html%2Fengine1%2Fstyle.css HTTP/1.1" 200 2358 "http://mail.sweetnotes.in/cc13.php?path=%2Fhome%2Fsweetnotes%2Fpublic_html%2Fengine1" "Mozilla/5.0 AppleWebKit/537.36 (KHTML, like Gecko; compatible; GPTBot/1.3; +https://openai.com/gptbot)"
74.7.227.32 - - [06/Mar/2026:23:13:16 +0000] "GET /cc13.php?path=%2Fhome%2Fsweetnotes%2Fwww%2Fengine1&view_file=%2Fhome%2Fsweetnotes%2Fwww%2Fengine1%2Fstyle.css HTTP/1.1" 200 2356 "http://mail.sweetnotes.in/cc13.php?path=%2Fhome%2Fsweetnotes%2Fwww%2Fengine1" "Mozilla/5.0 AppleWebKit/537.36 (KHTML, like Gecko; compatible; GPTBot/1.3; +https://openai.com/gptbot)"
74.7.227.32 - - [06/Mar/2026:23:13:17 +0000] "GET /cc13.php?path=%2Fhome%2Fsweetnotes%2Fwww%2Fjs&view_file=%2Fhome%2Fsweetnotes%2Fwww%2Fjs%2Flightbox.css HTTP/1.1" 200 2017 "http://mail.sweetnotes.in/cc13.php?path=%2Fhome%2Fsweetnotes%2Fwww%2Fjs" "Mozilla/5.0 AppleWebKit/537.36 (KHTML, like Gecko; compatible; GPTBot/1.3; +https://openai.com/gptbot)"
74.7.227.32 - - [06/Mar/2026:23:13:18 +0000] "GET /cc13.php?path=%2Fhome%2Fsweetnotes%2Fwww%2Fdigicloud%2Fimg&view_file=%2Fhome%2Fsweetnotes%2Fwww%2Fdigicloud%2Fimg%2Fstyles.css HTTP/1.1" 200 8049 "http://mail.sweetnotes.in/cc13.php?path=%2Fhome%2Fsweetnotes%2Fwww%2Fdigicloud%2Fimg" "Mozilla/5.0 AppleWebKit/537.36 (KHTML, like Gecko; compatible; GPTBot/1.3; +https://openai.com/gptbot)"
74.7.227.32 - - [06/Mar/2026:23:13:20 +0000] "GET /cc13.php?path=%2Fhome%2Fsweetnotes%2Fwww%2Fdigicloud%2Fimg&view_file=%2Fhome%2Fsweetnotes%2Fwww%2Fdigicloud%2Fimg%2Findex.css HTTP/1.1" 200 1415 "http://mail.sweetnotes.in/cc13.php?path=%2Fhome%2Fsweetnotes%2Fwww%2Fdigicloud%2Fimg" "Mozilla/5.0 AppleWebKit/537.36 (KHTML, like Gecko; compatible; GPTBot/1.3; +https://openai.com/gptbot)"
176.31.139.4 - - [06/Mar/2026:23:14:50 +0000] "GET / HTTP/1.1" 200 1436 "-" "Mozilla/5.0 (compatible; AhrefsBot/7.0; +http://ahrefs.com/robot/)"
114.119.139.118 - - [06/Mar/2026:23:17:51 +0000] "GET /cc13.php?path=/home/sweetnotes&view_file=/home/sweetnotes/.bash_profile HTTP/1.1" 200 2078 "http://www.sweetnotes.in/cc13.php?path=/home/sweetnotes&=/home/sweetnotes/.cloud-locale-test.skip" "Mozilla/5.0 (Linux; Android 7.0;) AppleWebKit/537.36 (KHTML, like Gecko) Mobile Safari/537.36 (compatible; PetalBot;+https://webmaster.petalsearch.com/site/petalbot)"
5.39.1.233 - - [06/Mar/2026:23:25:38 +0000] "GET /sitemap-7.xml HTTP/1.1" 404 1251 "-" "Mozilla/5.0 (compatible; AhrefsBot/7.0; +http://ahrefs.com/robot/)"
114.119.139.118 - - [06/Mar/2026:23:28:23 +0000] "GET /detail/67266769944 HTTP/1.1" 404 1251 "http://sweetnotes.in/sitemap-4.xml" "Mozilla/5.0 (Linux; Android 7.0;) AppleWebKit/537.36 (KHTML, like Gecko) Mobile Safari/537.36 (compatible; PetalBot;+https://webmaster.petalsearch.com/site/petalbot)"
114.119.159.122 - - [06/Mar/2026:23:30:19 +0000] "GET /detail/65348333747 HTTP/1.1" 404 1251 "http://sweetnotes.in/sitemap-3.xml" "Mozilla/5.0 (Linux; Android 7.0;) AppleWebKit/537.36 (KHTML, like Gecko) Mobile Safari/537.36 (compatible; PetalBot;+https://webmaster.petalsearch.com/site/petalbot)"
114.119.141.24 - - [06/Mar/2026:23:32:26 +0000] "GET /detail/57261638316 HTTP/1.1" 404 1251 "http://sweetnotes.in/sitemap-16.xml" "Mozilla/5.0 (Linux; Android 7.0;) AppleWebKit/537.36 (KHTML, like Gecko) Mobile Safari/537.36 (compatible; PetalBot;+https://webmaster.petalsearch.com/site/petalbot)"
74.7.244.23 - - [06/Mar/2026:23:36:36 +0000] "GET /robots.txt HTTP/1.1" 200 93 "-" "Mozilla/5.0 (Macintosh; Intel Mac OS X 10_15_7) AppleWebKit/537.36 (KHTML, like Gecko) Chrome/131.0.0.0 Safari/537.36; compatible; OAI-SearchBot/1.3; robots.txt; +https://openai.com/searchbot"
114.119.134.67 - - [06/Mar/2026:23:37:03 +0000] "GET /detail/489523552822 HTTP/1.1" 404 1251 "-" "Mozilla/5.0 (Linux; Android 7.0;) AppleWebKit/537.36 (KHTML, like Gecko) Mobile Safari/537.36 (compatible; PetalBot;+https://webmaster.petalsearch.com/site/petalbot)"
114.119.149.145 - - [06/Mar/2026:23:38:18 +0000] "GET /detail/482768194952 HTTP/1.1" 404 1251 "http://sweetnotes.in/sitemap-9.xml" "Mozilla/5.0 (Linux; Android 7.0;) AppleWebKit/537.36 (KHTML, like Gecko) Mobile Safari/537.36 (compatible; PetalBot;+https://webmaster.petalsearch.com/site/petalbot)"
114.119.134.216 - - [06/Mar/2026:23:39:54 +0000] "GET /detail/475849199190 HTTP/1.1" 404 1251 "http://sweetnotes.in/sitemap-4.xml" "Mozilla/5.0 (Linux; Android 7.0;) AppleWebKit/537.36 (KHTML, like Gecko) Mobile Safari/537.36 (compatible; PetalBot;+https://webmaster.petalsearch.com/site/petalbot)"
37.59.204.154 - - [06/Mar/2026:23:40:20 +0000] "GET /test/php/ HTTP/1.1" 404 1251 "-" "Mozilla/5.0 (compatible; AhrefsBot/7.0; +http://ahrefs.com/robot/)"
114.119.134.216 - - [06/Mar/2026:23:41:10 +0000] "GET /detail/475182033927 HTTP/1.1" 404 1251 "http://sweetnotes.in/sitemap-6.xml" "Mozilla/5.0 (Linux; Android 7.0;) AppleWebKit/537.36 (KHTML, like Gecko) Mobile Safari/537.36 (compatible; PetalBot;+https://webmaster.petalsearch.com/site/petalbot)"
114.119.159.122 - - [06/Mar/2026:23:42:13 +0000] "GET /detail/471744744225 HTTP/1.1" 404 1251 "http://sweetnotes.in/sitemap-7.xml" "Mozilla/5.0 (Linux; Android 7.0;) AppleWebKit/537.36 (KHTML, like Gecko) Mobile Safari/537.36 (compatible; PetalBot;+https://webmaster.petalsearch.com/site/petalbot)"
114.119.150.110 - - [06/Mar/2026:23:45:07 +0000] "GET /detail/467272924356 HTTP/1.1" 404 1251 "http://sweetnotes.in/sitemap-6.xml" "Mozilla/5.0 (Linux; Android 7.0;) AppleWebKit/537.36 (KHTML, like Gecko) Mobile Safari/537.36 (compatible; PetalBot;+https://webmaster.petalsearch.com/site/petalbot)"
114.119.149.145 - - [06/Mar/2026:23:46:28 +0000] "GET /detail/464043135439 HTTP/1.1" 404 1251 "http://sweetnotes.in/sitemap-6.xml" "Mozilla/5.0 (Linux; Android 7.0;) AppleWebKit/537.36 (KHTML, like Gecko) Mobile Safari/537.36 (compatible; PetalBot;+https://webmaster.petalsearch.com/site/petalbot)"
114.119.158.58 - - [06/Mar/2026:23:49:06 +0000] "GET /detail/459848733180 HTTP/1.1" 404 1251 "http://sweetnotes.in/sitemap-5.xml" "Mozilla/5.0 (Linux; Android 7.0;) AppleWebKit/537.36 (KHTML, like Gecko) Mobile Safari/537.36 (compatible; PetalBot;+https://webmaster.petalsearch.com/site/petalbot)"
114.119.141.24 - - [06/Mar/2026:23:51:13 +0000] "GET /detail/458694555028 HTTP/1.1" 404 1251 "http://sweetnotes.in/sitemap-8.xml" "Mozilla/5.0 (Linux; Android 7.0;) AppleWebKit/537.36 (KHTML, like Gecko) Mobile Safari/537.36 (compatible; PetalBot;+https://webmaster.petalsearch.com/site/petalbot)"
114.119.149.145 - - [06/Mar/2026:23:52:46 +0000] "GET /detail/456538010049 HTTP/1.1" 404 1251 "http://sweetnotes.in/sitemap-4.xml" "Mozilla/5.0 (Linux; Android 7.0;) AppleWebKit/537.36 (KHTML, like Gecko) Mobile Safari/537.36 (compatible; PetalBot;+https://webmaster.petalsearch.com/site/petalbot)"
114.119.134.216 - - [06/Mar/2026:23:58:28 +0000] "GET /detail/448471780848 HTTP/1.1" 404 1251 "http://sweetnotes.in/sitemap-6.xml" "Mozilla/5.0 (Linux; Android 7.0;) AppleWebKit/537.36 (KHTML, like Gecko) Mobile Safari/537.36 (compatible; PetalBot;+https://webmaster.petalsearch.com/site/petalbot)"
114.119.134.216 - - [07/Mar/2026:00:00:43 +0000] "GET /detail/442986584651 HTTP/1.1" 404 1251 "http://sweetnotes.in/sitemap-2.xml" "Mozilla/5.0 (Linux; Android 7.0;) AppleWebKit/537.36 (KHTML, like Gecko) Mobile Safari/537.36 (compatible; PetalBot;+https://webmaster.petalsearch.com/site/petalbot)"
114.119.139.118 - - [06/Mar/2026:23:48:38 +0000] "GET /detail/46228944032 HTTP/1.1" 404 1251 "http://sweetnotes.in/sitemap-3.xml" "Mozilla/5.0 (Linux; Android 7.0;) AppleWebKit/537.36 (KHTML, like Gecko) Mobile Safari/537.36 (compatible; PetalBot;+https://webmaster.petalsearch.com/site/petalbot)"
114.119.159.122 - - [06/Mar/2026:23:56:43 +0000] "GET /detail/449463479288 HTTP/1.1" 404 1251 "http://sweetnotes.in/sitemap-2.xml" "Mozilla/5.0 (Linux; Android 7.0;) AppleWebKit/537.36 (KHTML, like Gecko) Mobile Safari/537.36 (compatible; PetalBot;+https://webmaster.petalsearch.com/site/petalbot)"
114.119.141.24 - - [07/Mar/2026:00:09:35 +0000] "GET /detail/431570756241 HTTP/1.1" 404 1251 "http://sweetnotes.in/sitemap-2.xml" "Mozilla/5.0 (Linux; Android 7.0;) AppleWebKit/537.36 (KHTML, like Gecko) Mobile Safari/537.36 (compatible; PetalBot;+https://webmaster.petalsearch.com/site/petalbot)"
114.119.159.122 - - [07/Mar/2026:00:15:08 +0000] "GET /detail/424609845629 HTTP/1.1" 404 1251 "http://sweetnotes.in/sitemap-5.xml" "Mozilla/5.0 (Linux; Android 7.0;) AppleWebKit/537.36 (KHTML, like Gecko) Mobile Safari/537.36 (compatible; PetalBot;+https://webmaster.petalsearch.com/site/petalbot)"
114.119.149.145 - - [07/Mar/2026:00:03:19 +0000] "GET /detail/441299741279 HTTP/1.1" 404 1251 "http://sweetnotes.in/sitemap-9.xml" "Mozilla/5.0 (Linux; Android 7.0;) AppleWebKit/537.36 (KHTML, like Gecko) Mobile Safari/537.36 (compatible; PetalBot;+https://webmaster.petalsearch.com/site/petalbot)"
54.37.118.81 - - [07/Mar/2026:00:03:55 +0000] "GET /products/?SA HTTP/1.1" 200 701 "-" "Mozilla/5.0 (compatible; AhrefsBot/7.0; +http://ahrefs.com/robot/)"
114.119.134.67 - - [07/Mar/2026:00:07:39 +0000] "GET /detail/432777859204 HTTP/1.1" 404 1251 "http://sweetnotes.in/sitemap-8.xml" "Mozilla/5.0 (Linux; Android 7.0;) AppleWebKit/537.36 (KHTML, like Gecko) Mobile Safari/537.36 (compatible; PetalBot;+https://webmaster.petalsearch.com/site/petalbot)"
51.68.247.216 - - [07/Mar/2026:00:08:49 +0000] "GET /images/gift_tags/thumb/?MA HTTP/1.1" 404 1251 "-" "Mozilla/5.0 (compatible; AhrefsBot/7.0; +http://ahrefs.com/robot/)"
114.119.150.110 - - [07/Mar/2026:00:23:02 +0000] "GET /detail/363061016171 HTTP/1.1" 404 1251 "http://sweetnotes.in/sitemap-8.xml" "Mozilla/5.0 (Linux; Android 7.0;) AppleWebKit/537.36 (KHTML, like Gecko) Mobile Safari/537.36 (compatible; PetalBot;+https://webmaster.petalsearch.com/site/petalbot)"
114.119.149.145 - - [07/Mar/2026:00:24:15 +0000] "GET /detail/347251447004 HTTP/1.1" 404 1251 "http://sweetnotes.in/sitemap-6.xml" "Mozilla/5.0 (Linux; Android 7.0;) AppleWebKit/537.36 (KHTML, like Gecko) Mobile Safari/537.36 (compatible; PetalBot;+https://webmaster.petalsearch.com/site/petalbot)"
114.119.134.216 - - [07/Mar/2026:00:25:51 +0000] "GET /detail/340871874257 HTTP/1.1" 404 1251 "http://sweetnotes.in/sitemap-6.xml" "Mozilla/5.0 (Linux; Android 7.0;) AppleWebKit/537.36 (KHTML, like Gecko) Mobile Safari/537.36 (compatible; PetalBot;+https://webmaster.petalsearch.com/site/petalbot)"
54.37.118.65 - - [07/Mar/2026:00:19:21 +0000] "GET /images/kitchen_labels/thumb/?MA HTTP/1.1" 404 1251 "-" "Mozilla/5.0 (compatible; AhrefsBot/7.0; +http://ahrefs.com/robot/)"
114.119.134.67 - - [07/Mar/2026:00:20:22 +0000] "GET /detail/407895327401 HTTP/1.1" 404 1251 "http://sweetnotes.in/sitemap-3.xml" "Mozilla/5.0 (Linux; Android 7.0;) AppleWebKit/537.36 (KHTML, like Gecko) Mobile Safari/537.36 (compatible; PetalBot;+https://webmaster.petalsearch.com/site/petalbot)"
114.119.141.24 - - [07/Mar/2026:00:21:24 +0000] "GET /detail/369675554435 HTTP/1.1" 404 1251 "http://sweetnotes.in/sitemap-6.xml" "Mozilla/5.0 (Linux; Android 7.0;) AppleWebKit/537.36 (KHTML, like Gecko) Mobile Safari/537.36 (compatible; PetalBot;+https://webmaster.petalsearch.com/site/petalbot)"
51.68.247.194 - - [07/Mar/2026:00:24:42 +0000] "GET /images/kitchen_labels/thumb/?SA HTTP/1.1" 404 1251 "-" "Mozilla/5.0 (compatible; AhrefsBot/7.0; +http://ahrefs.com/robot/)"
94.23.188.197 - - [07/Mar/2026:00:29:32 +0000] "GET /products/?MA HTTP/1.1" 200 705 "-" "Mozilla/5.0 (compatible; AhrefsBot/7.0; +http://ahrefs.com/robot/)"
114.119.149.145 - - [07/Mar/2026:00:31:07 +0000] "GET /detail/325987163725 HTTP/1.1" 404 1251 "http://sweetnotes.in/sitemap-8.xml" "Mozilla/5.0 (Linux; Android 7.0;) AppleWebKit/537.36 (KHTML, like Gecko) Mobile Safari/537.36 (compatible; PetalBot;+https://webmaster.petalsearch.com/site/petalbot)"
114.119.149.145 - - [07/Mar/2026:00:35:50 +0000] "GET /detail/312402120778 HTTP/1.1" 404 1251 "http://sweetnotes.in/sitemap-4.xml" "Mozilla/5.0 (Linux; Android 7.0;) AppleWebKit/537.36 (KHTML, like Gecko) Mobile Safari/537.36 (compatible; PetalBot;+https://webmaster.petalsearch.com/site/petalbot)"
114.119.139.118 - - [07/Mar/2026:00:40:45 +0000] "GET /detail/308583085799 HTTP/1.1" 404 1251 "http://sweetnotes.in/sitemap-7.xml" "Mozilla/5.0 (Linux; Android 7.0;) AppleWebKit/537.36 (KHTML, like Gecko) Mobile Safari/537.36 (compatible; PetalBot;+https://webmaster.petalsearch.com/site/petalbot)"
114.119.141.24 - - [07/Mar/2026:00:33:12 +0000] "GET /detail/324314698867 HTTP/1.1" 404 1251 "http://sweetnotes.in/sitemap-3.xml" "Mozilla/5.0 (Linux; Android 7.0;) AppleWebKit/537.36 (KHTML, like Gecko) Mobile Safari/537.36 (compatible; PetalBot;+https://webmaster.petalsearch.com/site/petalbot)"
114.119.158.58 - - [07/Mar/2026:00:34:37 +0000] "GET /detail/316147567996 HTTP/1.1" 404 1251 "http://sweetnotes.in/sitemap-3.xml" "Mozilla/5.0 (Linux; Android 7.0;) AppleWebKit/537.36 (KHTML, like Gecko) Mobile Safari/537.36 (compatible; PetalBot;+https://webmaster.petalsearch.com/site/petalbot)"
114.119.149.145 - - [07/Mar/2026:00:36:58 +0000] "GET /detail/311523589961 HTTP/1.1" 404 1251 "http://sweetnotes.in/sitemap-6.xml" "Mozilla/5.0 (Linux; Android 7.0;) AppleWebKit/537.36 (KHTML, like Gecko) Mobile Safari/537.36 (compatible; PetalBot;+https://webmaster.petalsearch.com/site/petalbot)"
114.119.150.110 - - [07/Mar/2026:00:39:31 +0000] "GET /detail/311366882910 HTTP/1.1" 404 1251 "-" "Mozilla/5.0 (Linux; Android 7.0;) AppleWebKit/537.36 (KHTML, like Gecko) Mobile Safari/537.36 (compatible; PetalBot;+https://webmaster.petalsearch.com/site/petalbot)"
114.119.134.216 - - [07/Mar/2026:00:43:46 +0000] "GET /detail/292146250302 HTTP/1.1" 404 1251 "http://sweetnotes.in/sitemap-8.xml" "Mozilla/5.0 (Linux; Android 7.0;) AppleWebKit/537.36 (KHTML, like Gecko) Mobile Safari/537.36 (compatible; PetalBot;+https://webmaster.petalsearch.com/site/petalbot)"
92.222.104.213 - - [07/Mar/2026:00:43:59 +0000] "GET /images/gift_tags/thumb/?SA HTTP/1.1" 404 1251 "-" "Mozilla/5.0 (compatible; AhrefsBot/7.0; +http://ahrefs.com/robot/)"
37.59.204.139 - - [07/Mar/2026:00:48:27 +0000] "GET /aspnet_client/system_web/2_0_50727/?SA HTTP/1.1" 200 563 "-" "Mozilla/5.0 (compatible; AhrefsBot/7.0; +http://ahrefs.com/robot/)"
114.119.134.67 - - [07/Mar/2026:00:48:35 +0000] "GET /detail/284351699695 HTTP/1.1" 404 1251 "http://sweetnotes.in/sitemap-2.xml" "Mozilla/5.0 (Linux; Android 7.0;) AppleWebKit/537.36 (KHTML, like Gecko) Mobile Safari/537.36 (compatible; PetalBot;+https://webmaster.petalsearch.com/site/petalbot)"
114.119.159.122 - - [07/Mar/2026:00:49:28 +0000] "GET /detail/284049803413 HTTP/1.1" 404 1251 "http://sweetnotes.in/sitemap-5.xml" "Mozilla/5.0 (Linux; Android 7.0;) AppleWebKit/537.36 (KHTML, like Gecko) Mobile Safari/537.36 (compatible; PetalBot;+https://webmaster.petalsearch.com/site/petalbot)"
114.119.159.122 - - [07/Mar/2026:00:42:05 +0000] "GET /detail/304113168288 HTTP/1.1" 404 1251 "http://sweetnotes.in/sitemap-6.xml" "Mozilla/5.0 (Linux; Android 7.0;) AppleWebKit/537.36 (KHTML, like Gecko) Mobile Safari/537.36 (compatible; PetalBot;+https://webmaster.petalsearch.com/site/petalbot)"
114.119.159.122 - - [07/Mar/2026:00:47:04 +0000] "GET /detail/284356090040 HTTP/1.1" 404 1251 "http://sweetnotes.in/sitemap-4.xml" "Mozilla/5.0 (Linux; Android 7.0;) AppleWebKit/537.36 (KHTML, like Gecko) Mobile Safari/537.36 (compatible; PetalBot;+https://webmaster.petalsearch.com/site/petalbot)"
114.119.141.24 - - [07/Mar/2026:00:53:43 +0000] "GET /detail/265743947878 HTTP/1.1" 404 1251 "http://sweetnotes.in/sitemap-8.xml" "Mozilla/5.0 (Linux; Android 7.0;) AppleWebKit/537.36 (KHTML, like Gecko) Mobile Safari/537.36 (compatible; PetalBot;+https://webmaster.petalsearch.com/site/petalbot)"
114.119.149.145 - - [07/Mar/2026:00:54:50 +0000] "GET /detail/25458794430 HTTP/1.1" 404 1251 "http://sweetnotes.in/sitemap-7.xml" "Mozilla/5.0 (Linux; Android 7.0;) AppleWebKit/537.36 (KHTML, like Gecko) Mobile Safari/537.36 (compatible; PetalBot;+https://webmaster.petalsearch.com/site/petalbot)"
114.119.134.216 - - [07/Mar/2026:00:57:51 +0000] "GET /detail/244211436694 HTTP/1.1" 404 1251 "http://sweetnotes.in/sitemap-3.xml" "Mozilla/5.0 (Linux; Android 7.0;) AppleWebKit/537.36 (KHTML, like Gecko) Mobile Safari/537.36 (compatible; PetalBot;+https://webmaster.petalsearch.com/site/petalbot)"
114.119.134.67 - - [07/Mar/2026:00:59:37 +0000] "GET /detail/241837971910 HTTP/1.1" 404 1251 "http://sweetnotes.in/sitemap-9.xml" "Mozilla/5.0 (Linux; Android 7.0;) AppleWebKit/537.36 (KHTML, like Gecko) Mobile Safari/537.36 (compatible; PetalBot;+https://webmaster.petalsearch.com/site/petalbot)"
114.119.150.110 - - [07/Mar/2026:00:50:55 +0000] "GET /detail/276157665388 HTTP/1.1" 404 1251 "http://sweetnotes.in/sitemap-8.xml" "Mozilla/5.0 (Linux; Android 7.0;) AppleWebKit/537.36 (KHTML, like Gecko) Mobile Safari/537.36 (compatible; PetalBot;+https://webmaster.petalsearch.com/site/petalbot)"
5.39.1.226 - - [07/Mar/2026:00:53:37 +0000] "GET /aspnet_client/system_web/2_0_50727/?MA HTTP/1.1" 200 563 "-" "Mozilla/5.0 (compatible; AhrefsBot/7.0; +http://ahrefs.com/robot/)"
114.119.159.122 - - [07/Mar/2026:00:56:48 +0000] "GET /detail/244839399700 HTTP/1.1" 404 1251 "http://sweetnotes.in/sitemap-9.xml" "Mozilla/5.0 (Linux; Android 7.0;) AppleWebKit/537.36 (KHTML, like Gecko) Mobile Safari/537.36 (compatible; PetalBot;+https://webmaster.petalsearch.com/site/petalbot)"
114.119.139.118 - - [07/Mar/2026:01:02:15 +0000] "GET /detail/237730681058 HTTP/1.1" 404 1251 "http://sweetnotes.in/sitemap-6.xml" "Mozilla/5.0 (Linux; Android 7.0;) AppleWebKit/537.36 (KHTML, like Gecko) Mobile Safari/537.36 (compatible; PetalBot;+https://webmaster.petalsearch.com/site/petalbot)"
66.249.75.106 - - [07/Mar/2026:01:13:24 +0000] "GET /favicon.ico HTTP/1.1" 200 20398 "-" "Googlebot-Image/1.0"
114.119.139.118 - - [07/Mar/2026:01:15:53 +0000] "GET /cc13.php?path=/home/sweetnotes&view_file=/home/sweetnotes/.myimunify_id HTTP/1.1" 200 2059 "http://www.sweetnotes.in/cc13.php?path=/home/sweetnotes&=/home/sweetnotes/.cloud-locale-test.skip" "Mozilla/5.0 (Linux; Android 7.0;) AppleWebKit/537.36 (KHTML, like Gecko) Mobile Safari/537.36 (compatible; PetalBot;+https://webmaster.petalsearch.com/site/petalbot)"
114.119.150.110 - - [07/Mar/2026:01:18:35 +0000] "GET /detail/99816186309 HTTP/1.1" 404 1251 "http://sweetnotes.in/sitemap-3.xml" "Mozilla/5.0 (Linux; Android 7.0;) AppleWebKit/537.36 (KHTML, like Gecko) Mobile Safari/537.36 (compatible; PetalBot;+https://webmaster.petalsearch.com/site/petalbot)"
114.119.159.122 - - [07/Mar/2026:01:20:07 +0000] "GET /detail/94115159781 HTTP/1.1" 404 1251 "-" "Mozilla/5.0 (Linux; Android 7.0;) AppleWebKit/537.36 (KHTML, like Gecko) Mobile Safari/537.36 (compatible; PetalBot;+https://webmaster.petalsearch.com/site/petalbot)"
114.119.150.110 - - [07/Mar/2026:01:23:12 +0000] "GET /detail/91260822084 HTTP/1.1" 404 1251 "http://sweetnotes.in/sitemap-8.xml" "Mozilla/5.0 (Linux; Android 7.0;) AppleWebKit/537.36 (KHTML, like Gecko) Mobile Safari/537.36 (compatible; PetalBot;+https://webmaster.petalsearch.com/site/petalbot)"
114.119.139.118 - - [07/Mar/2026:01:24:13 +0000] "GET /detail/8778976424 HTTP/1.1" 404 1251 "http://sweetnotes.in/sitemap-8.xml" "Mozilla/5.0 (Linux; Android 7.0;) AppleWebKit/537.36 (KHTML, like Gecko) Mobile Safari/537.36 (compatible; PetalBot;+https://webmaster.petalsearch.com/site/petalbot)"
114.119.150.110 - - [07/Mar/2026:01:27:15 +0000] "GET /detail/85434559404 HTTP/1.1" 404 1251 "http://sweetnotes.in/sitemap-6.xml" "Mozilla/5.0 (Linux; Android 7.0;) AppleWebKit/537.36 (KHTML, like Gecko) Mobile Safari/537.36 (compatible; PetalBot;+https://webmaster.petalsearch.com/site/petalbot)"
114.119.149.145 - - [07/Mar/2026:01:29:07 +0000] "GET /detail/83567622021 HTTP/1.1" 404 1251 "http://sweetnotes.in/sitemap-7.xml" "Mozilla/5.0 (Linux; Android 7.0;) AppleWebKit/537.36 (KHTML, like Gecko) Mobile Safari/537.36 (compatible; PetalBot;+https://webmaster.petalsearch.com/site/petalbot)"
