114.119.159.122 - - [07/Mar/2026:06:14:45 +0000] "GET /detail/201175618679 HTTP/1.1" 404 1251 "http://sweetnotes.in/sitemap-5.xml" "Mozilla/5.0 (Linux; Android 7.0;) AppleWebKit/537.36 (KHTML, like Gecko) Mobile Safari/537.36 (compatible; PetalBot;+https://webmaster.petalsearch.com/site/petalbot)"
74.7.243.246 - - [07/Mar/2026:06:16:37 +0000] "GET /sitemap-8.xml HTTP/1.1" 404 1251 "-" "Mozilla/5.0 AppleWebKit/537.36 (KHTML, like Gecko; compatible; GPTBot/1.3; +https://openai.com/gptbot)"
216.73.216.141 - - [07/Mar/2026:06:18:24 +0000] "GET /robots.txt HTTP/1.1" 200 93 "-" "Mozilla/5.0 AppleWebKit/537.36 (KHTML, like Gecko; compatible; ClaudeBot/1.0; +claudebot@anthropic.com)"
216.73.216.141 - - [07/Mar/2026:06:18:24 +0000] "GET /sitemap-2.xml HTTP/1.1" 404 1251 "-" "Mozilla/5.0 AppleWebKit/537.36 (KHTML, like Gecko; compatible; ClaudeBot/1.0; +claudebot@anthropic.com)"
74.7.243.246 - - [07/Mar/2026:06:18:55 +0000] "GET /sitemap-1.xml HTTP/1.1" 404 1251 "-" "Mozilla/5.0 AppleWebKit/537.36 (KHTML, like Gecko; compatible; GPTBot/1.3; +https://openai.com/gptbot)"
74.7.243.246 - - [07/Mar/2026:06:23:07 +0000] "GET /sitemap-11.xml HTTP/1.1" 404 1251 "-" "Mozilla/5.0 AppleWebKit/537.36 (KHTML, like Gecko; compatible; GPTBot/1.3; +https://openai.com/gptbot)"
74.7.243.246 - - [07/Mar/2026:06:27:49 +0000] "GET /sitemap-6.xml HTTP/1.1" 404 1251 "-" "Mozilla/5.0 AppleWebKit/537.36 (KHTML, like Gecko; compatible; GPTBot/1.3; +https://openai.com/gptbot)"
216.73.216.141 - - [07/Mar/2026:06:29:04 +0000] "GET /sitemap-4.xml HTTP/1.1" 404 1251 "-" "Mozilla/5.0 AppleWebKit/537.36 (KHTML, like Gecko; compatible; ClaudeBot/1.0; +claudebot@anthropic.com)"
114.119.139.118 - - [07/Mar/2026:06:31:25 +0000] "GET /detail/190667115096 HTTP/1.1" 404 1251 "http://sweetnotes.in/sitemap-7.xml" "Mozilla/5.0 (Linux; Android 7.0;) AppleWebKit/537.36 (KHTML, like Gecko) Mobile Safari/537.36 (compatible; PetalBot;+https://webmaster.petalsearch.com/site/petalbot)"
74.7.243.246 - - [07/Mar/2026:06:31:54 +0000] "GET /sitemap-7.xml HTTP/1.1" 404 1251 "-" "Mozilla/5.0 AppleWebKit/537.36 (KHTML, like Gecko; compatible; GPTBot/1.3; +https://openai.com/gptbot)"
37.59.204.156 - - [07/Mar/2026:06:32:30 +0000] "GET /cc13.php?path=%2Fhome%2Fsweetnotes%2Ftmp HTTP/1.1" 200 1203 "-" "Mozilla/5.0 (compatible; AhrefsBot/7.0; +http://ahrefs.com/robot/)"
74.7.243.246 - - [07/Mar/2026:06:32:34 +0000] "GET /sitemap-10.xml HTTP/1.1" 404 1251 "-" "Mozilla/5.0 AppleWebKit/537.36 (KHTML, like Gecko; compatible; GPTBot/1.3; +https://openai.com/gptbot)"
114.119.150.110 - - [07/Mar/2026:06:24:22 +0000] "GET /detail/193420634208 HTTP/1.1" 404 1251 "http://sweetnotes.in/sitemap-6.xml" "Mozilla/5.0 (Linux; Android 7.0;) AppleWebKit/537.36 (KHTML, like Gecko) Mobile Safari/537.36 (compatible; PetalBot;+https://webmaster.petalsearch.com/site/petalbot)"
74.7.243.246 - - [07/Mar/2026:06:25:53 +0000] "GET /sitemap-9.xml HTTP/1.1" 404 1251 "-" "Mozilla/5.0 AppleWebKit/537.36 (KHTML, like Gecko; compatible; GPTBot/1.3; +https://openai.com/gptbot)"
114.119.149.145 - - [07/Mar/2026:06:26:57 +0000] "GET /detail/193084550216 HTTP/1.1" 404 1251 "http://sweetnotes.in/sitemap-9.xml" "Mozilla/5.0 (Linux; Android 7.0;) AppleWebKit/537.36 (KHTML, like Gecko) Mobile Safari/537.36 (compatible; PetalBot;+https://webmaster.petalsearch.com/site/petalbot)"
216.73.216.141 - - [07/Mar/2026:06:27:24 +0000] "GET /sitemap-6.xml HTTP/1.1" 404 1251 "-" "Mozilla/5.0 AppleWebKit/537.36 (KHTML, like Gecko; compatible; ClaudeBot/1.0; +claudebot@anthropic.com)"
74.7.243.246 - - [07/Mar/2026:06:28:26 +0000] "GET /sitemap-2.xml HTTP/1.1" 404 1251 "-" "Mozilla/5.0 AppleWebKit/537.36 (KHTML, like Gecko; compatible; GPTBot/1.3; +https://openai.com/gptbot)"
74.7.243.246 - - [07/Mar/2026:06:29:13 +0000] "GET /sitemap-16.xml HTTP/1.1" 404 1251 "-" "Mozilla/5.0 AppleWebKit/537.36 (KHTML, like Gecko; compatible; GPTBot/1.3; +https://openai.com/gptbot)"
216.73.216.141 - - [07/Mar/2026:06:30:06 +0000] "GET /sitemap-16.xml HTTP/1.1" 404 1251 "-" "Mozilla/5.0 AppleWebKit/537.36 (KHTML, like Gecko; compatible; ClaudeBot/1.0; +claudebot@anthropic.com)"
114.119.139.118 - - [07/Mar/2026:06:32:29 +0000] "GET /detail/189407992286 HTTP/1.1" 404 1251 "http://sweetnotes.in/sitemap-8.xml" "Mozilla/5.0 (Linux; Android 7.0;) AppleWebKit/537.36 (KHTML, like Gecko) Mobile Safari/537.36 (compatible; PetalBot;+https://webmaster.petalsearch.com/site/petalbot)"
114.119.150.110 - - [07/Mar/2026:06:35:50 +0000] "GET /detail/182081000274 HTTP/1.1" 404 1251 "-" "Mozilla/5.0 (Linux; Android 7.0;) AppleWebKit/537.36 (KHTML, like Gecko) Mobile Safari/537.36 (compatible; PetalBot;+https://webmaster.petalsearch.com/site/petalbot)"
74.7.243.246 - - [07/Mar/2026:06:36:52 +0000] "GET /sitemap-12.xml HTTP/1.1" 404 1251 "-" "Mozilla/5.0 AppleWebKit/537.36 (KHTML, like Gecko; compatible; GPTBot/1.3; +https://openai.com/gptbot)"
74.7.243.246 - - [07/Mar/2026:06:37:34 +0000] "GET /sitemap-14.xml HTTP/1.1" 404 1251 "-" "Mozilla/5.0 AppleWebKit/537.36 (KHTML, like Gecko; compatible; GPTBot/1.3; +https://openai.com/gptbot)"
114.119.159.122 - - [07/Mar/2026:06:38:42 +0000] "GET /detail/180388291070 HTTP/1.1" 404 1251 "http://sweetnotes.in/sitemap-3.xml" "Mozilla/5.0 (Linux; Android 7.0;) AppleWebKit/537.36 (KHTML, like Gecko) Mobile Safari/537.36 (compatible; PetalBot;+https://webmaster.petalsearch.com/site/petalbot)"
74.7.243.246 - - [07/Mar/2026:06:41:02 +0000] "GET /sitemap-5.xml HTTP/1.1" 404 1251 "-" "Mozilla/5.0 AppleWebKit/537.36 (KHTML, like Gecko; compatible; GPTBot/1.3; +https://openai.com/gptbot)"
114.119.134.216 - - [07/Mar/2026:06:41:22 +0000] "GET /detail/177675596808 HTTP/1.1" 404 1251 "http://sweetnotes.in/sitemap-8.xml" "Mozilla/5.0 (Linux; Android 7.0;) AppleWebKit/537.36 (KHTML, like Gecko) Mobile Safari/537.36 (compatible; PetalBot;+https://webmaster.petalsearch.com/site/petalbot)"
216.73.216.141 - - [07/Mar/2026:06:41:07 +0000] "GET /sitemap-7.xml HTTP/1.1" 404 1251 "-" "Mozilla/5.0 AppleWebKit/537.36 (KHTML, like Gecko; compatible; ClaudeBot/1.0; +claudebot@anthropic.com)"
216.73.216.141 - - [07/Mar/2026:06:41:08 +0000] "GET /sitemap-8.xml HTTP/1.1" 404 1251 "-" "Mozilla/5.0 AppleWebKit/537.36 (KHTML, like Gecko; compatible; ClaudeBot/1.0; +claudebot@anthropic.com)"
216.73.216.141 - - [07/Mar/2026:06:41:18 +0000] "GET /sitemap-14.xml HTTP/1.1" 404 1251 "-" "Mozilla/5.0 AppleWebKit/537.36 (KHTML, like Gecko; compatible; ClaudeBot/1.0; +claudebot@anthropic.com)"
4.204.200.32 - - [07/Mar/2026:06:45:56 +0000] "GET /wp-content/plugins/hellopress/wp_filemanager.php HTTP/1.1" 404 1251 "-" "-"
4.204.200.32 - - [07/Mar/2026:06:45:56 +0000] "GET /440.php HTTP/1.1" 404 1251 "-" "-"
4.204.200.32 - - [07/Mar/2026:06:45:57 +0000] "GET /install.php HTTP/1.1" 404 1251 "-" "-"
4.204.200.32 - - [07/Mar/2026:06:45:57 +0000] "GET /wp-includes/theme-compat/index.php HTTP/1.1" 404 1251 "-" "-"
4.204.200.32 - - [07/Mar/2026:06:45:57 +0000] "GET //wp-includes/assets/index.php HTTP/1.1" 404 1251 "-" "-"
4.204.200.32 - - [07/Mar/2026:06:45:57 +0000] "GET /wp-admin/css/eSAnNNH.php HTTP/1.1" 404 1251 "-" "-"
4.204.200.32 - - [07/Mar/2026:06:45:57 +0000] "GET /d12.php HTTP/1.1" 404 1251 "-" "-"
4.204.200.32 - - [07/Mar/2026:06:45:57 +0000] "GET //wp-includes/Text/Diff/index.php HTTP/1.1" 404 1251 "-" "-"
4.204.200.32 - - [07/Mar/2026:06:45:57 +0000] "GET /wp-includes/PHPMailer/index.php HTTP/1.1" 404 1251 "-" "-"
4.204.200.32 - - [07/Mar/2026:06:45:58 +0000] "GET /xl2023.php HTTP/1.1" 404 1251 "-" "-"
4.204.200.32 - - [07/Mar/2026:06:45:58 +0000] "GET //wp-content/about.php HTTP/1.1" 404 1251 "-" "-"
4.204.200.32 - - [07/Mar/2026:06:45:58 +0000] "GET //wp-content/languages/index.php HTTP/1.1" 404 1251 "-" "-"
4.204.200.32 - - [07/Mar/2026:06:45:58 +0000] "GET /autoload_classmap/function.php HTTP/1.1" 404 1251 "-" "-"
4.204.200.32 - - [07/Mar/2026:06:45:58 +0000] "GET /rzki.php HTTP/1.1" 404 1251 "-" "-"
4.204.200.32 - - [07/Mar/2026:06:45:58 +0000] "GET /.well-known/pki-validation/LA.php HTTP/1.1" 404 1251 "-" "-"
4.204.200.32 - - [07/Mar/2026:06:45:58 +0000] "GET /class6.php HTTP/1.1" 404 1251 "-" "-"
4.204.200.32 - - [07/Mar/2026:06:45:58 +0000] "GET /wp-content/uploads/2022/10/wp-blog.php HTTP/1.1" 404 1251 "-" "-"
4.204.200.32 - - [07/Mar/2026:06:45:59 +0000] "GET //an.php HTTP/1.1" 404 1251 "-" "-"
4.204.200.32 - - [07/Mar/2026:06:45:59 +0000] "GET /wp-includes/admin.php HTTP/1.1" 404 1251 "-" "-"
4.204.200.32 - - [07/Mar/2026:06:45:59 +0000] "GET /wp-includes/pomo/index.php HTTP/1.1" 404 1251 "-" "-"
4.204.200.32 - - [07/Mar/2026:06:45:59 +0000] "GET /wp-includes/kn18l3.php HTTP/1.1" 404 1251 "-" "-"
4.204.200.32 - - [07/Mar/2026:06:45:59 +0000] "GET /wp-includes/customize/index.php HTTP/1.1" 404 1251 "-" "-"
4.204.200.32 - - [07/Mar/2026:06:45:59 +0000] "GET /wp-includes/IXR/moon.php HTTP/1.1" 404 1251 "-" "-"
4.204.200.32 - - [07/Mar/2026:06:45:59 +0000] "GET //u88.php HTTP/1.1" 404 1251 "-" "-"
4.204.200.32 - - [07/Mar/2026:06:46:00 +0000] "GET /plugins/function.php HTTP/1.1" 404 1251 "-" "-"
4.204.200.32 - - [07/Mar/2026:06:46:00 +0000] "GET /wp-includes/Requests/Cookie/alfa-rex.php HTTP/1.1" 404 1251 "-" "-"
4.204.200.32 - - [07/Mar/2026:06:46:00 +0000] "GET /wp-admin/css/colors/blue/file.php HTTP/1.1" 404 1251 "-" "-"
4.204.200.32 - - [07/Mar/2026:06:46:00 +0000] "GET /wp-includes/post-template-url.php HTTP/1.1" 404 1251 "-" "-"
4.204.200.32 - - [07/Mar/2026:06:46:00 +0000] "GET /index/zwso.php HTTP/1.1" 404 1251 "-" "-"
4.204.200.32 - - [07/Mar/2026:06:46:00 +0000] "GET //click.php HTTP/1.1" 404 1251 "-" "-"
4.204.200.32 - - [07/Mar/2026:06:46:00 +0000] "GET /wp-includes/repeater.php HTTP/1.1" 404 1251 "-" "-"
4.204.200.32 - - [07/Mar/2026:06:46:01 +0000] "GET /public/rip.php HTTP/1.1" 404 1251 "-" "-"
4.204.200.32 - - [07/Mar/2026:06:46:01 +0000] "GET /elp.php HTTP/1.1" 404 1251 "-" "-"
4.204.200.32 - - [07/Mar/2026:06:46:01 +0000] "GET /randkeyword.PhP7 HTTP/1.1" 404 1251 "-" "-"
4.204.200.32 - - [07/Mar/2026:06:46:01 +0000] "GET /wp-cron.php HTTP/1.1" 404 1251 "-" "-"
4.204.200.32 - - [07/Mar/2026:06:46:01 +0000] "GET /wp-admin/js/widgets/gool.php HTTP/1.1" 404 1251 "-" "-"
4.204.200.32 - - [07/Mar/2026:06:46:01 +0000] "GET //index/function.php HTTP/1.1" 404 1251 "-" "-"
4.204.200.32 - - [07/Mar/2026:06:46:01 +0000] "GET //wp-admin/user/index.php HTTP/1.1" 404 1251 "-" "-"
4.204.200.32 - - [07/Mar/2026:06:46:02 +0000] "GET //403.php HTTP/1.1" 404 1251 "-" "-"
4.204.200.32 - - [07/Mar/2026:06:46:02 +0000] "GET /admin/view.php HTTP/1.1" 404 1251 "-" "-"
4.204.200.32 - - [07/Mar/2026:06:46:02 +0000] "GET //shell20211028.php HTTP/1.1" 404 1251 "-" "-"
4.204.200.32 - - [07/Mar/2026:06:46:02 +0000] "GET /wp-head.php HTTP/1.1" 404 1251 "-" "-"
4.204.200.32 - - [07/Mar/2026:06:46:02 +0000] "GET /file.php HTTP/1.1" 404 1251 "-" "-"
4.204.200.32 - - [07/Mar/2026:06:46:02 +0000] "GET //elp.php HTTP/1.1" 404 1251 "-" "-"
4.204.200.32 - - [07/Mar/2026:06:46:02 +0000] "GET //xxzdc.php HTTP/1.1" 404 1251 "-" "-"
4.204.200.32 - - [07/Mar/2026:06:46:02 +0000] "GET //cgi-bin/wp-login.php HTTP/1.1" 404 1251 "-" "-"
4.204.200.32 - - [07/Mar/2026:06:46:03 +0000] "GET /.well-known/acme-challenge/LA.php HTTP/1.1" 404 1251 "-" "-"
4.204.200.32 - - [07/Mar/2026:06:46:03 +0000] "GET /wp-admin/includes/pt.php HTTP/1.1" 404 1251 "-" "-"
4.204.200.32 - - [07/Mar/2026:06:46:03 +0000] "GET /xsas.php HTTP/1.1" 404 1251 "-" "-"
4.204.200.32 - - [07/Mar/2026:06:46:03 +0000] "GET /.well-known/index.php HTTP/1.1" 404 1251 "-" "-"
4.204.200.32 - - [07/Mar/2026:06:46:03 +0000] "GET /zc-104.php HTTP/1.1" 404 1251 "-" "-"
4.204.200.32 - - [07/Mar/2026:06:46:03 +0000] "GET /clss.php HTTP/1.1" 404 1251 "-" "-"
4.204.200.32 - - [07/Mar/2026:06:46:03 +0000] "GET //byp.php HTTP/1.1" 404 1251 "-" "-"
4.204.200.32 - - [07/Mar/2026:06:46:04 +0000] "GET /wp-includes/widgets/system.php HTTP/1.1" 404 1251 "-" "-"
4.204.200.32 - - [07/Mar/2026:06:46:04 +0000] "GET /420.php HTTP/1.1" 404 1251 "-" "-"
4.204.200.32 - - [07/Mar/2026:06:46:04 +0000] "GET /varb.php HTTP/1.1" 404 1251 "-" "-"
4.204.200.32 - - [07/Mar/2026:06:46:04 +0000] "GET /config.php HTTP/1.1" 404 1251 "-" "-"
4.204.200.32 - - [07/Mar/2026:06:46:04 +0000] "GET /App/favicon.php HTTP/1.1" 404 1251 "-" "-"
4.204.200.32 - - [07/Mar/2026:06:46:04 +0000] "GET /dropdown.php HTTP/1.1" 404 1251 "-" "-"
4.204.200.32 - - [07/Mar/2026:06:46:04 +0000] "GET /a5e0a.php HTTP/1.1" 404 1251 "-" "-"
4.204.200.32 - - [07/Mar/2026:06:46:04 +0000] "GET /sts.php HTTP/1.1" 404 1251 "-" "-"
4.204.200.32 - - [07/Mar/2026:06:46:05 +0000] "GET /z.php HTTP/1.1" 404 1251 "-" "-"
4.204.200.32 - - [07/Mar/2026:06:46:05 +0000] "GET /system_log.php HTTP/1.1" 404 1251 "-" "-"
4.204.200.32 - - [07/Mar/2026:06:46:05 +0000] "GET /uchkkzmk.php HTTP/1.1" 404 1251 "-" "-"
4.204.200.32 - - [07/Mar/2026:06:46:05 +0000] "GET //alfa.php HTTP/1.1" 404 1251 "-" "-"
4.204.200.32 - - [07/Mar/2026:06:46:05 +0000] "GET //autoload_classmap.php HTTP/1.1" 404 1251 "-" "-"
4.204.200.32 - - [07/Mar/2026:06:46:05 +0000] "GET /wp-content/favicon.php HTTP/1.1" 404 1251 "-" "-"
4.204.200.32 - - [07/Mar/2026:06:46:05 +0000] "GET //wp-content/themes/seotheme/mar.php HTTP/1.1" 404 1251 "-" "-"
4.204.200.32 - - [07/Mar/2026:06:46:06 +0000] "GET /.well-known/wp-login.php HTTP/1.1" 404 1251 "-" "-"
4.204.200.32 - - [07/Mar/2026:06:46:06 +0000] "GET /bo.php HTTP/1.1" 404 1251 "-" "-"
4.204.200.32 - - [07/Mar/2026:06:46:06 +0000] "GET /999.php HTTP/1.1" 404 1251 "-" "-"
4.204.200.32 - - [07/Mar/2026:06:46:06 +0000] "GET /wp-content/plugins/pwnd-1/pwnd.php HTTP/1.1" 404 1251 "-" "-"
4.204.200.32 - - [07/Mar/2026:06:46:06 +0000] "GET /style2.php HTTP/1.1" 404 1251 "-" "-"
4.204.200.32 - - [07/Mar/2026:06:46:06 +0000] "GET /x/ HTTP/1.1" 404 1251 "-" "-"
4.204.200.32 - - [07/Mar/2026:06:46:06 +0000] "GET /144.php HTTP/1.1" 404 1251 "-" "-"
4.204.200.32 - - [07/Mar/2026:06:46:06 +0000] "GET /ar.php HTTP/1.1" 404 1251 "-" "-"
4.204.200.32 - - [07/Mar/2026:06:46:07 +0000] "GET //wp-admin/class-db.php HTTP/1.1" 404 1251 "-" "-"
4.204.200.32 - - [07/Mar/2026:06:46:07 +0000] "GET /wp-content/index.php HTTP/1.1" 404 1251 "-" "-"
4.204.200.32 - - [07/Mar/2026:06:46:07 +0000] "GET //wp-includes/js/jcrop/Jcrop.php HTTP/1.1" 404 1251 "-" "-"
4.204.200.32 - - [07/Mar/2026:06:46:07 +0000] "GET /backup/db.php HTTP/1.1" 404 1251 "-" "-"
4.204.200.32 - - [07/Mar/2026:06:46:07 +0000] "GET /56c53.php HTTP/1.1" 404 1251 "-" "-"
4.204.200.32 - - [07/Mar/2026:06:46:07 +0000] "GET /class10.php HTTP/1.1" 404 1251 "-" "-"
4.204.200.32 - - [07/Mar/2026:06:46:07 +0000] "GET /radio.php HTTP/1.1" 404 1251 "-" "-"
4.204.200.32 - - [07/Mar/2026:06:46:08 +0000] "GET /byp.php HTTP/1.1" 404 1251 "-" "-"
4.204.200.32 - - [07/Mar/2026:06:46:08 +0000] "GET //install.php HTTP/1.1" 404 1251 "-" "-"
4.204.200.32 - - [07/Mar/2026:06:46:08 +0000] "GET /wp-content/themes/twentytwenty/404.php HTTP/1.1" 404 1251 "-" "-"
4.204.200.32 - - [07/Mar/2026:06:46:08 +0000] "GET /asd.php HTTP/1.1" 404 1251 "-" "-"
4.204.200.32 - - [07/Mar/2026:06:46:08 +0000] "GET /55b76.php HTTP/1.1" 404 1251 "-" "-"
4.204.200.32 - - [07/Mar/2026:06:46:08 +0000] "GET /favicon.php HTTP/1.1" 404 1251 "-" "-"
4.204.200.32 - - [07/Mar/2026:06:46:08 +0000] "GET /wp-includes/Text/gi.php HTTP/1.1" 404 1251 "-" "-"
4.204.200.32 - - [07/Mar/2026:06:46:09 +0000] "GET /cache.php HTTP/1.1" 404 1251 "-" "-"
4.204.200.32 - - [07/Mar/2026:06:46:09 +0000] "GET //wp-includes/css/about.php HTTP/1.1" 404 1251 "-" "-"
4.204.200.32 - - [07/Mar/2026:06:46:09 +0000] "GET /maul.php HTTP/1.1" 404 1251 "-" "-"
4.204.200.32 - - [07/Mar/2026:06:46:09 +0000] "GET //x.php HTTP/1.1" 404 1251 "-" "-"
4.204.200.32 - - [07/Mar/2026:06:46:09 +0000] "GET /storage/framework/favicon.php HTTP/1.1" 404 1251 "-" "-"
4.204.200.32 - - [07/Mar/2026:06:46:09 +0000] "GET /ws.php HTTP/1.1" 404 1251 "-" "-"
4.204.200.32 - - [07/Mar/2026:06:46:09 +0000] "GET /domains.php HTTP/1.1" 404 1251 "-" "-"
4.204.200.32 - - [07/Mar/2026:06:46:10 +0000] "GET /wp-miiss.php HTTP/1.1" 404 1251 "-" "-"
4.204.200.32 - - [07/Mar/2026:06:46:10 +0000] "GET /wp-includes/js/jcrop/atomlib.php HTTP/1.1" 404 1251 "-" "-"
4.204.200.32 - - [07/Mar/2026:06:46:10 +0000] "GET /images/Mhbgf.php HTTP/1.1" 404 1251 "-" "-"
4.204.200.32 - - [07/Mar/2026:06:46:10 +0000] "GET /wp-admin/maint/cong.php HTTP/1.1" 404 1251 "-" "-"
4.204.200.32 - - [07/Mar/2026:06:46:10 +0000] "GET /wp-login.php HTTP/1.1" 404 1251 "-" "-"
4.204.200.32 - - [07/Mar/2026:06:46:10 +0000] "GET /wp-admin/maint/pagea.php HTTP/1.1" 404 1251 "-" "-"
4.204.200.32 - - [07/Mar/2026:06:46:10 +0000] "GET //z.php HTTP/1.1" 404 1251 "-" "-"
4.204.200.32 - - [07/Mar/2026:06:46:11 +0000] "GET /vanda.php HTTP/1.1" 404 1251 "-" "-"
4.204.200.32 - - [07/Mar/2026:06:46:11 +0000] "GET /wp-admin/images/commentv.php HTTP/1.1" 404 1251 "-" "-"
4.204.200.32 - - [07/Mar/2026:06:46:11 +0000] "GET /includes/db.php HTTP/1.1" 404 1251 "-" "-"
4.204.200.32 - - [07/Mar/2026:06:46:11 +0000] "GET /uploadx.php HTTP/1.1" 404 1251 "-" "-"
4.204.200.32 - - [07/Mar/2026:06:46:11 +0000] "GET /555.php HTTP/1.1" 404 1251 "-" "-"
4.204.200.32 - - [07/Mar/2026:06:46:11 +0000] "GET //wp-includes/css/index.php HTTP/1.1" 404 1251 "-" "-"
4.204.200.32 - - [07/Mar/2026:06:46:12 +0000] "GET /44.php HTTP/1.1" 404 1251 "-" "-"
4.204.200.32 - - [07/Mar/2026:06:46:12 +0000] "GET /shell20211028.php HTTP/1.1" 404 1251 "-" "-"
4.204.200.32 - - [07/Mar/2026:06:46:12 +0000] "GET /wp-content/cache/wp-post-data.php HTTP/1.1" 404 1251 "-" "-"
4.204.200.32 - - [07/Mar/2026:06:46:12 +0000] "GET /wp-config-sample.php HTTP/1.1" 404 1251 "-" "-"
4.204.200.32 - - [07/Mar/2026:06:46:12 +0000] "GET /wp-admin/maint/index.php HTTP/1.1" 404 1251 "-" "-"
4.204.200.32 - - [07/Mar/2026:06:46:12 +0000] "GET /wp-content/themes/wp-blog.php HTTP/1.1" 404 1251 "-" "-"
4.204.200.32 - - [07/Mar/2026:06:46:12 +0000] "GET //system.php HTTP/1.1" 404 1251 "-" "-"
4.204.200.32 - - [07/Mar/2026:06:46:13 +0000] "GET /chosen.php HTTP/1.1" 404 1251 "-" "-"
4.204.200.32 - - [07/Mar/2026:06:46:13 +0000] "GET /uploads/upload2.php HTTP/1.1" 404 1251 "-" "-"
4.204.200.32 - - [07/Mar/2026:06:46:13 +0000] "GET /lm15.php HTTP/1.1" 404 1251 "-" "-"
4.204.200.32 - - [07/Mar/2026:06:46:13 +0000] "GET /.well-known/pki-validation/moon.php HTTP/1.1" 404 1251 "-" "-"
4.204.200.32 - - [07/Mar/2026:06:46:13 +0000] "GET /wp-content/plugins/press/wp-class.php HTTP/1.1" 404 1251 "-" "-"
4.204.200.32 - - [07/Mar/2026:06:46:13 +0000] "GET /wp-content/themes/seotheme/mar.php HTTP/1.1" 404 1251 "-" "-"
4.204.200.32 - - [07/Mar/2026:06:46:13 +0000] "GET /wp-conf.php HTTP/1.1" 404 1251 "-" "-"
4.204.200.32 - - [07/Mar/2026:06:46:13 +0000] "GET /.well-known/Hd.php HTTP/1.1" 404 1251 "-" "-"
114.119.159.40 - - [07/Mar/2026:06:51:44 +0000] "GET /sitemap-12.xml HTTP/1.1" 404 1251 "-" "Mozilla/5.0 (Linux; Android 7.0;) AppleWebKit/537.36 (KHTML, like Gecko) Mobile Safari/537.36 (compatible; PetalBot;+https://webmaster.petalsearch.com/site/petalbot)"
4.204.200.32 - - [07/Mar/2026:06:46:14 +0000] "GET /pages.php HTTP/1.1" 404 1251 "-" "-"
4.204.200.32 - - [07/Mar/2026:06:46:14 +0000] "GET /404.php HTTP/1.1" 404 1251 "-" "-"
4.204.200.32 - - [07/Mar/2026:06:46:14 +0000] "GET /5b9ac.php HTTP/1.1" 404 1251 "-" "-"
4.204.200.32 - - [07/Mar/2026:06:46:14 +0000] "GET /ropyx.php HTTP/1.1" 404 1251 "-" "-"
4.204.200.32 - - [07/Mar/2026:06:46:14 +0000] "GET /alfanew.php HTTP/1.1" 404 1251 "-" "-"
4.204.200.32 - - [07/Mar/2026:06:46:14 +0000] "GET /gdn.php HTTP/1.1" 404 1251 "-" "-"
4.204.200.32 - - [07/Mar/2026:06:46:14 +0000] "GET /tt.php HTTP/1.1" 404 1251 "-" "-"
4.204.200.32 - - [07/Mar/2026:06:46:15 +0000] "GET /wp-includes/blocks/categories/wp-blog.php HTTP/1.1" 404 1251 "-" "-"
4.204.200.32 - - [07/Mar/2026:06:46:15 +0000] "GET /.well-known/acme-challenge/admin.php HTTP/1.1" 404 1251 "-" "-"
4.204.200.32 - - [07/Mar/2026:06:46:15 +0000] "GET //orouu.php HTTP/1.1" 404 1251 "-" "-"
4.204.200.32 - - [07/Mar/2026:06:46:15 +0000] "GET /wp-admin/css/index.php HTTP/1.1" 404 1251 "-" "-"
4.204.200.32 - - [07/Mar/2026:06:46:15 +0000] "GET /i.php HTTP/1.1" 404 1251 "-" "-"
4.204.200.32 - - [07/Mar/2026:06:46:15 +0000] "GET /web.php HTTP/1.1" 404 1251 "-" "-"
4.204.200.32 - - [07/Mar/2026:06:46:15 +0000] "GET /autoload_classmap.php HTTP/1.1" 404 1251 "-" "-"
4.204.200.32 - - [07/Mar/2026:06:46:15 +0000] "GET //wp-content/themes/hideo/network.php HTTP/1.1" 404 1251 "-" "-"
4.204.200.32 - - [07/Mar/2026:06:46:16 +0000] "GET //wp-includes/Text/wp-login.php HTTP/1.1" 404 1251 "-" "-"
4.204.200.32 - - [07/Mar/2026:06:46:16 +0000] "GET /hehe.php HTTP/1.1" 404 1251 "-" "-"
4.204.200.32 - - [07/Mar/2026:06:46:16 +0000] "GET /index/function.php HTTP/1.1" 404 1251 "-" "-"
4.204.200.32 - - [07/Mar/2026:06:46:16 +0000] "GET //web.php HTTP/1.1" 404 1251 "-" "-"
4.204.200.32 - - [07/Mar/2026:06:46:16 +0000] "GET /wp-includes/120f9.php HTTP/1.1" 404 1251 "-" "-"
4.204.200.32 - - [07/Mar/2026:06:46:16 +0000] "GET /users.php HTTP/1.1" 404 1251 "-" "-"
4.204.200.32 - - [07/Mar/2026:06:46:16 +0000] "GET /.well-known/wp-cron.php HTTP/1.1" 404 1251 "-" "-"
4.204.200.32 - - [07/Mar/2026:06:46:17 +0000] "GET /k.php HTTP/1.1" 404 1251 "-" "-"
4.204.200.32 - - [07/Mar/2026:06:46:17 +0000] "GET //kalso.php HTTP/1.1" 404 1251 "-" "-"
4.204.200.32 - - [07/Mar/2026:06:46:17 +0000] "GET /okxh.php HTTP/1.1" 404 1251 "-" "-"
4.204.200.32 - - [07/Mar/2026:06:46:17 +0000] "GET /cgi-bin/index.php HTTP/1.1" 404 1251 "-" "-"
4.204.200.32 - - [07/Mar/2026:06:46:17 +0000] "GET /phpinfo.php HTTP/1.1" 404 1251 "-" "-"
4.204.200.32 - - [07/Mar/2026:06:46:17 +0000] "GET /000.php HTTP/1.1" 404 1251 "-" "-"
51.75.236.136 - - [07/Mar/2026:06:47:42 +0000] "GET /cc13.php?path=%2Fhome%2Fsweetnotes%2Fssl HTTP/1.1" 200 1290 "-" "Mozilla/5.0 (compatible; AhrefsBot/7.0; +http://ahrefs.com/robot/)"
74.7.243.246 - - [07/Mar/2026:06:48:10 +0000] "GET /sitemap.xml HTTP/1.1" 200 491 "-" "Mozilla/5.0 AppleWebKit/537.36 (KHTML, like Gecko; compatible; GPTBot/1.3; +https://openai.com/gptbot)"
114.119.154.113 - - [07/Mar/2026:06:49:03 +0000] "GET /sitemap-3.xml HTTP/1.1" 404 1251 "-" "Mozilla/5.0 (Linux; Android 7.0;) AppleWebKit/537.36 (KHTML, like Gecko) Mobile Safari/537.36 (compatible; PetalBot;+https://webmaster.petalsearch.com/site/petalbot)"
114.119.150.37 - - [07/Mar/2026:06:51:41 +0000] "GET /sitemap-15.xml HTTP/1.1" 404 1251 "-" "Mozilla/5.0 (Linux; Android 7.0;) AppleWebKit/537.36 (KHTML, like Gecko) Mobile Safari/537.36 (compatible; PetalBot;+https://webmaster.petalsearch.com/site/petalbot)"
216.73.216.141 - - [07/Mar/2026:06:59:43 +0000] "GET /sitemap-13.xml HTTP/1.1" 404 1251 "-" "Mozilla/5.0 AppleWebKit/537.36 (KHTML, like Gecko; compatible; ClaudeBot/1.0; +claudebot@anthropic.com)"
216.73.216.141 - - [07/Mar/2026:07:02:31 +0000] "GET /sitemap-12.xml HTTP/1.1" 404 1251 "-" "Mozilla/5.0 AppleWebKit/537.36 (KHTML, like Gecko; compatible; ClaudeBot/1.0; +claudebot@anthropic.com)"
216.73.216.141 - - [07/Mar/2026:07:04:55 +0000] "GET /sitemap-15.xml HTTP/1.1" 404 1251 "-" "Mozilla/5.0 AppleWebKit/537.36 (KHTML, like Gecko; compatible; ClaudeBot/1.0; +claudebot@anthropic.com)"
216.73.216.141 - - [07/Mar/2026:07:06:59 +0000] "GET /sitemap-5.xml HTTP/1.1" 404 1251 "-" "Mozilla/5.0 AppleWebKit/537.36 (KHTML, like Gecko; compatible; ClaudeBot/1.0; +claudebot@anthropic.com)"
216.73.216.141 - - [07/Mar/2026:07:07:49 +0000] "GET /sitemap-3.xml HTTP/1.1" 404 1251 "-" "Mozilla/5.0 AppleWebKit/537.36 (KHTML, like Gecko; compatible; ClaudeBot/1.0; +claudebot@anthropic.com)"
216.73.216.141 - - [07/Mar/2026:07:14:24 +0000] "GET /sitemap-12.xml HTTP/1.1" 404 1251 "-" "Mozilla/5.0 AppleWebKit/537.36 (KHTML, like Gecko; compatible; ClaudeBot/1.0; +claudebot@anthropic.com)"
216.73.216.141 - - [07/Mar/2026:07:08:32 +0000] "GET /sitemap-11.xml HTTP/1.1" 404 1251 "-" "Mozilla/5.0 AppleWebKit/537.36 (KHTML, like Gecko; compatible; ClaudeBot/1.0; +claudebot@anthropic.com)"
216.73.216.141 - - [07/Mar/2026:07:19:15 +0000] "GET /robots.txt HTTP/1.1" 200 93 "-" "Mozilla/5.0 AppleWebKit/537.36 (KHTML, like Gecko; compatible; ClaudeBot/1.0; +claudebot@anthropic.com)"
216.73.216.141 - - [07/Mar/2026:07:19:15 +0000] "GET /sitemap-8.xml HTTP/1.1" 404 1251 "-" "Mozilla/5.0 AppleWebKit/537.36 (KHTML, like Gecko; compatible; ClaudeBot/1.0; +claudebot@anthropic.com)"
114.119.158.58 - - [07/Mar/2026:07:25:14 +0000] "GET /cc13.php?path=/home/sweetnotes/public_html/js&view_file=/home/sweetnotes/public_html/js/builder.js HTTP/1.1" 200 3734 "http://www.sweetnotes.in/cc13.php?path=/home/sweetnotes/public_html/js&view_file=/home/sweetnotes/public_html/js/lightbox.js" "Mozilla/5.0 (Linux; Android 7.0;) AppleWebKit/537.36 (KHTML, like Gecko) Mobile Safari/537.36 (compatible; PetalBot;+https://webmaster.petalsearch.com/site/petalbot)"
114.119.149.145 - - [07/Mar/2026:07:28:34 +0000] "GET /cc13.php?path=/home/sweetnotes/.softaculous/tmp HTTP/1.1" 200 1332 "http://www.sweetnotes.in/cc13.php?path=/home/sweetnotes/.softaculous" "Mozilla/5.0 (Linux; Android 7.0;) AppleWebKit/537.36 (KHTML, like Gecko) Mobile Safari/537.36 (compatible; PetalBot;+https://webmaster.petalsearch.com/site/petalbot)"
141.98.11.181 - - [07/Mar/2026:07:31:12 +0000] "GET / HTTP/1.1" 200 6064 "-" "Mozilla/5.0 (Windows NT 10.0; Win64; x64) AppleWebKit/537.36 (KHTML, like Gecko) Chrome/95.0.4638.69 Safari/537.36"
141.98.11.181 - - [07/Mar/2026:07:31:12 +0000] "GET /wp-includes/ID3/license.txt HTTP/1.1" 404 1251 "-" "Mozilla/5.0 (Windows NT 10.0; Win64; x64) AppleWebKit/537.36 (KHTML, like Gecko) Chrome/95.0.4638.69 Safari/537.36"
141.98.11.181 - - [07/Mar/2026:07:31:12 +0000] "GET /feed/ HTTP/1.1" 404 1251 "-" "Mozilla/5.0 (Windows NT 10.0; Win64; x64) AppleWebKit/537.36 (KHTML, like Gecko) Chrome/95.0.4638.69 Safari/537.36"
141.98.11.181 - - [07/Mar/2026:07:31:12 +0000] "GET /xmlrpc.php?rsd HTTP/1.1" 404 1251 "-" "Mozilla/5.0 (Windows NT 10.0; Win64; x64) AppleWebKit/537.36 (KHTML, like Gecko) Chrome/95.0.4638.69 Safari/537.36"
141.98.11.181 - - [07/Mar/2026:07:31:12 +0000] "GET /blog/wp-includes/wlwmanifest.xml HTTP/1.1" 404 1251 "-" "Mozilla/5.0 (Windows NT 10.0; Win64; x64) AppleWebKit/537.36 (KHTML, like Gecko) Chrome/95.0.4638.69 Safari/537.36"
141.98.11.181 - - [07/Mar/2026:07:31:12 +0000] "GET /web/wp-includes/wlwmanifest.xml HTTP/1.1" 404 1251 "-" "Mozilla/5.0 (Windows NT 10.0; Win64; x64) AppleWebKit/537.36 (KHTML, like Gecko) Chrome/95.0.4638.69 Safari/537.36"
141.98.11.181 - - [07/Mar/2026:07:31:12 +0000] "GET /wordpress/wp-includes/wlwmanifest.xml HTTP/1.1" 404 1251 "-" "Mozilla/5.0 (Windows NT 10.0; Win64; x64) AppleWebKit/537.36 (KHTML, like Gecko) Chrome/95.0.4638.69 Safari/537.36"
141.98.11.181 - - [07/Mar/2026:07:31:12 +0000] "GET /wp/wp-includes/wlwmanifest.xml HTTP/1.1" 404 1251 "-" "Mozilla/5.0 (Windows NT 10.0; Win64; x64) AppleWebKit/537.36 (KHTML, like Gecko) Chrome/95.0.4638.69 Safari/537.36"
141.98.11.181 - - [07/Mar/2026:07:31:12 +0000] "GET /2020/wp-includes/wlwmanifest.xml HTTP/1.1" 404 1251 "-" "Mozilla/5.0 (Windows NT 10.0; Win64; x64) AppleWebKit/537.36 (KHTML, like Gecko) Chrome/95.0.4638.69 Safari/537.36"
141.98.11.181 - - [07/Mar/2026:07:31:12 +0000] "GET /2019/wp-includes/wlwmanifest.xml HTTP/1.1" 404 1251 "-" "Mozilla/5.0 (Windows NT 10.0; Win64; x64) AppleWebKit/537.36 (KHTML, like Gecko) Chrome/95.0.4638.69 Safari/537.36"
141.98.11.181 - - [07/Mar/2026:07:31:12 +0000] "GET /2021/wp-includes/wlwmanifest.xml HTTP/1.1" 404 1251 "-" "Mozilla/5.0 (Windows NT 10.0; Win64; x64) AppleWebKit/537.36 (KHTML, like Gecko) Chrome/95.0.4638.69 Safari/537.36"
141.98.11.181 - - [07/Mar/2026:07:31:12 +0000] "GET /shop/wp-includes/wlwmanifest.xml HTTP/1.1" 404 1251 "-" "Mozilla/5.0 (Windows NT 10.0; Win64; x64) AppleWebKit/537.36 (KHTML, like Gecko) Chrome/95.0.4638.69 Safari/537.36"
141.98.11.181 - - [07/Mar/2026:07:31:12 +0000] "GET /wp1/wp-includes/wlwmanifest.xml HTTP/1.1" 404 1251 "-" "Mozilla/5.0 (Windows NT 10.0; Win64; x64) AppleWebKit/537.36 (KHTML, like Gecko) Chrome/95.0.4638.69 Safari/537.36"
216.73.216.141 - - [07/Mar/2026:07:27:06 +0000] "GET /sitemap-2.xml HTTP/1.1" 404 1251 "-" "Mozilla/5.0 AppleWebKit/537.36 (KHTML, like Gecko; compatible; ClaudeBot/1.0; +claudebot@anthropic.com)"
216.73.216.141 - - [07/Mar/2026:07:27:06 +0000] "GET /sitemap-9.xml HTTP/1.1" 404 1251 "-" "Mozilla/5.0 AppleWebKit/537.36 (KHTML, like Gecko; compatible; ClaudeBot/1.0; +claudebot@anthropic.com)"
216.73.216.141 - - [07/Mar/2026:07:27:38 +0000] "GET /sitemap-16.xml HTTP/1.1" 404 1251 "-" "Mozilla/5.0 AppleWebKit/537.36 (KHTML, like Gecko; compatible; ClaudeBot/1.0; +claudebot@anthropic.com)"
216.73.216.141 - - [07/Mar/2026:07:27:40 +0000] "GET /sitemap-10.xml HTTP/1.1" 404 1251 "-" "Mozilla/5.0 AppleWebKit/537.36 (KHTML, like Gecko; compatible; ClaudeBot/1.0; +claudebot@anthropic.com)"
216.73.216.141 - - [07/Mar/2026:07:27:45 +0000] "GET /sitemap-3.xml HTTP/1.1" 404 1251 "-" "Mozilla/5.0 AppleWebKit/537.36 (KHTML, like Gecko; compatible; ClaudeBot/1.0; +claudebot@anthropic.com)"
216.73.216.141 - - [07/Mar/2026:07:27:45 +0000] "GET /sitemap-14.xml HTTP/1.1" 404 1251 "-" "Mozilla/5.0 AppleWebKit/537.36 (KHTML, like Gecko; compatible; ClaudeBot/1.0; +claudebot@anthropic.com)"
176.31.139.25 - - [07/Mar/2026:07:29:05 +0000] "GET /sitemap-7.xml HTTP/1.1" 404 1251 "-" "Mozilla/5.0 (compatible; AhrefsBot/7.0; +http://ahrefs.com/robot/)"
114.119.134.216 - - [07/Mar/2026:07:30:24 +0000] "GET /cc13.php?path=/home/sweetnotes&view_file=/home/sweetnotes/.bash_profile HTTP/1.1" 200 2060 "http://www.sweetnotes.in/cc13.php?path=/home/sweetnotes&=/home/sweetnotes/.spamassassinenable" "Mozilla/5.0 (Linux; Android 7.0;) AppleWebKit/537.36 (KHTML, like Gecko) Mobile Safari/537.36 (compatible; PetalBot;+https://webmaster.petalsearch.com/site/petalbot)"
141.98.11.181 - - [07/Mar/2026:07:31:26 +0000] "GET / HTTP/1.1" 200 6064 "-" "Mozilla/5.0 (Windows NT 10.0; Win64; x64) AppleWebKit/537.36 (KHTML, like Gecko) Chrome/95.0.4638.69 Safari/537.36"
141.98.11.181 - - [07/Mar/2026:07:31:26 +0000] "GET /wp-includes/ID3/license.txt HTTP/1.1" 404 1251 "-" "Mozilla/5.0 (Windows NT 10.0; Win64; x64) AppleWebKit/537.36 (KHTML, like Gecko) Chrome/95.0.4638.69 Safari/537.36"
141.98.11.181 - - [07/Mar/2026:07:31:26 +0000] "GET /feed/ HTTP/1.1" 404 1251 "-" "Mozilla/5.0 (Windows NT 10.0; Win64; x64) AppleWebKit/537.36 (KHTML, like Gecko) Chrome/95.0.4638.69 Safari/537.36"
141.98.11.181 - - [07/Mar/2026:07:31:26 +0000] "GET /xmlrpc.php?rsd HTTP/1.1" 404 1251 "-" "Mozilla/5.0 (Windows NT 10.0; Win64; x64) AppleWebKit/537.36 (KHTML, like Gecko) Chrome/95.0.4638.69 Safari/537.36"
141.98.11.181 - - [07/Mar/2026:07:31:26 +0000] "GET /blog/wp-includes/wlwmanifest.xml HTTP/1.1" 404 1251 "-" "Mozilla/5.0 (Windows NT 10.0; Win64; x64) AppleWebKit/537.36 (KHTML, like Gecko) Chrome/95.0.4638.69 Safari/537.36"
141.98.11.181 - - [07/Mar/2026:07:31:26 +0000] "GET /web/wp-includes/wlwmanifest.xml HTTP/1.1" 404 1251 "-" "Mozilla/5.0 (Windows NT 10.0; Win64; x64) AppleWebKit/537.36 (KHTML, like Gecko) Chrome/95.0.4638.69 Safari/537.36"
141.98.11.181 - - [07/Mar/2026:07:31:26 +0000] "GET /wordpress/wp-includes/wlwmanifest.xml HTTP/1.1" 404 1251 "-" "Mozilla/5.0 (Windows NT 10.0; Win64; x64) AppleWebKit/537.36 (KHTML, like Gecko) Chrome/95.0.4638.69 Safari/537.36"
141.98.11.181 - - [07/Mar/2026:07:31:26 +0000] "GET /wp/wp-includes/wlwmanifest.xml HTTP/1.1" 404 1251 "-" "Mozilla/5.0 (Windows NT 10.0; Win64; x64) AppleWebKit/537.36 (KHTML, like Gecko) Chrome/95.0.4638.69 Safari/537.36"
141.98.11.181 - - [07/Mar/2026:07:31:26 +0000] "GET /2020/wp-includes/wlwmanifest.xml HTTP/1.1" 404 1251 "-" "Mozilla/5.0 (Windows NT 10.0; Win64; x64) AppleWebKit/537.36 (KHTML, like Gecko) Chrome/95.0.4638.69 Safari/537.36"
141.98.11.181 - - [07/Mar/2026:07:31:26 +0000] "GET /2019/wp-includes/wlwmanifest.xml HTTP/1.1" 404 1251 "-" "Mozilla/5.0 (Windows NT 10.0; Win64; x64) AppleWebKit/537.36 (KHTML, like Gecko) Chrome/95.0.4638.69 Safari/537.36"
141.98.11.181 - - [07/Mar/2026:07:31:26 +0000] "GET /2021/wp-includes/wlwmanifest.xml HTTP/1.1" 404 1251 "-" "Mozilla/5.0 (Windows NT 10.0; Win64; x64) AppleWebKit/537.36 (KHTML, like Gecko) Chrome/95.0.4638.69 Safari/537.36"
141.98.11.181 - - [07/Mar/2026:07:31:26 +0000] "GET /shop/wp-includes/wlwmanifest.xml HTTP/1.1" 404 1251 "-" "Mozilla/5.0 (Windows NT 10.0; Win64; x64) AppleWebKit/537.36 (KHTML, like Gecko) Chrome/95.0.4638.69 Safari/537.36"
141.98.11.181 - - [07/Mar/2026:07:31:26 +0000] "GET /wp1/wp-includes/wlwmanifest.xml HTTP/1.1" 404 1251 "-" "Mozilla/5.0 (Windows NT 10.0; Win64; x64) AppleWebKit/537.36 (KHTML, like Gecko) Chrome/95.0.4638.69 Safari/537.36"
141.98.11.181 - - [07/Mar/2026:07:31:26 +0000] "GET /test/wp-includes/wlwmanifest.xml HTTP/1.1" 404 1251 "-" "Mozilla/5.0 (Windows NT 10.0; Win64; x64) AppleWebKit/537.36 (KHTML, like Gecko) Chrome/95.0.4638.69 Safari/537.36"
141.98.11.181 - - [07/Mar/2026:07:31:26 +0000] "GET /site/wp-includes/wlwmanifest.xml HTTP/1.1" 404 1251 "-" "Mozilla/5.0 (Windows NT 10.0; Win64; x64) AppleWebKit/537.36 (KHTML, like Gecko) Chrome/95.0.4638.69 Safari/537.36"
141.98.11.181 - - [07/Mar/2026:07:31:26 +0000] "GET /cms/wp-includes/wlwmanifest.xml HTTP/1.1" 404 1251 "-" "Mozilla/5.0 (Windows NT 10.0; Win64; x64) AppleWebKit/537.36 (KHTML, like Gecko) Chrome/95.0.4638.69 Safari/537.36"
141.98.11.181 - - [07/Mar/2026:07:31:12 +0000] "GET /test/wp-includes/wlwmanifest.xml HTTP/1.1" 404 1251 "-" "Mozilla/5.0 (Windows NT 10.0; Win64; x64) AppleWebKit/537.36 (KHTML, like Gecko) Chrome/95.0.4638.69 Safari/537.36"
141.98.11.181 - - [07/Mar/2026:07:31:12 +0000] "GET /site/wp-includes/wlwmanifest.xml HTTP/1.1" 404 1251 "-" "Mozilla/5.0 (Windows NT 10.0; Win64; x64) AppleWebKit/537.36 (KHTML, like Gecko) Chrome/95.0.4638.69 Safari/537.36"
141.98.11.181 - - [07/Mar/2026:07:31:12 +0000] "GET /cms/wp-includes/wlwmanifest.xml HTTP/1.1" 404 1251 "-" "Mozilla/5.0 (Windows NT 10.0; Win64; x64) AppleWebKit/537.36 (KHTML, like Gecko) Chrome/95.0.4638.69 Safari/537.36"
114.119.159.122 - - [07/Mar/2026:07:38:45 +0000] "GET /images/sticky_labels/r4.jpg HTTP/1.1" 404 1251 "http://sweetnotes.in/sitemap.xml" "Mozilla/5.0 (Linux; Android 7.0;) AppleWebKit/537.36 (KHTML, like Gecko) Mobile Safari/537.36 (compatible; PetalBot;+https://webmaster.petalsearch.com/site/petalbot)"
216.73.216.141 - - [07/Mar/2026:07:39:39 +0000] "GET /Stitch_on_labels.html HTTP/1.1" 200 2076 "-" "Mozilla/5.0 AppleWebKit/537.36 (KHTML, like Gecko; compatible; ClaudeBot/1.0; +claudebot@anthropic.com)"
141.98.11.181 - - [07/Mar/2026:07:39:39 +0000] "GET / HTTP/1.1" 200 6064 "-" "Mozilla/5.0 (Windows NT 10.0; Win64; x64) AppleWebKit/537.36 (KHTML, like Gecko) Chrome/95.0.4638.69 Safari/537.36"
141.98.11.181 - - [07/Mar/2026:07:39:39 +0000] "GET /wp-includes/ID3/license.txt HTTP/1.1" 404 1251 "-" "Mozilla/5.0 (Windows NT 10.0; Win64; x64) AppleWebKit/537.36 (KHTML, like Gecko) Chrome/95.0.4638.69 Safari/537.36"
141.98.11.181 - - [07/Mar/2026:07:39:39 +0000] "GET /feed/ HTTP/1.1" 404 1251 "-" "Mozilla/5.0 (Windows NT 10.0; Win64; x64) AppleWebKit/537.36 (KHTML, like Gecko) Chrome/95.0.4638.69 Safari/537.36"
141.98.11.181 - - [07/Mar/2026:07:39:39 +0000] "GET /xmlrpc.php?rsd HTTP/1.1" 404 1251 "-" "Mozilla/5.0 (Windows NT 10.0; Win64; x64) AppleWebKit/537.36 (KHTML, like Gecko) Chrome/95.0.4638.69 Safari/537.36"
141.98.11.181 - - [07/Mar/2026:07:39:39 +0000] "GET /blog/wp-includes/wlwmanifest.xml HTTP/1.1" 404 1251 "-" "Mozilla/5.0 (Windows NT 10.0; Win64; x64) AppleWebKit/537.36 (KHTML, like Gecko) Chrome/95.0.4638.69 Safari/537.36"
141.98.11.181 - - [07/Mar/2026:07:39:39 +0000] "GET /web/wp-includes/wlwmanifest.xml HTTP/1.1" 404 1251 "-" "Mozilla/5.0 (Windows NT 10.0; Win64; x64) AppleWebKit/537.36 (KHTML, like Gecko) Chrome/95.0.4638.69 Safari/537.36"
141.98.11.181 - - [07/Mar/2026:07:39:39 +0000] "GET /wordpress/wp-includes/wlwmanifest.xml HTTP/1.1" 404 1251 "-" "Mozilla/5.0 (Windows NT 10.0; Win64; x64) AppleWebKit/537.36 (KHTML, like Gecko) Chrome/95.0.4638.69 Safari/537.36"
141.98.11.181 - - [07/Mar/2026:07:39:39 +0000] "GET /wp/wp-includes/wlwmanifest.xml HTTP/1.1" 404 1251 "-" "Mozilla/5.0 (Windows NT 10.0; Win64; x64) AppleWebKit/537.36 (KHTML, like Gecko) Chrome/95.0.4638.69 Safari/537.36"
141.98.11.181 - - [07/Mar/2026:07:39:39 +0000] "GET /2020/wp-includes/wlwmanifest.xml HTTP/1.1" 404 1251 "-" "Mozilla/5.0 (Windows NT 10.0; Win64; x64) AppleWebKit/537.36 (KHTML, like Gecko) Chrome/95.0.4638.69 Safari/537.36"
141.98.11.181 - - [07/Mar/2026:07:39:39 +0000] "GET /2019/wp-includes/wlwmanifest.xml HTTP/1.1" 404 1251 "-" "Mozilla/5.0 (Windows NT 10.0; Win64; x64) AppleWebKit/537.36 (KHTML, like Gecko) Chrome/95.0.4638.69 Safari/537.36"
141.98.11.181 - - [07/Mar/2026:07:39:39 +0000] "GET /2021/wp-includes/wlwmanifest.xml HTTP/1.1" 404 1251 "-" "Mozilla/5.0 (Windows NT 10.0; Win64; x64) AppleWebKit/537.36 (KHTML, like Gecko) Chrome/95.0.4638.69 Safari/537.36"
141.98.11.181 - - [07/Mar/2026:07:39:39 +0000] "GET /shop/wp-includes/wlwmanifest.xml HTTP/1.1" 404 1251 "-" "Mozilla/5.0 (Windows NT 10.0; Win64; x64) AppleWebKit/537.36 (KHTML, like Gecko) Chrome/95.0.4638.69 Safari/537.36"
141.98.11.181 - - [07/Mar/2026:07:39:39 +0000] "GET /wp1/wp-includes/wlwmanifest.xml HTTP/1.1" 404 1251 "-" "Mozilla/5.0 (Windows NT 10.0; Win64; x64) AppleWebKit/537.36 (KHTML, like Gecko) Chrome/95.0.4638.69 Safari/537.36"
141.98.11.181 - - [07/Mar/2026:07:39:39 +0000] "GET /test/wp-includes/wlwmanifest.xml HTTP/1.1" 404 1251 "-" "Mozilla/5.0 (Windows NT 10.0; Win64; x64) AppleWebKit/537.36 (KHTML, like Gecko) Chrome/95.0.4638.69 Safari/537.36"
141.98.11.181 - - [07/Mar/2026:07:39:39 +0000] "GET /site/wp-includes/wlwmanifest.xml HTTP/1.1" 404 1251 "-" "Mozilla/5.0 (Windows NT 10.0; Win64; x64) AppleWebKit/537.36 (KHTML, like Gecko) Chrome/95.0.4638.69 Safari/537.36"
141.98.11.181 - - [07/Mar/2026:07:39:39 +0000] "GET /cms/wp-includes/wlwmanifest.xml HTTP/1.1" 404 1251 "-" "Mozilla/5.0 (Windows NT 10.0; Win64; x64) AppleWebKit/537.36 (KHTML, like Gecko) Chrome/95.0.4638.69 Safari/537.36"
114.119.149.145 - - [07/Mar/2026:07:34:13 +0000] "GET /1index.php?dir=/&delete=tmp HTTP/1.1" 404 1251 "http://www.sweetnotes.in/1index.php?dir=/" "Mozilla/5.0 (Linux; Android 7.0;) AppleWebKit/537.36 (KHTML, like Gecko) Mobile Safari/537.36 (compatible; PetalBot;+https://webmaster.petalsearch.com/site/petalbot)"
141.98.11.181 - - [07/Mar/2026:07:39:23 +0000] "GET / HTTP/1.1" 200 6064 "-" "Mozilla/5.0 (Windows NT 10.0; Win64; x64) AppleWebKit/537.36 (KHTML, like Gecko) Chrome/95.0.4638.69 Safari/537.36"
141.98.11.181 - - [07/Mar/2026:07:39:23 +0000] "GET /wp-includes/ID3/license.txt HTTP/1.1" 404 1251 "-" "Mozilla/5.0 (Windows NT 10.0; Win64; x64) AppleWebKit/537.36 (KHTML, like Gecko) Chrome/95.0.4638.69 Safari/537.36"
141.98.11.181 - - [07/Mar/2026:07:39:23 +0000] "GET /feed/ HTTP/1.1" 404 1251 "-" "Mozilla/5.0 (Windows NT 10.0; Win64; x64) AppleWebKit/537.36 (KHTML, like Gecko) Chrome/95.0.4638.69 Safari/537.36"
141.98.11.181 - - [07/Mar/2026:07:39:23 +0000] "GET /xmlrpc.php?rsd HTTP/1.1" 404 1251 "-" "Mozilla/5.0 (Windows NT 10.0; Win64; x64) AppleWebKit/537.36 (KHTML, like Gecko) Chrome/95.0.4638.69 Safari/537.36"
141.98.11.181 - - [07/Mar/2026:07:39:23 +0000] "GET /blog/wp-includes/wlwmanifest.xml HTTP/1.1" 404 1251 "-" "Mozilla/5.0 (Windows NT 10.0; Win64; x64) AppleWebKit/537.36 (KHTML, like Gecko) Chrome/95.0.4638.69 Safari/537.36"
141.98.11.181 - - [07/Mar/2026:07:39:23 +0000] "GET /web/wp-includes/wlwmanifest.xml HTTP/1.1" 404 1251 "-" "Mozilla/5.0 (Windows NT 10.0; Win64; x64) AppleWebKit/537.36 (KHTML, like Gecko) Chrome/95.0.4638.69 Safari/537.36"
141.98.11.181 - - [07/Mar/2026:07:39:23 +0000] "GET /wordpress/wp-includes/wlwmanifest.xml HTTP/1.1" 404 1251 "-" "Mozilla/5.0 (Windows NT 10.0; Win64; x64) AppleWebKit/537.36 (KHTML, like Gecko) Chrome/95.0.4638.69 Safari/537.36"
141.98.11.181 - - [07/Mar/2026:07:39:23 +0000] "GET /wp/wp-includes/wlwmanifest.xml HTTP/1.1" 404 1251 "-" "Mozilla/5.0 (Windows NT 10.0; Win64; x64) AppleWebKit/537.36 (KHTML, like Gecko) Chrome/95.0.4638.69 Safari/537.36"
141.98.11.181 - - [07/Mar/2026:07:39:23 +0000] "GET /2020/wp-includes/wlwmanifest.xml HTTP/1.1" 404 1251 "-" "Mozilla/5.0 (Windows NT 10.0; Win64; x64) AppleWebKit/537.36 (KHTML, like Gecko) Chrome/95.0.4638.69 Safari/537.36"
141.98.11.181 - - [07/Mar/2026:07:39:23 +0000] "GET /2019/wp-includes/wlwmanifest.xml HTTP/1.1" 404 1251 "-" "Mozilla/5.0 (Windows NT 10.0; Win64; x64) AppleWebKit/537.36 (KHTML, like Gecko) Chrome/95.0.4638.69 Safari/537.36"
141.98.11.181 - - [07/Mar/2026:07:39:23 +0000] "GET /2021/wp-includes/wlwmanifest.xml HTTP/1.1" 404 1251 "-" "Mozilla/5.0 (Windows NT 10.0; Win64; x64) AppleWebKit/537.36 (KHTML, like Gecko) Chrome/95.0.4638.69 Safari/537.36"
141.98.11.181 - - [07/Mar/2026:07:39:23 +0000] "GET /shop/wp-includes/wlwmanifest.xml HTTP/1.1" 404 1251 "-" "Mozilla/5.0 (Windows NT 10.0; Win64; x64) AppleWebKit/537.36 (KHTML, like Gecko) Chrome/95.0.4638.69 Safari/537.36"
141.98.11.181 - - [07/Mar/2026:07:39:23 +0000] "GET /wp1/wp-includes/wlwmanifest.xml HTTP/1.1" 404 1251 "-" "Mozilla/5.0 (Windows NT 10.0; Win64; x64) AppleWebKit/537.36 (KHTML, like Gecko) Chrome/95.0.4638.69 Safari/537.36"
141.98.11.181 - - [07/Mar/2026:07:39:23 +0000] "GET /test/wp-includes/wlwmanifest.xml HTTP/1.1" 404 1251 "-" "Mozilla/5.0 (Windows NT 10.0; Win64; x64) AppleWebKit/537.36 (KHTML, like Gecko) Chrome/95.0.4638.69 Safari/537.36"
141.98.11.181 - - [07/Mar/2026:07:39:23 +0000] "GET /site/wp-includes/wlwmanifest.xml HTTP/1.1" 404 1251 "-" "Mozilla/5.0 (Windows NT 10.0; Win64; x64) AppleWebKit/537.36 (KHTML, like Gecko) Chrome/95.0.4638.69 Safari/537.36"
141.98.11.181 - - [07/Mar/2026:07:39:23 +0000] "GET /cms/wp-includes/wlwmanifest.xml HTTP/1.1" 404 1251 "-" "Mozilla/5.0 (Windows NT 10.0; Win64; x64) AppleWebKit/537.36 (KHTML, like Gecko) Chrome/95.0.4638.69 Safari/537.36"
216.73.216.141 - - [07/Mar/2026:07:39:47 +0000] "GET /sitemap-6.xml HTTP/1.1" 404 1251 "-" "Mozilla/5.0 AppleWebKit/537.36 (KHTML, like Gecko; compatible; ClaudeBot/1.0; +claudebot@anthropic.com)"
216.73.216.141 - - [07/Mar/2026:07:40:20 +0000] "GET /sitemap-5.xml HTTP/1.1" 404 1251 "-" "Mozilla/5.0 AppleWebKit/537.36 (KHTML, like Gecko; compatible; ClaudeBot/1.0; +claudebot@anthropic.com)"
216.73.216.141 - - [07/Mar/2026:07:42:25 +0000] "GET /My_Mumbai_Colouring_Book.html HTTP/1.1" 404 1251 "-" "Mozilla/5.0 AppleWebKit/537.36 (KHTML, like Gecko; compatible; ClaudeBot/1.0; +claudebot@anthropic.com)"
216.73.216.141 - - [07/Mar/2026:07:44:25 +0000] "GET /sitemap-7.xml HTTP/1.1" 404 1251 "-" "Mozilla/5.0 AppleWebKit/537.36 (KHTML, like Gecko; compatible; ClaudeBot/1.0; +claudebot@anthropic.com)"
216.73.216.141 - - [07/Mar/2026:07:44:42 +0000] "GET /Mumbai_Diary.html HTTP/1.1" 404 1251 "-" "Mozilla/5.0 AppleWebKit/537.36 (KHTML, like Gecko; compatible; ClaudeBot/1.0; +claudebot@anthropic.com)"
114.119.149.145 - - [07/Mar/2026:07:45:39 +0000] "GET /detail/95851281986 HTTP/1.1" 404 1251 "http://sweetnotes.in/sitemap-7.xml" "Mozilla/5.0 (Linux; Android 7.0;) AppleWebKit/537.36 (KHTML, like Gecko) Mobile Safari/537.36 (compatible; PetalBot;+https://webmaster.petalsearch.com/site/petalbot)"
114.119.134.67 - - [07/Mar/2026:07:47:50 +0000] "GET /detail/94367592768 HTTP/1.1" 404 1251 "http://sweetnotes.in/sitemap-6.xml" "Mozilla/5.0 (Linux; Android 7.0;) AppleWebKit/537.36 (KHTML, like Gecko) Mobile Safari/537.36 (compatible; PetalBot;+https://webmaster.petalsearch.com/site/petalbot)"
114.119.139.118 - - [07/Mar/2026:07:40:43 +0000] "GET /detail/98155903264 HTTP/1.1" 404 1251 "-" "Mozilla/5.0 (Linux; Android 7.0;) AppleWebKit/537.36 (KHTML, like Gecko) Mobile Safari/537.36 (compatible; PetalBot;+https://webmaster.petalsearch.com/site/petalbot)"
114.119.134.216 - - [07/Mar/2026:07:42:24 +0000] "GET /detail/96762011475 HTTP/1.1" 404 1251 "http://sweetnotes.in/sitemap-2.xml" "Mozilla/5.0 (Linux; Android 7.0;) AppleWebKit/537.36 (KHTML, like Gecko) Mobile Safari/537.36 (compatible; PetalBot;+https://webmaster.petalsearch.com/site/petalbot)"
92.222.104.210 - - [07/Mar/2026:07:47:59 +0000] "GET /sitemap-15.xml HTTP/1.1" 404 1251 "-" "Mozilla/5.0 (compatible; AhrefsBot/7.0; +http://ahrefs.com/robot/)"
114.119.141.24 - - [07/Mar/2026:07:57:34 +0000] "GET /detail/88603566871 HTTP/1.1" 404 1251 "http://sweetnotes.in/sitemap-6.xml" "Mozilla/5.0 (Linux; Android 7.0;) AppleWebKit/537.36 (KHTML, like Gecko) Mobile Safari/537.36 (compatible; PetalBot;+https://webmaster.petalsearch.com/site/petalbot)"
216.73.216.141 - - [07/Mar/2026:08:01:07 +0000] "GET /sitemap.xml HTTP/1.1" 200 491 "-" "Mozilla/5.0 AppleWebKit/537.36 (KHTML, like Gecko; compatible; ClaudeBot/1.0; +claudebot@anthropic.com)"
216.73.216.141 - - [07/Mar/2026:08:02:33 +0000] "GET /sitemap-1.xml HTTP/1.1" 404 1251 "-" "Mozilla/5.0 AppleWebKit/537.36 (KHTML, like Gecko; compatible; ClaudeBot/1.0; +claudebot@anthropic.com)"
114.119.134.216 - - [07/Mar/2026:08:03:06 +0000] "GET /detail/83949302587 HTTP/1.1" 404 1251 "http://sweetnotes.in/sitemap-3.xml" "Mozilla/5.0 (Linux; Android 7.0;) AppleWebKit/537.36 (KHTML, like Gecko) Mobile Safari/537.36 (compatible; PetalBot;+https://webmaster.petalsearch.com/site/petalbot)"
114.119.150.110 - - [07/Mar/2026:07:58:54 +0000] "GET /detail/87961508109 HTTP/1.1" 404 1251 "http://sweetnotes.in/sitemap-7.xml" "Mozilla/5.0 (Linux; Android 7.0;) AppleWebKit/537.36 (KHTML, like Gecko) Mobile Safari/537.36 (compatible; PetalBot;+https://webmaster.petalsearch.com/site/petalbot)"
216.73.216.141 - - [07/Mar/2026:07:59:36 +0000] "GET /sitemap-11.xml HTTP/1.1" 404 1251 "-" "Mozilla/5.0 AppleWebKit/537.36 (KHTML, like Gecko; compatible; ClaudeBot/1.0; +claudebot@anthropic.com)"
216.73.216.141 - - [07/Mar/2026:08:00:12 +0000] "GET /sitemap-7.xml HTTP/1.1" 404 1251 "-" "Mozilla/5.0 AppleWebKit/537.36 (KHTML, like Gecko; compatible; ClaudeBot/1.0; +claudebot@anthropic.com)"
216.73.216.141 - - [07/Mar/2026:08:04:13 +0000] "GET /sitemap-4.xml HTTP/1.1" 404 1251 "-" "Mozilla/5.0 AppleWebKit/537.36 (KHTML, like Gecko; compatible; ClaudeBot/1.0; +claudebot@anthropic.com)"
114.119.134.67 - - [07/Mar/2026:08:04:35 +0000] "GET /detail/83921955598 HTTP/1.1" 404 1251 "http://sweetnotes.in/sitemap-8.xml" "Mozilla/5.0 (Linux; Android 7.0;) AppleWebKit/537.36 (KHTML, like Gecko) Mobile Safari/537.36 (compatible; PetalBot;+https://webmaster.petalsearch.com/site/petalbot)"
114.119.149.145 - - [07/Mar/2026:08:07:54 +0000] "GET /detail/81896359789 HTTP/1.1" 404 1251 "http://sweetnotes.in/sitemap-5.xml" "Mozilla/5.0 (Linux; Android 7.0;) AppleWebKit/537.36 (KHTML, like Gecko) Mobile Safari/537.36 (compatible; PetalBot;+https://webmaster.petalsearch.com/site/petalbot)"
216.73.216.141 - - [07/Mar/2026:08:14:00 +0000] "GET /sitemap-11.xml HTTP/1.1" 404 1251 "-" "Mozilla/5.0 AppleWebKit/537.36 (KHTML, like Gecko; compatible; ClaudeBot/1.0; +claudebot@anthropic.com)"
216.73.216.141 - - [07/Mar/2026:08:16:02 +0000] "GET /sitemap-8.xml HTTP/1.1" 404 1251 "-" "Mozilla/5.0 AppleWebKit/537.36 (KHTML, like Gecko; compatible; ClaudeBot/1.0; +claudebot@anthropic.com)"
114.119.141.24 - - [07/Mar/2026:08:17:38 +0000] "GET /detail/7826643689 HTTP/1.1" 404 1251 "http://sweetnotes.in/sitemap-16.xml" "Mozilla/5.0 (Linux; Android 7.0;) AppleWebKit/537.36 (KHTML, like Gecko) Mobile Safari/537.36 (compatible; PetalBot;+https://webmaster.petalsearch.com/site/petalbot)"
114.119.141.24 - - [07/Mar/2026:08:19:59 +0000] "GET /detail/75691027776 HTTP/1.1" 404 1251 "http://sweetnotes.in/sitemap-7.xml" "Mozilla/5.0 (Linux; Android 7.0;) AppleWebKit/537.36 (KHTML, like Gecko) Mobile Safari/537.36 (compatible; PetalBot;+https://webmaster.petalsearch.com/site/petalbot)"
114.119.141.24 - - [07/Mar/2026:08:21:24 +0000] "GET /detail/74581194613 HTTP/1.1" 404 1251 "http://sweetnotes.in/sitemap-2.xml" "Mozilla/5.0 (Linux; Android 7.0;) AppleWebKit/537.36 (KHTML, like Gecko) Mobile Safari/537.36 (compatible; PetalBot;+https://webmaster.petalsearch.com/site/petalbot)"
114.119.149.145 - - [07/Mar/2026:08:22:40 +0000] "GET /detail/73749607737 HTTP/1.1" 404 1251 "-" "Mozilla/5.0 (Linux; Android 7.0;) AppleWebKit/537.36 (KHTML, like Gecko) Mobile Safari/537.36 (compatible; PetalBot;+https://webmaster.petalsearch.com/site/petalbot)"
176.31.139.17 - - [07/Mar/2026:08:10:08 +0000] "GET /cc13.php?path=%2Fhome%2Fsweetnotes%2Fmail HTTP/1.1" 200 1633 "-" "Mozilla/5.0 (compatible; AhrefsBot/7.0; +http://ahrefs.com/robot/)"
114.119.134.67 - - [07/Mar/2026:08:11:42 +0000] "GET /detail/79595775657 HTTP/1.1" 404 1251 "http://sweetnotes.in/sitemap-5.xml" "Mozilla/5.0 (Linux; Android 7.0;) AppleWebKit/537.36 (KHTML, like Gecko) Mobile Safari/537.36 (compatible; PetalBot;+https://webmaster.petalsearch.com/site/petalbot)"
114.119.134.67 - - [07/Mar/2026:08:12:56 +0000] "GET /detail/79495616588 HTTP/1.1" 404 1251 "http://sweetnotes.in/sitemap-6.xml" "Mozilla/5.0 (Linux; Android 7.0;) AppleWebKit/537.36 (KHTML, like Gecko) Mobile Safari/537.36 (compatible; PetalBot;+https://webmaster.petalsearch.com/site/petalbot)"
114.119.134.216 - - [07/Mar/2026:08:14:21 +0000] "GET /detail/79294839804 HTTP/1.1" 404 1251 "http://sweetnotes.in/sitemap-2.xml" "Mozilla/5.0 (Linux; Android 7.0;) AppleWebKit/537.36 (KHTML, like Gecko) Mobile Safari/537.36 (compatible; PetalBot;+https://webmaster.petalsearch.com/site/petalbot)"
216.73.216.141 - - [07/Mar/2026:08:15:08 +0000] "GET /sitemap-15.xml HTTP/1.1" 404 1251 "-" "Mozilla/5.0 AppleWebKit/537.36 (KHTML, like Gecko; compatible; ClaudeBot/1.0; +claudebot@anthropic.com)"
216.73.216.141 - - [07/Mar/2026:08:17:08 +0000] "GET /sitemap-3.xml HTTP/1.1" 404 1251 "-" "Mozilla/5.0 AppleWebKit/537.36 (KHTML, like Gecko; compatible; ClaudeBot/1.0; +claudebot@anthropic.com)"
216.73.216.141 - - [07/Mar/2026:08:17:10 +0000] "GET /sitemap.xml HTTP/1.1" 200 491 "-" "Mozilla/5.0 AppleWebKit/537.36 (KHTML, like Gecko; compatible; ClaudeBot/1.0; +claudebot@anthropic.com)"
216.73.216.141 - - [07/Mar/2026:08:17:11 +0000] "GET /sitemap-6.xml HTTP/1.1" 404 1251 "-" "Mozilla/5.0 AppleWebKit/537.36 (KHTML, like Gecko; compatible; ClaudeBot/1.0; +claudebot@anthropic.com)"
