217.160.202.182 - - [07/Mar/2026:01:24:25 +0000] "GET / HTTP/1.1" 200 1704 "-" "Mozilla/5.0 (Windows NT 10.0; Win64; x64) AppleWebKit/537.36 (KHTML, like Gecko) Chrome/91.0.4472.114 Safari/537.36 Edg/91.0.864.54"
114.119.134.67 - - [07/Mar/2026:01:25:49 +0000] "GET /detail/87296985893 HTTP/1.1" 404 1251 "http://sweetnotes.in/sitemap-7.xml" "Mozilla/5.0 (Linux; Android 7.0;) AppleWebKit/537.36 (KHTML, like Gecko) Mobile Safari/537.36 (compatible; PetalBot;+https://webmaster.petalsearch.com/site/petalbot)"
114.119.159.122 - - [07/Mar/2026:01:34:18 +0000] "GET /detail/77132062829 HTTP/1.1" 404 1251 "http://sweetnotes.in/sitemap-9.xml" "Mozilla/5.0 (Linux; Android 7.0;) AppleWebKit/537.36 (KHTML, like Gecko) Mobile Safari/537.36 (compatible; PetalBot;+https://webmaster.petalsearch.com/site/petalbot)"
114.119.159.122 - - [07/Mar/2026:01:37:00 +0000] "GET /detail/69829937331 HTTP/1.1" 404 1251 "http://sweetnotes.in/sitemap-5.xml" "Mozilla/5.0 (Linux; Android 7.0;) AppleWebKit/537.36 (KHTML, like Gecko) Mobile Safari/537.36 (compatible; PetalBot;+https://webmaster.petalsearch.com/site/petalbot)"
114.119.149.145 - - [07/Mar/2026:01:40:11 +0000] "GET /detail/64498199359 HTTP/1.1" 404 1251 "http://sweetnotes.in/sitemap-6.xml" "Mozilla/5.0 (Linux; Android 7.0;) AppleWebKit/537.36 (KHTML, like Gecko) Mobile Safari/537.36 (compatible; PetalBot;+https://webmaster.petalsearch.com/site/petalbot)"
114.119.139.118 - - [07/Mar/2026:01:35:18 +0000] "GET /detail/69979083006 HTTP/1.1" 404 1251 "http://sweetnotes.in/sitemap-9.xml" "Mozilla/5.0 (Linux; Android 7.0;) AppleWebKit/537.36 (KHTML, like Gecko) Mobile Safari/537.36 (compatible; PetalBot;+https://webmaster.petalsearch.com/site/petalbot)"
114.119.159.122 - - [07/Mar/2026:01:41:10 +0000] "GET /detail/58670341379 HTTP/1.1" 404 1251 "http://sweetnotes.in/sitemap-9.xml" "Mozilla/5.0 (Linux; Android 7.0;) AppleWebKit/537.36 (KHTML, like Gecko) Mobile Safari/537.36 (compatible; PetalBot;+https://webmaster.petalsearch.com/site/petalbot)"
114.119.134.67 - - [07/Mar/2026:01:44:08 +0000] "GET /detail/56705863750 HTTP/1.1" 404 1251 "http://sweetnotes.in/sitemap-8.xml" "Mozilla/5.0 (Linux; Android 7.0;) AppleWebKit/537.36 (KHTML, like Gecko) Mobile Safari/537.36 (compatible; PetalBot;+https://webmaster.petalsearch.com/site/petalbot)"
114.119.134.67 - - [07/Mar/2026:01:46:44 +0000] "GET /detail/522172971770 HTTP/1.1" 404 1251 "http://sweetnotes.in/sitemap-3.xml" "Mozilla/5.0 (Linux; Android 7.0;) AppleWebKit/537.36 (KHTML, like Gecko) Mobile Safari/537.36 (compatible; PetalBot;+https://webmaster.petalsearch.com/site/petalbot)"
114.119.134.216 - - [07/Mar/2026:01:54:06 +0000] "GET /wp-22.php?path=/home/sweetnotes/public_html/images&=/home/sweetnotes/public_html/images/.68c86ebfe2a055.47571561 HTTP/1.1" 404 1251 "http://www.sweetnotes.in/wp-22.php?path=/home/sweetnotes/public_html/images" "Mozilla/5.0 (Linux; Android 7.0;) AppleWebKit/537.36 (KHTML, like Gecko) Mobile Safari/537.36 (compatible; PetalBot;+https://webmaster.petalsearch.com/site/petalbot)"
114.119.158.58 - - [07/Mar/2026:01:56:01 +0000] "GET /engine1/jquery.js HTTP/1.1" 200 27148 "http://sweetnotes.in/engine1/?NA" "Mozilla/5.0 (Linux; Android 7.0;) AppleWebKit/537.36 (KHTML, like Gecko) Mobile Safari/537.36 (compatible; PetalBot;+https://webmaster.petalsearch.com/site/petalbot)"
114.119.149.145 - - [07/Mar/2026:02:03:24 +0000] "GET /detail/68760097338 HTTP/1.1" 404 1251 "http://sweetnotes.in/sitemap-6.xml" "Mozilla/5.0 (Linux; Android 7.0;) AppleWebKit/537.36 (KHTML, like Gecko) Mobile Safari/537.36 (compatible; PetalBot;+https://webmaster.petalsearch.com/site/petalbot)"
114.119.134.67 - - [07/Mar/2026:01:58:10 +0000] "GET /detail/93344293535 HTTP/1.1" 404 1251 "-" "Mozilla/5.0 (Linux; Android 7.0;) AppleWebKit/537.36 (KHTML, like Gecko) Mobile Safari/537.36 (compatible; PetalBot;+https://webmaster.petalsearch.com/site/petalbot)"
114.119.139.118 - - [07/Mar/2026:02:00:21 +0000] "GET /detail/83143833994 HTTP/1.1" 404 1251 "http://sweetnotes.in/sitemap-8.xml" "Mozilla/5.0 (Linux; Android 7.0;) AppleWebKit/537.36 (KHTML, like Gecko) Mobile Safari/537.36 (compatible; PetalBot;+https://webmaster.petalsearch.com/site/petalbot)"
114.119.134.67 - - [07/Mar/2026:02:05:44 +0000] "GET /detail/55762746046 HTTP/1.1" 404 1251 "http://sweetnotes.in/sitemap-3.xml" "Mozilla/5.0 (Linux; Android 7.0;) AppleWebKit/537.36 (KHTML, like Gecko) Mobile Safari/537.36 (compatible; PetalBot;+https://webmaster.petalsearch.com/site/petalbot)"
114.119.134.67 - - [07/Mar/2026:02:07:36 +0000] "GET /detail/509758631873 HTTP/1.1" 404 1251 "-" "Mozilla/5.0 (Linux; Android 7.0;) AppleWebKit/537.36 (KHTML, like Gecko) Mobile Safari/537.36 (compatible; PetalBot;+https://webmaster.petalsearch.com/site/petalbot)"
114.119.134.216 - - [07/Mar/2026:02:09:14 +0000] "GET /detail/509212643486 HTTP/1.1" 404 1251 "http://sweetnotes.in/sitemap-7.xml" "Mozilla/5.0 (Linux; Android 7.0;) AppleWebKit/537.36 (KHTML, like Gecko) Mobile Safari/537.36 (compatible; PetalBot;+https://webmaster.petalsearch.com/site/petalbot)"
114.119.159.122 - - [07/Mar/2026:02:10:29 +0000] "GET /detail/506943359863 HTTP/1.1" 404 1251 "-" "Mozilla/5.0 (Linux; Android 7.0;) AppleWebKit/537.36 (KHTML, like Gecko) Mobile Safari/537.36 (compatible; PetalBot;+https://webmaster.petalsearch.com/site/petalbot)"
114.119.150.110 - - [07/Mar/2026:02:12:42 +0000] "GET /detail/500332084289 HTTP/1.1" 404 1251 "http://sweetnotes.in/sitemap-5.xml" "Mozilla/5.0 (Linux; Android 7.0;) AppleWebKit/537.36 (KHTML, like Gecko) Mobile Safari/537.36 (compatible; PetalBot;+https://webmaster.petalsearch.com/site/petalbot)"
92.222.104.194 - - [07/Mar/2026:02:13:55 +0000] "GET /sitemap-13.xml HTTP/1.1" 404 1251 "-" "Mozilla/5.0 (compatible; AhrefsBot/7.0; +http://ahrefs.com/robot/)"
37.59.204.128 - - [07/Mar/2026:02:19:15 +0000] "GET /sitemap-7.xml HTTP/1.1" 404 1251 "-" "Mozilla/5.0 (compatible; AhrefsBot/7.0; +http://ahrefs.com/robot/)"
114.119.150.110 - - [07/Mar/2026:02:20:01 +0000] "GET /detail/479147639646 HTTP/1.1" 404 1251 "http://sweetnotes.in/sitemap-5.xml" "Mozilla/5.0 (Linux; Android 7.0;) AppleWebKit/537.36 (KHTML, like Gecko) Mobile Safari/537.36 (compatible; PetalBot;+https://webmaster.petalsearch.com/site/petalbot)"
114.119.150.110 - - [07/Mar/2026:02:12:04 +0000] "GET /detail/504959682509 HTTP/1.1" 404 1251 "http://sweetnotes.in/sitemap-6.xml" "Mozilla/5.0 (Linux; Android 7.0;) AppleWebKit/537.36 (KHTML, like Gecko) Mobile Safari/537.36 (compatible; PetalBot;+https://webmaster.petalsearch.com/site/petalbot)"
114.119.134.216 - - [07/Mar/2026:02:16:15 +0000] "GET /detail/494236157168 HTTP/1.1" 404 1251 "http://sweetnotes.in/sitemap-4.xml" "Mozilla/5.0 (Linux; Android 7.0;) AppleWebKit/537.36 (KHTML, like Gecko) Mobile Safari/537.36 (compatible; PetalBot;+https://webmaster.petalsearch.com/site/petalbot)"
114.119.158.58 - - [07/Mar/2026:02:18:40 +0000] "GET /detail/490775312025 HTTP/1.1" 404 1251 "http://sweetnotes.in/sitemap-4.xml" "Mozilla/5.0 (Linux; Android 7.0;) AppleWebKit/537.36 (KHTML, like Gecko) Mobile Safari/537.36 (compatible; PetalBot;+https://webmaster.petalsearch.com/site/petalbot)"
114.119.150.110 - - [07/Mar/2026:02:23:02 +0000] "GET /detail/474769603024 HTTP/1.1" 404 1251 "http://sweetnotes.in/sitemap-6.xml" "Mozilla/5.0 (Linux; Android 7.0;) AppleWebKit/537.36 (KHTML, like Gecko) Mobile Safari/537.36 (compatible; PetalBot;+https://webmaster.petalsearch.com/site/petalbot)"
92.222.104.208 - - [07/Mar/2026:02:24:36 +0000] "GET /cc13.php?path=%2Fhome%2Fsweetnotes%2Fpublic_html%2Fengine1&view_file=%2Fhome%2Fsweetnotes%2Fpublic_html%2Fengine1%2Ftriangle.png HTTP/1.1" 200 1894 "-" "Mozilla/5.0 (compatible; AhrefsBot/7.0; +http://ahrefs.com/robot/)"
114.119.150.110 - - [07/Mar/2026:02:25:27 +0000] "GET /detail/468943733315 HTTP/1.1" 404 1251 "http://sweetnotes.in/sitemap-7.xml" "Mozilla/5.0 (Linux; Android 7.0;) AppleWebKit/537.36 (KHTML, like Gecko) Mobile Safari/537.36 (compatible; PetalBot;+https://webmaster.petalsearch.com/site/petalbot)"
114.119.159.122 - - [07/Mar/2026:02:29:27 +0000] "GET /detail/453269348589 HTTP/1.1" 404 1251 "http://sweetnotes.in/sitemap-9.xml" "Mozilla/5.0 (Linux; Android 7.0;) AppleWebKit/537.36 (KHTML, like Gecko) Mobile Safari/537.36 (compatible; PetalBot;+https://webmaster.petalsearch.com/site/petalbot)"
5.39.109.178 - - [07/Mar/2026:02:29:48 +0000] "GET /cc13.php?path=%2Fhome%2Fsweetnotes%2Fpublic_html%2Fengine1&view_file=%2Fhome%2Fsweetnotes%2Fpublic_html%2Fengine1%2Fstyle.css HTTP/1.1" 200 2392 "-" "Mozilla/5.0 (compatible; AhrefsBot/7.0; +http://ahrefs.com/robot/)"
114.119.134.216 - - [07/Mar/2026:02:27:14 +0000] "GET /detail/468292623638 HTTP/1.1" 404 1251 "-" "Mozilla/5.0 (Linux; Android 7.0;) AppleWebKit/537.36 (KHTML, like Gecko) Mobile Safari/537.36 (compatible; PetalBot;+https://webmaster.petalsearch.com/site/petalbot)"
114.119.134.216 - - [07/Mar/2026:02:28:33 +0000] "GET /detail/460591022498 HTTP/1.1" 404 1251 "http://sweetnotes.in/sitemap-5.xml" "Mozilla/5.0 (Linux; Android 7.0;) AppleWebKit/537.36 (KHTML, like Gecko) Mobile Safari/537.36 (compatible; PetalBot;+https://webmaster.petalsearch.com/site/petalbot)"
114.119.141.24 - - [07/Mar/2026:02:32:45 +0000] "GET /wp-22.php?path=/home/sweetnotes/public_html/images&=/home/sweetnotes/public_html/images/.68c7dc46dcf520.54687825 HTTP/1.1" 404 1251 "http://www.sweetnotes.in/wp-22.php?path=/home/sweetnotes/public_html/images" "Mozilla/5.0 (Linux; Android 7.0;) AppleWebKit/537.36 (KHTML, like Gecko) Mobile Safari/537.36 (compatible; PetalBot;+https://webmaster.petalsearch.com/site/petalbot)"
69.171.231.8 - - [07/Mar/2026:02:34:42 +0000] "GET /robots.txt HTTP/1.1" 206 775 "-" "facebookexternalhit/1.1 (+http://www.facebook.com/externalhit_uatext.php)"
114.119.149.145 - - [07/Mar/2026:02:35:12 +0000] "GET /detail/79204260528 HTTP/1.1" 404 1251 "http://sweetnotes.in/sitemap-9.xml" "Mozilla/5.0 (Linux; Android 7.0;) AppleWebKit/537.36 (KHTML, like Gecko) Mobile Safari/537.36 (compatible; PetalBot;+https://webmaster.petalsearch.com/site/petalbot)"
114.119.139.118 - - [07/Mar/2026:02:37:25 +0000] "GET /detail/56743026847 HTTP/1.1" 404 1251 "http://sweetnotes.in/sitemap-4.xml" "Mozilla/5.0 (Linux; Android 7.0;) AppleWebKit/537.36 (KHTML, like Gecko) Mobile Safari/537.36 (compatible; PetalBot;+https://webmaster.petalsearch.com/site/petalbot)"
114.119.150.110 - - [07/Mar/2026:02:38:12 +0000] "GET /detail/49488405768 HTTP/1.1" 404 1251 "http://sweetnotes.in/sitemap-9.xml" "Mozilla/5.0 (Linux; Android 7.0;) AppleWebKit/537.36 (KHTML, like Gecko) Mobile Safari/537.36 (compatible; PetalBot;+https://webmaster.petalsearch.com/site/petalbot)"
5.39.1.232 - - [07/Mar/2026:02:40:23 +0000] "GET /cc13.php?path=%2Fhome%2Fsweetnotes%2Fpublic_html%2Fengine1&view_file=%2Fhome%2Fsweetnotes%2Fpublic_html%2Fengine1%2Fscript.js HTTP/1.1" 200 4794 "-" "Mozilla/5.0 (compatible; AhrefsBot/7.0; +http://ahrefs.com/robot/)"
176.31.139.29 - - [07/Mar/2026:02:34:43 +0000] "GET /cc13.php?path=%2Fhome%2Fsweetnotes%2Fpublic_html%2Fengine1&view_file=%2Fhome%2Fsweetnotes%2Fpublic_html%2Fengine1%2Fshadow.png HTTP/1.1" 200 4644 "-" "Mozilla/5.0 (compatible; AhrefsBot/7.0; +http://ahrefs.com/robot/)"
114.119.149.145 - - [07/Mar/2026:02:39:32 +0000] "GET /detail/491331076396 HTTP/1.1" 404 1251 "http://sweetnotes.in/sitemap-3.xml" "Mozilla/5.0 (Linux; Android 7.0;) AppleWebKit/537.36 (KHTML, like Gecko) Mobile Safari/537.36 (compatible; PetalBot;+https://webmaster.petalsearch.com/site/petalbot)"
114.119.141.24 - - [07/Mar/2026:02:40:40 +0000] "GET /detail/477303911777 HTTP/1.1" 404 1251 "http://sweetnotes.in/sitemap-7.xml" "Mozilla/5.0 (Linux; Android 7.0;) AppleWebKit/537.36 (KHTML, like Gecko) Mobile Safari/537.36 (compatible; PetalBot;+https://webmaster.petalsearch.com/site/petalbot)"
176.31.139.12 - - [07/Mar/2026:02:45:18 +0000] "GET /cc13.php?path=%2Fhome%2Fsweetnotes%2Fpublic_html%2Fengine1&view_file=%2Fhome%2Fsweetnotes%2Fpublic_html%2Fengine1%2Fprev_photo.png HTTP/1.1" 200 2389 "-" "Mozilla/5.0 (compatible; AhrefsBot/7.0; +http://ahrefs.com/robot/)"
114.119.134.67 - - [07/Mar/2026:02:52:00 +0000] "GET /detail/439879769858 HTTP/1.1" 404 1251 "http://sweetnotes.in/sitemap-4.xml" "Mozilla/5.0 (Linux; Android 7.0;) AppleWebKit/537.36 (KHTML, like Gecko) Mobile Safari/537.36 (compatible; PetalBot;+https://webmaster.petalsearch.com/site/petalbot)"
114.119.134.67 - - [07/Mar/2026:02:44:09 +0000] "GET /detail/451566709727 HTTP/1.1" 404 1251 "http://sweetnotes.in/sitemap-4.xml" "Mozilla/5.0 (Linux; Android 7.0;) AppleWebKit/537.36 (KHTML, like Gecko) Mobile Safari/537.36 (compatible; PetalBot;+https://webmaster.petalsearch.com/site/petalbot)"
114.119.150.110 - - [07/Mar/2026:02:46:32 +0000] "GET /detail/44780033983 HTTP/1.1" 404 1251 "http://sweetnotes.in/sitemap-6.xml" "Mozilla/5.0 (Linux; Android 7.0;) AppleWebKit/537.36 (KHTML, like Gecko) Mobile Safari/537.36 (compatible; PetalBot;+https://webmaster.petalsearch.com/site/petalbot)"
114.119.134.216 - - [07/Mar/2026:02:48:15 +0000] "GET /detail/447452487362 HTTP/1.1" 404 1251 "-" "Mozilla/5.0 (Linux; Android 7.0;) AppleWebKit/537.36 (KHTML, like Gecko) Mobile Safari/537.36 (compatible; PetalBot;+https://webmaster.petalsearch.com/site/petalbot)"
92.222.108.124 - - [07/Mar/2026:02:50:16 +0000] "GET /cc13.php?path=%2Fhome%2Fsweetnotes%2Fpublic_html%2Fengine1&view_file=%2Fhome%2Fsweetnotes%2Fpublic_html%2Fengine1%2Fjquery.js HTTP/1.1" 200 30828 "-" "Mozilla/5.0 (compatible; AhrefsBot/7.0; +http://ahrefs.com/robot/)"
114.119.134.67 - - [07/Mar/2026:02:54:36 +0000] "GET /detail/8319043219 HTTP/1.1" 404 1251 "-" "Mozilla/5.0 (Linux; Android 7.0;) AppleWebKit/537.36 (KHTML, like Gecko) Mobile Safari/537.36 (compatible; PetalBot;+https://webmaster.petalsearch.com/site/petalbot)"
5.39.1.253 - - [07/Mar/2026:02:55:22 +0000] "GET /cc13.php?path=%2Fhome%2Fsweetnotes%2Fpublic_html%2Fengine1&view_file=%2Fhome%2Fsweetnotes%2Fpublic_html%2Fengine1%2Fbullet.png HTTP/1.1" 200 2995 "-" "Mozilla/5.0 (compatible; AhrefsBot/7.0; +http://ahrefs.com/robot/)"
114.119.149.145 - - [07/Mar/2026:03:00:39 +0000] "GET /detail/444461438608 HTTP/1.1" 404 1251 "http://sweetnotes.in/sitemap-8.xml" "Mozilla/5.0 (Linux; Android 7.0;) AppleWebKit/537.36 (KHTML, like Gecko) Mobile Safari/537.36 (compatible; PetalBot;+https://webmaster.petalsearch.com/site/petalbot)"
114.119.159.122 - - [07/Mar/2026:02:53:52 +0000] "GET /detail/43671163040 HTTP/1.1" 404 1251 "http://sweetnotes.in/sitemap-9.xml" "Mozilla/5.0 (Linux; Android 7.0;) AppleWebKit/537.36 (KHTML, like Gecko) Mobile Safari/537.36 (compatible; PetalBot;+https://webmaster.petalsearch.com/site/petalbot)"
114.119.150.110 - - [07/Mar/2026:02:58:04 +0000] "GET /detail/452802054314 HTTP/1.1" 404 1251 "http://sweetnotes.in/sitemap-3.xml" "Mozilla/5.0 (Linux; Android 7.0;) AppleWebKit/537.36 (KHTML, like Gecko) Mobile Safari/537.36 (compatible; PetalBot;+https://webmaster.petalsearch.com/site/petalbot)"
114.119.149.145 - - [07/Mar/2026:03:02:15 +0000] "GET /detail/442238616531 HTTP/1.1" 404 1251 "http://sweetnotes.in/sitemap-2.xml" "Mozilla/5.0 (Linux; Android 7.0;) AppleWebKit/537.36 (KHTML, like Gecko) Mobile Safari/537.36 (compatible; PetalBot;+https://webmaster.petalsearch.com/site/petalbot)"
5.39.1.249 - - [07/Mar/2026:03:02:47 +0000] "GET /sitemap-15.xml HTTP/1.1" 404 1251 "-" "Mozilla/5.0 (compatible; AhrefsBot/7.0; +http://ahrefs.com/robot/)"
114.119.134.67 - - [07/Mar/2026:03:04:24 +0000] "GET /detail/427565994444 HTTP/1.1" 404 1251 "-" "Mozilla/5.0 (Linux; Android 7.0;) AppleWebKit/537.36 (KHTML, like Gecko) Mobile Safari/537.36 (compatible; PetalBot;+https://webmaster.petalsearch.com/site/petalbot)"
114.119.159.122 - - [07/Mar/2026:03:09:09 +0000] "GET /detail/426126580740 HTTP/1.1" 404 1251 "-" "Mozilla/5.0 (Linux; Android 7.0;) AppleWebKit/537.36 (KHTML, like Gecko) Mobile Safari/537.36 (compatible; PetalBot;+https://webmaster.petalsearch.com/site/petalbot)"
51.68.247.198 - - [07/Mar/2026:03:09:11 +0000] "GET /products/thumbnail/ HTTP/1.1" 200 540 "-" "Mozilla/5.0 (compatible; AhrefsBot/7.0; +http://ahrefs.com/robot/)"
114.119.134.67 - - [07/Mar/2026:03:16:25 +0000] "GET /detail/41955493775 HTTP/1.1" 404 1251 "http://sweetnotes.in/sitemap-4.xml" "Mozilla/5.0 (Linux; Android 7.0;) AppleWebKit/537.36 (KHTML, like Gecko) Mobile Safari/537.36 (compatible; PetalBot;+https://webmaster.petalsearch.com/site/petalbot)"
114.119.149.145 - - [07/Mar/2026:03:10:53 +0000] "GET /detail/424809887108 HTTP/1.1" 404 1251 "http://sweetnotes.in/sitemap-6.xml" "Mozilla/5.0 (Linux; Android 7.0;) AppleWebKit/537.36 (KHTML, like Gecko) Mobile Safari/537.36 (compatible; PetalBot;+https://webmaster.petalsearch.com/site/petalbot)"
114.119.150.110 - - [07/Mar/2026:03:11:57 +0000] "GET /detail/421417144002 HTTP/1.1" 404 1251 "http://sweetnotes.in/sitemap-4.xml" "Mozilla/5.0 (Linux; Android 7.0;) AppleWebKit/537.36 (KHTML, like Gecko) Mobile Safari/537.36 (compatible; PetalBot;+https://webmaster.petalsearch.com/site/petalbot)"
185.191.171.15 - - [07/Mar/2026:03:14:15 +0000] "GET /robots.txt HTTP/1.1" 200 132 "-" "Mozilla/5.0 (compatible; SemrushBot/7~bl; +http://www.semrush.com/bot.html)"
185.191.171.15 - - [07/Mar/2026:03:14:15 +0000] "GET / HTTP/1.1" 200 1706 "-" "Mozilla/5.0 (compatible; SemrushBot/7~bl; +http://www.semrush.com/bot.html)"
51.75.236.138 - - [07/Mar/2026:03:16:08 +0000] "GET /cc13.php?path=%2Fhome%2Fsweetnotes%2Fpublic_html%2Fengine1&view_file=%2Fhome%2Fsweetnotes%2Fpublic_html%2Fengine1%2Fbullet.gif HTTP/1.1" 200 1741 "-" "Mozilla/5.0 (compatible; AhrefsBot/7.0; +http://ahrefs.com/robot/)"
114.119.134.67 - - [07/Mar/2026:03:20:21 +0000] "GET /detail/428468296663 HTTP/1.1" 404 1251 "http://sweetnotes.in/sitemap-9.xml" "Mozilla/5.0 (Linux; Android 7.0;) AppleWebKit/537.36 (KHTML, like Gecko) Mobile Safari/537.36 (compatible; PetalBot;+https://webmaster.petalsearch.com/site/petalbot)"
114.119.159.122 - - [07/Mar/2026:03:21:34 +0000] "GET /detail/426433635173 HTTP/1.1" 404 1251 "-" "Mozilla/5.0 (Linux; Android 7.0;) AppleWebKit/537.36 (KHTML, like Gecko) Mobile Safari/537.36 (compatible; PetalBot;+https://webmaster.petalsearch.com/site/petalbot)"
114.119.159.122 - - [07/Mar/2026:03:22:38 +0000] "GET /detail/426214300481 HTTP/1.1" 404 1251 "http://sweetnotes.in/sitemap-6.xml" "Mozilla/5.0 (Linux; Android 7.0;) AppleWebKit/537.36 (KHTML, like Gecko) Mobile Safari/537.36 (compatible; PetalBot;+https://webmaster.petalsearch.com/site/petalbot)"
114.119.158.58 - - [07/Mar/2026:03:24:30 +0000] "GET /detail/420087273719 HTTP/1.1" 404 1251 "http://sweetnotes.in/sitemap-6.xml" "Mozilla/5.0 (Linux; Android 7.0;) AppleWebKit/537.36 (KHTML, like Gecko) Mobile Safari/537.36 (compatible; PetalBot;+https://webmaster.petalsearch.com/site/petalbot)"
114.119.141.24 - - [07/Mar/2026:03:26:45 +0000] "GET /detail/418619379134 HTTP/1.1" 404 1251 "http://sweetnotes.in/sitemap-8.xml" "Mozilla/5.0 (Linux; Android 7.0;) AppleWebKit/537.36 (KHTML, like Gecko) Mobile Safari/537.36 (compatible; PetalBot;+https://webmaster.petalsearch.com/site/petalbot)"
92.222.108.118 - - [07/Mar/2026:03:28:33 +0000] "GET /cc13.php?path=%2Fhome%2Fsweetnotes%2Fpublic_html%2Fengine1&view_file=%2Fhome%2Fsweetnotes%2Fpublic_html%2Fengine1%2Farrows.gif HTTP/1.1" 200 1997 "-" "Mozilla/5.0 (compatible; AhrefsBot/7.0; +http://ahrefs.com/robot/)"
114.119.139.118 - - [07/Mar/2026:03:29:42 +0000] "GET /detail/416898315917 HTTP/1.1" 404 1251 "http://sweetnotes.in/sitemap-7.xml" "Mozilla/5.0 (Linux; Android 7.0;) AppleWebKit/537.36 (KHTML, like Gecko) Mobile Safari/537.36 (compatible; PetalBot;+https://webmaster.petalsearch.com/site/petalbot)"
114.119.139.118 - - [07/Mar/2026:03:30:47 +0000] "GET /detail/410789553912 HTTP/1.1" 404 1251 "http://sweetnotes.in/sitemap-6.xml" "Mozilla/5.0 (Linux; Android 7.0;) AppleWebKit/537.36 (KHTML, like Gecko) Mobile Safari/537.36 (compatible; PetalBot;+https://webmaster.petalsearch.com/site/petalbot)"
114.119.149.145 - - [07/Mar/2026:03:32:37 +0000] "GET /detail/404888462943 HTTP/1.1" 404 1251 "http://sweetnotes.in/sitemap-2.xml" "Mozilla/5.0 (Linux; Android 7.0;) AppleWebKit/537.36 (KHTML, like Gecko) Mobile Safari/537.36 (compatible; PetalBot;+https://webmaster.petalsearch.com/site/petalbot)"
114.119.159.122 - - [07/Mar/2026:03:36:43 +0000] "GET /detail/402396752211 HTTP/1.1" 404 1251 "http://sweetnotes.in/sitemap-9.xml" "Mozilla/5.0 (Linux; Android 7.0;) AppleWebKit/537.36 (KHTML, like Gecko) Mobile Safari/537.36 (compatible; PetalBot;+https://webmaster.petalsearch.com/site/petalbot)"
94.23.188.208 - - [07/Mar/2026:03:22:38 +0000] "GET /cc13.php?path=%2Fhome%2Fsweetnotes%2Fpublic_html%2Fengine1&view_file=%2Fhome%2Fsweetnotes%2Fpublic_html%2Fengine1%2Farrows.png HTTP/1.1" 200 5226 "-" "Mozilla/5.0 (compatible; AhrefsBot/7.0; +http://ahrefs.com/robot/)"
114.119.134.216 - - [07/Mar/2026:03:28:23 +0000] "GET /detail/418047662475 HTTP/1.1" 404 1251 "http://sweetnotes.in/sitemap-9.xml" "Mozilla/5.0 (Linux; Android 7.0;) AppleWebKit/537.36 (KHTML, like Gecko) Mobile Safari/537.36 (compatible; PetalBot;+https://webmaster.petalsearch.com/site/petalbot)"
114.119.149.145 - - [07/Mar/2026:03:35:30 +0000] "GET /detail/403051457231 HTTP/1.1" 404 1251 "http://sweetnotes.in/sitemap-2.xml" "Mozilla/5.0 (Linux; Android 7.0;) AppleWebKit/537.36 (KHTML, like Gecko) Mobile Safari/537.36 (compatible; PetalBot;+https://webmaster.petalsearch.com/site/petalbot)"
220.181.108.146 - - [07/Mar/2026:03:41:18 +0000] "GET / HTTP/1.1" 200 1706 "-" "Mozilla/5.0 (compatible; Baiduspider/2.0; +http://www.baidu.com/search/spider.html)"
116.179.37.233 - - [07/Mar/2026:03:41:30 +0000] "GET /_autoindex/assets/icons/folder-fill.svg HTTP/1.1" 200 406 "http://www.sweetnotes.in/" "Mozilla/5.0 (compatible; Baiduspider-render/2.0; +http://www.baidu.com/search/spider.html)"
114.119.134.216 - - [07/Mar/2026:03:42:10 +0000] "GET /detail/448914344458 HTTP/1.1" 404 1251 "http://sweetnotes.in/sitemap-9.xml" "Mozilla/5.0 (Linux; Android 7.0;) AppleWebKit/537.36 (KHTML, like Gecko) Mobile Safari/537.36 (compatible; PetalBot;+https://webmaster.petalsearch.com/site/petalbot)"
114.119.134.216 - - [07/Mar/2026:03:50:38 +0000] "GET /detail/386511433908 HTTP/1.1" 404 1251 "http://sweetnotes.in/sitemap-6.xml" "Mozilla/5.0 (Linux; Android 7.0;) AppleWebKit/537.36 (KHTML, like Gecko) Mobile Safari/537.36 (compatible; PetalBot;+https://webmaster.petalsearch.com/site/petalbot)"
220.181.51.116 - - [07/Mar/2026:03:38:15 +0000] "GET /robots.txt HTTP/1.1" 200 132 "-" "Mozilla/5.0 (Windows NT 10.0; WOW64) AppleWebKit/537.36 (KHTML, like Gecko) Chrome/48.0.2564.116 Safari/537.36"
114.119.134.216 - - [07/Mar/2026:03:38:32 +0000] "GET /detail/40153843051 HTTP/1.1" 404 1251 "http://sweetnotes.in/sitemap-4.xml" "Mozilla/5.0 (Linux; Android 7.0;) AppleWebKit/537.36 (KHTML, like Gecko) Mobile Safari/537.36 (compatible; PetalBot;+https://webmaster.petalsearch.com/site/petalbot)"
116.179.37.148 - - [07/Mar/2026:03:41:30 +0000] "GET /_autoindex/assets/css/autoindex.css HTTP/1.1" 200 1284 "http://www.sweetnotes.in/" "Mozilla/5.0 (compatible; Baiduspider-render/2.0; +http://www.baidu.com/search/spider.html)"
116.179.37.38 - - [07/Mar/2026:03:41:30 +0000] "GET /_autoindex/assets/js/tablesort.js HTTP/1.1" 200 2321 "http://www.sweetnotes.in/" "Mozilla/5.0 (compatible; Baiduspider-render/2.0; +http://www.baidu.com/search/spider.html)"
116.179.37.99 - - [07/Mar/2026:03:41:30 +0000] "GET /_autoindex/assets/js/tablesort.number.js HTTP/1.1" 200 362 "http://www.sweetnotes.in/" "Mozilla/5.0 (compatible; Baiduspider-render/2.0; +http://www.baidu.com/search/spider.html)"
116.179.37.174 - - [07/Mar/2026:03:41:30 +0000] "GET /_autoindex/assets/icons/file-text.svg HTTP/1.1" 200 457 "http://www.sweetnotes.in/" "Mozilla/5.0 (compatible; Baiduspider-render/2.0; +http://www.baidu.com/search/spider.html)"
116.179.37.187 - - [07/Mar/2026:03:41:30 +0000] "GET /_autoindex/assets/icons/file.svg HTTP/1.1" 200 422 "http://www.sweetnotes.in/" "Mozilla/5.0 (compatible; Baiduspider-render/2.0; +http://www.baidu.com/search/spider.html)"
92.222.108.115 - - [07/Mar/2026:03:41:45 +0000] "GET /cc13.php?path=%2Fhome%2Fsweetnotes&view_file=%2Fhome%2Fsweetnotes%2F.spamassassinenable HTTP/1.1" 200 1724 "-" "Mozilla/5.0 (compatible; AhrefsBot/7.0; +http://ahrefs.com/robot/)"
114.119.139.118 - - [07/Mar/2026:03:49:51 +0000] "GET /detail/395284333688 HTTP/1.1" 404 1251 "-" "Mozilla/5.0 (Linux; Android 7.0;) AppleWebKit/537.36 (KHTML, like Gecko) Mobile Safari/537.36 (compatible; PetalBot;+https://webmaster.petalsearch.com/site/petalbot)"
114.119.150.110 - - [07/Mar/2026:03:58:56 +0000] "GET /detail/343502128470 HTTP/1.1" 404 1251 "http://sweetnotes.in/sitemap-9.xml" "Mozilla/5.0 (Linux; Android 7.0;) AppleWebKit/537.36 (KHTML, like Gecko) Mobile Safari/537.36 (compatible; PetalBot;+https://webmaster.petalsearch.com/site/petalbot)"
114.119.159.122 - - [07/Mar/2026:03:52:24 +0000] "GET /detail/385792134938 HTTP/1.1" 404 1251 "http://sweetnotes.in/sitemap-6.xml" "Mozilla/5.0 (Linux; Android 7.0;) AppleWebKit/537.36 (KHTML, like Gecko) Mobile Safari/537.36 (compatible; PetalBot;+https://webmaster.petalsearch.com/site/petalbot)"
51.75.236.129 - - [07/Mar/2026:03:53:32 +0000] "GET /cc13.php?path=%2Fhome%2Fsweetnotes&view_file=%2Fhome%2Fsweetnotes%2F.spamassassinboxenable HTTP/1.1" 200 1735 "-" "Mozilla/5.0 (compatible; AhrefsBot/7.0; +http://ahrefs.com/robot/)"
216.73.216.141 - - [07/Mar/2026:03:59:27 +0000] "GET /robots.txt HTTP/1.1" 200 93 "-" "Mozilla/5.0 AppleWebKit/537.36 (KHTML, like Gecko; compatible; ClaudeBot/1.0; +claudebot@anthropic.com)"
216.73.216.141 - - [07/Mar/2026:03:59:27 +0000] "GET /robots.txt HTTP/1.1" 200 93 "-" "-"
216.73.216.141 - - [07/Mar/2026:03:59:27 +0000] "GET /sitemap-6.xml HTTP/1.1" 404 1251 "-" "Mozilla/5.0 AppleWebKit/537.36 (KHTML, like Gecko; compatible; ClaudeBot/1.0; +claudebot@anthropic.com)"
114.119.134.67 - - [07/Mar/2026:04:02:46 +0000] "GET /detail/33000764410 HTTP/1.1" 404 1251 "http://sweetnotes.in/sitemap-3.xml" "Mozilla/5.0 (Linux; Android 7.0;) AppleWebKit/537.36 (KHTML, like Gecko) Mobile Safari/537.36 (compatible; PetalBot;+https://webmaster.petalsearch.com/site/petalbot)"
114.119.158.58 - - [07/Mar/2026:04:05:16 +0000] "GET /detail/32068572852 HTTP/1.1" 404 1251 "http://sweetnotes.in/sitemap-3.xml" "Mozilla/5.0 (Linux; Android 7.0;) AppleWebKit/537.36 (KHTML, like Gecko) Mobile Safari/537.36 (compatible; PetalBot;+https://webmaster.petalsearch.com/site/petalbot)"
5.39.1.251 - - [07/Mar/2026:04:05:40 +0000] "GET /cc13.php?path=%2Fhome%2Fsweetnotes&view_file=%2Fhome%2Fsweetnotes%2F.bashrc HTTP/1.1" 200 1952 "-" "Mozilla/5.0 (compatible; AhrefsBot/7.0; +http://ahrefs.com/robot/)"
216.73.216.141 - - [07/Mar/2026:04:08:59 +0000] "GET /sitemap.xml HTTP/1.1" 200 491 "-" "Mozilla/5.0 AppleWebKit/537.36 (KHTML, like Gecko; compatible; ClaudeBot/1.0; +claudebot@anthropic.com)"
114.119.149.145 - - [07/Mar/2026:04:04:05 +0000] "GET /detail/328728545557 HTTP/1.1" 404 1251 "http://sweetnotes.in/sitemap-5.xml" "Mozilla/5.0 (Linux; Android 7.0;) AppleWebKit/537.36 (KHTML, like Gecko) Mobile Safari/537.36 (compatible; PetalBot;+https://webmaster.petalsearch.com/site/petalbot)"
216.73.216.141 - - [07/Mar/2026:04:06:02 +0000] "GET /sitemap-8.xml HTTP/1.1" 404 1251 "-" "Mozilla/5.0 AppleWebKit/537.36 (KHTML, like Gecko; compatible; ClaudeBot/1.0; +claudebot@anthropic.com)"
114.119.139.118 - - [07/Mar/2026:04:07:09 +0000] "GET /detail/318010681608 HTTP/1.1" 404 1251 "http://sweetnotes.in/sitemap-4.xml" "Mozilla/5.0 (Linux; Android 7.0;) AppleWebKit/537.36 (KHTML, like Gecko) Mobile Safari/537.36 (compatible; PetalBot;+https://webmaster.petalsearch.com/site/petalbot)"
114.119.134.67 - - [07/Mar/2026:04:08:58 +0000] "GET /detail/316481392262 HTTP/1.1" 404 1251 "http://sweetnotes.in/sitemap-3.xml" "Mozilla/5.0 (Linux; Android 7.0;) AppleWebKit/537.36 (KHTML, like Gecko) Mobile Safari/537.36 (compatible; PetalBot;+https://webmaster.petalsearch.com/site/petalbot)"
114.119.134.67 - - [07/Mar/2026:04:12:08 +0000] "GET /detail/311434731217 HTTP/1.1" 404 1251 "http://sweetnotes.in/sitemap-8.xml" "Mozilla/5.0 (Linux; Android 7.0;) AppleWebKit/537.36 (KHTML, like Gecko) Mobile Safari/537.36 (compatible; PetalBot;+https://webmaster.petalsearch.com/site/petalbot)"
114.119.158.58 - - [07/Mar/2026:04:14:45 +0000] "GET /detail/304556584211 HTTP/1.1" 404 1251 "-" "Mozilla/5.0 (Linux; Android 7.0;) AppleWebKit/537.36 (KHTML, like Gecko) Mobile Safari/537.36 (compatible; PetalBot;+https://webmaster.petalsearch.com/site/petalbot)"
77.75.78.160 - - [07/Mar/2026:04:15:12 +0000] "GET /paper_labels.html HTTP/1.1" 404 1251 "-" "Mozilla/5.0 (compatible; SeznamBot/4.0; +https://o-seznam.cz/napoveda/vyhledavani/en/seznambot-crawler/)"
114.119.158.58 - - [07/Mar/2026:04:18:25 +0000] "GET /detail/290654408219 HTTP/1.1" 404 1251 "http://sweetnotes.in/sitemap-16.xml" "Mozilla/5.0 (Linux; Android 7.0;) AppleWebKit/537.36 (KHTML, like Gecko) Mobile Safari/537.36 (compatible; PetalBot;+https://webmaster.petalsearch.com/site/petalbot)"
216.73.216.141 - - [07/Mar/2026:04:24:56 +0000] "GET /sitemap-10.xml HTTP/1.1" 404 1251 "-" "Mozilla/5.0 AppleWebKit/537.36 (KHTML, like Gecko; compatible; ClaudeBot/1.0; +claudebot@anthropic.com)"
216.73.216.141 - - [07/Mar/2026:04:25:12 +0000] "GET /sitemap-9.xml HTTP/1.1" 404 1251 "-" "Mozilla/5.0 AppleWebKit/537.36 (KHTML, like Gecko; compatible; ClaudeBot/1.0; +claudebot@anthropic.com)"
216.73.216.141 - - [07/Mar/2026:04:25:41 +0000] "GET /sitemap-12.xml HTTP/1.1" 404 1251 "-" "Mozilla/5.0 AppleWebKit/537.36 (KHTML, like Gecko; compatible; ClaudeBot/1.0; +claudebot@anthropic.com)"
176.31.139.10 - - [07/Mar/2026:04:17:26 +0000] "GET /cc13.php?path=%2Fhome%2Fsweetnotes&view_file=%2Fhome%2Fsweetnotes%2F.bash_profile HTTP/1.1" 200 1796 "-" "Mozilla/5.0 (compatible; AhrefsBot/7.0; +http://ahrefs.com/robot/)"
216.73.216.141 - - [07/Mar/2026:04:17:35 +0000] "GET /sitemap-3.xml HTTP/1.1" 404 1251 "-" "Mozilla/5.0 AppleWebKit/537.36 (KHTML, like Gecko; compatible; ClaudeBot/1.0; +claudebot@anthropic.com)"
114.119.139.118 - - [07/Mar/2026:04:27:10 +0000] "GET /detail/282942213690 HTTP/1.1" 404 1251 "http://sweetnotes.in/sitemap-5.xml" "Mozilla/5.0 (Linux; Android 7.0;) AppleWebKit/537.36 (KHTML, like Gecko) Mobile Safari/537.36 (compatible; PetalBot;+https://webmaster.petalsearch.com/site/petalbot)"
92.222.108.100 - - [07/Mar/2026:04:28:09 +0000] "GET /cc13.php?path=%2Fhome%2Fsweetnotes%2Fpublic_ftp HTTP/1.1" 200 1178 "-" "Mozilla/5.0 (compatible; AhrefsBot/7.0; +http://ahrefs.com/robot/)"
114.119.139.118 - - [07/Mar/2026:04:29:08 +0000] "GET /detail/280693862181 HTTP/1.1" 404 1251 "http://sweetnotes.in/sitemap-5.xml" "Mozilla/5.0 (Linux; Android 7.0;) AppleWebKit/537.36 (KHTML, like Gecko) Mobile Safari/537.36 (compatible; PetalBot;+https://webmaster.petalsearch.com/site/petalbot)"
114.119.141.24 - - [07/Mar/2026:04:29:54 +0000] "GET /detail/278650659527 HTTP/1.1" 404 1251 "http://sweetnotes.in/sitemap-5.xml" "Mozilla/5.0 (Linux; Android 7.0;) AppleWebKit/537.36 (KHTML, like Gecko) Mobile Safari/537.36 (compatible; PetalBot;+https://webmaster.petalsearch.com/site/petalbot)"
216.73.216.141 - - [07/Mar/2026:04:33:01 +0000] "GET /sitemap-4.xml HTTP/1.1" 404 1251 "-" "Mozilla/5.0 AppleWebKit/537.36 (KHTML, like Gecko; compatible; ClaudeBot/1.0; +claudebot@anthropic.com)"
114.119.158.58 - - [07/Mar/2026:04:33:05 +0000] "GET /detail/27558649157 HTTP/1.1" 404 1251 "http://sweetnotes.in/sitemap-9.xml" "Mozilla/5.0 (Linux; Android 7.0;) AppleWebKit/537.36 (KHTML, like Gecko) Mobile Safari/537.36 (compatible; PetalBot;+https://webmaster.petalsearch.com/site/petalbot)"
114.119.158.58 - - [07/Mar/2026:04:36:22 +0000] "GET /detail/261820932012 HTTP/1.1" 404 1251 "http://sweetnotes.in/sitemap-4.xml" "Mozilla/5.0 (Linux; Android 7.0;) AppleWebKit/537.36 (KHTML, like Gecko) Mobile Safari/537.36 (compatible; PetalBot;+https://webmaster.petalsearch.com/site/petalbot)"
54.37.118.80 - - [07/Mar/2026:04:39:10 +0000] "GET /cc13.php?path=%2Fhome%2Fsweetnotes%2Flscache HTTP/1.1" 200 1115 "-" "Mozilla/5.0 (compatible; AhrefsBot/7.0; +http://ahrefs.com/robot/)"
114.119.159.122 - - [07/Mar/2026:04:33:55 +0000] "GET /detail/270075511954 HTTP/1.1" 404 1251 "http://sweetnotes.in/sitemap-5.xml" "Mozilla/5.0 (Linux; Android 7.0;) AppleWebKit/537.36 (KHTML, like Gecko) Mobile Safari/537.36 (compatible; PetalBot;+https://webmaster.petalsearch.com/site/petalbot)"
114.119.150.110 - - [07/Mar/2026:04:38:13 +0000] "GET /detail/258144224840 HTTP/1.1" 404 1251 "http://sweetnotes.in/sitemap-3.xml" "Mozilla/5.0 (Linux; Android 7.0;) AppleWebKit/537.36 (KHTML, like Gecko) Mobile Safari/537.36 (compatible; PetalBot;+https://webmaster.petalsearch.com/site/petalbot)"
114.119.134.67 - - [07/Mar/2026:04:39:54 +0000] "GET /detail/242034948164 HTTP/1.1" 404 1251 "http://sweetnotes.in/sitemap-3.xml" "Mozilla/5.0 (Linux; Android 7.0;) AppleWebKit/537.36 (KHTML, like Gecko) Mobile Safari/537.36 (compatible; PetalBot;+https://webmaster.petalsearch.com/site/petalbot)"
114.119.139.118 - - [07/Mar/2026:04:42:16 +0000] "GET /detail/238682230148 HTTP/1.1" 404 1251 "http://sweetnotes.in/sitemap-6.xml" "Mozilla/5.0 (Linux; Android 7.0;) AppleWebKit/537.36 (KHTML, like Gecko) Mobile Safari/537.36 (compatible; PetalBot;+https://webmaster.petalsearch.com/site/petalbot)"
114.119.159.122 - - [07/Mar/2026:04:43:44 +0000] "GET /detail/238062345958 HTTP/1.1" 404 1251 "http://sweetnotes.in/sitemap-9.xml" "Mozilla/5.0 (Linux; Android 7.0;) AppleWebKit/537.36 (KHTML, like Gecko) Mobile Safari/537.36 (compatible; PetalBot;+https://webmaster.petalsearch.com/site/petalbot)"
114.119.159.122 - - [07/Mar/2026:04:46:12 +0000] "GET /detail/229088708742 HTTP/1.1" 404 1251 "http://sweetnotes.in/sitemap-6.xml" "Mozilla/5.0 (Linux; Android 7.0;) AppleWebKit/537.36 (KHTML, like Gecko) Mobile Safari/537.36 (compatible; PetalBot;+https://webmaster.petalsearch.com/site/petalbot)"
216.73.216.141 - - [07/Mar/2026:04:47:17 +0000] "GET /sitemap-7.xml HTTP/1.1" 404 1251 "-" "Mozilla/5.0 AppleWebKit/537.36 (KHTML, like Gecko; compatible; ClaudeBot/1.0; +claudebot@anthropic.com)"
114.119.141.24 - - [07/Mar/2026:04:49:00 +0000] "GET /detail/419838406944 HTTP/1.1" 404 1251 "http://sweetnotes.in/sitemap-4.xml" "Mozilla/5.0 (Linux; Android 7.0;) AppleWebKit/537.36 (KHTML, like Gecko) Mobile Safari/537.36 (compatible; PetalBot;+https://webmaster.petalsearch.com/site/petalbot)"
92.222.104.199 - - [07/Mar/2026:04:49:24 +0000] "GET /cc13.php?path=%2Fhome%2Fsweetnotes%2Flogs HTTP/1.1" 200 1465 "-" "Mozilla/5.0 (compatible; AhrefsBot/7.0; +http://ahrefs.com/robot/)"
216.73.216.141 - - [07/Mar/2026:04:51:23 +0000] "GET /sitemap-15.xml HTTP/1.1" 404 1251 "-" "Mozilla/5.0 AppleWebKit/537.36 (KHTML, like Gecko; compatible; ClaudeBot/1.0; +claudebot@anthropic.com)"
216.73.216.141 - - [07/Mar/2026:04:46:36 +0000] "GET /sitemap-11.xml HTTP/1.1" 404 1251 "-" "Mozilla/5.0 AppleWebKit/537.36 (KHTML, like Gecko; compatible; ClaudeBot/1.0; +claudebot@anthropic.com)"
114.119.134.67 - - [07/Mar/2026:04:51:45 +0000] "GET /detail/400705142837 HTTP/1.1" 404 1251 "http://sweetnotes.in/sitemap-16.xml" "Mozilla/5.0 (Linux; Android 7.0;) AppleWebKit/537.36 (KHTML, like Gecko) Mobile Safari/537.36 (compatible; PetalBot;+https://webmaster.petalsearch.com/site/petalbot)"
216.73.216.141 - - [07/Mar/2026:04:51:53 +0000] "GET /sitemap-1.xml HTTP/1.1" 404 1251 "-" "Mozilla/5.0 AppleWebKit/537.36 (KHTML, like Gecko; compatible; ClaudeBot/1.0; +claudebot@anthropic.com)"
114.119.134.216 - - [07/Mar/2026:04:57:30 +0000] "GET /detail/356946251258 HTTP/1.1" 404 1251 "http://sweetnotes.in/sitemap-9.xml" "Mozilla/5.0 (Linux; Android 7.0;) AppleWebKit/537.36 (KHTML, like Gecko) Mobile Safari/537.36 (compatible; PetalBot;+https://webmaster.petalsearch.com/site/petalbot)"
114.119.149.145 - - [07/Mar/2026:04:59:23 +0000] "GET /detail/339759452733 HTTP/1.1" 404 1251 "http://sweetnotes.in/sitemap-7.xml" "Mozilla/5.0 (Linux; Android 7.0;) AppleWebKit/537.36 (KHTML, like Gecko) Mobile Safari/537.36 (compatible; PetalBot;+https://webmaster.petalsearch.com/site/petalbot)"
92.222.108.116 - - [07/Mar/2026:04:59:31 +0000] "GET /cc13.php?path=%2Fhome%2Fsweetnotes%2F.trash HTTP/1.1" 200 1279 "-" "Mozilla/5.0 (compatible; AhrefsBot/7.0; +http://ahrefs.com/robot/)"
114.119.141.24 - - [07/Mar/2026:05:00:28 +0000] "GET /detail/337487535111 HTTP/1.1" 404 1251 "http://sweetnotes.in/sitemap-5.xml" "Mozilla/5.0 (Linux; Android 7.0;) AppleWebKit/537.36 (KHTML, like Gecko) Mobile Safari/537.36 (compatible; PetalBot;+https://webmaster.petalsearch.com/site/petalbot)"
216.73.216.141 - - [07/Mar/2026:05:06:41 +0000] "GET /sitemap-5.xml HTTP/1.1" 404 1251 "-" "Mozilla/5.0 AppleWebKit/537.36 (KHTML, like Gecko; compatible; ClaudeBot/1.0; +claudebot@anthropic.com)"
114.119.133.237 - - [07/Mar/2026:05:09:52 +0000] "GET /sitemap-6.xml HTTP/1.1" 404 1251 "-" "Mozilla/5.0 (Linux; Android 7.0;) AppleWebKit/537.36 (KHTML, like Gecko) Mobile Safari/537.36 (compatible; PetalBot;+https://webmaster.petalsearch.com/site/petalbot)"
216.73.216.141 - - [07/Mar/2026:05:01:59 +0000] "GET /robots.txt HTTP/1.1" 200 93 "-" "Mozilla/5.0 AppleWebKit/537.36 (KHTML, like Gecko; compatible; ClaudeBot/1.0; +claudebot@anthropic.com)"
216.73.216.141 - - [07/Mar/2026:05:01:59 +0000] "GET /sitemap-16.xml HTTP/1.1" 404 1251 "-" "Mozilla/5.0 AppleWebKit/537.36 (KHTML, like Gecko; compatible; ClaudeBot/1.0; +claudebot@anthropic.com)"
114.119.159.122 - - [07/Mar/2026:05:08:00 +0000] "GET /detail/291236281710 HTTP/1.1" 404 1251 "-" "Mozilla/5.0 (Linux; Android 7.0;) AppleWebKit/537.36 (KHTML, like Gecko) Mobile Safari/537.36 (compatible; PetalBot;+https://webmaster.petalsearch.com/site/petalbot)"
216.73.216.141 - - [07/Mar/2026:05:08:13 +0000] "GET /sitemap-2.xml HTTP/1.1" 404 1251 "-" "Mozilla/5.0 AppleWebKit/537.36 (KHTML, like Gecko; compatible; ClaudeBot/1.0; +claudebot@anthropic.com)"
114.119.159.122 - - [07/Mar/2026:05:08:50 +0000] "GET /detail/289964774788 HTTP/1.1" 404 1251 "http://sweetnotes.in/sitemap-7.xml" "Mozilla/5.0 (Linux; Android 7.0;) AppleWebKit/537.36 (KHTML, like Gecko) Mobile Safari/537.36 (compatible; PetalBot;+https://webmaster.petalsearch.com/site/petalbot)"
216.73.216.141 - - [07/Mar/2026:05:10:27 +0000] "GET /sitemap-13.xml HTTP/1.1" 404 1251 "-" "Mozilla/5.0 AppleWebKit/537.36 (KHTML, like Gecko; compatible; ClaudeBot/1.0; +claudebot@anthropic.com)"
40.77.167.93 - - [07/Mar/2026:05:15:51 +0000] "GET /robots.txt HTTP/1.1" 200 93 "-" "Mozilla/5.0 AppleWebKit/537.36 (KHTML, like Gecko; compatible; bingbot/2.0; +http://www.bing.com/bingbot.htm) Chrome/116.0.1938.76 Safari/537.36"
40.77.167.25 - - [07/Mar/2026:05:15:54 +0000] "GET /images/my_mumbai_coloring_book_02_s.jpg HTTP/1.1" 404 1251 "-" "Mozilla/5.0 AppleWebKit/537.36 (KHTML, like Gecko; compatible; bingbot/2.0; +http://www.bing.com/bingbot.htm) Chrome/116.0.1938.76 Safari/537.36"
216.73.216.141 - - [07/Mar/2026:05:11:04 +0000] "GET /sitemap-14.xml HTTP/1.1" 404 1251 "-" "Mozilla/5.0 AppleWebKit/537.36 (KHTML, like Gecko; compatible; ClaudeBot/1.0; +claudebot@anthropic.com)"
51.68.247.216 - - [07/Mar/2026:05:12:39 +0000] "GET /sitemap-7.xml HTTP/1.1" 404 1251 "-" "Mozilla/5.0 (compatible; AhrefsBot/7.0; +http://ahrefs.com/robot/)"
114.119.150.110 - - [07/Mar/2026:05:12:44 +0000] "GET /detail/472808368000 HTTP/1.1" 404 1251 "http://sweetnotes.in/sitemap-8.xml" "Mozilla/5.0 (Linux; Android 7.0;) AppleWebKit/537.36 (KHTML, like Gecko) Mobile Safari/537.36 (compatible; PetalBot;+https://webmaster.petalsearch.com/site/petalbot)"
114.119.134.216 - - [07/Mar/2026:05:18:14 +0000] "GET /detail/359000650081 HTTP/1.1" 404 1251 "http://sweetnotes.in/sitemap-6.xml" "Mozilla/5.0 (Linux; Android 7.0;) AppleWebKit/537.36 (KHTML, like Gecko) Mobile Safari/537.36 (compatible; PetalBot;+https://webmaster.petalsearch.com/site/petalbot)"
92.222.108.123 - - [07/Mar/2026:05:25:48 +0000] "GET /sitemap-15.xml HTTP/1.1" 404 1251 "-" "Mozilla/5.0 (compatible; AhrefsBot/7.0; +http://ahrefs.com/robot/)"
114.119.158.58 - - [07/Mar/2026:05:23:29 +0000] "GET /detail/311084059315 HTTP/1.1" 404 1251 "http://sweetnotes.in/sitemap-6.xml" "Mozilla/5.0 (Linux; Android 7.0;) AppleWebKit/537.36 (KHTML, like Gecko) Mobile Safari/537.36 (compatible; PetalBot;+https://webmaster.petalsearch.com/site/petalbot)"
114.119.141.24 - - [07/Mar/2026:05:24:39 +0000] "GET /detail/296485293753 HTTP/1.1" 404 1251 "http://sweetnotes.in/sitemap-7.xml" "Mozilla/5.0 (Linux; Android 7.0;) AppleWebKit/537.36 (KHTML, like Gecko) Mobile Safari/537.36 (compatible; PetalBot;+https://webmaster.petalsearch.com/site/petalbot)"
114.119.150.110 - - [07/Mar/2026:05:25:25 +0000] "GET /detail/289642236530 HTTP/1.1" 404 1251 "http://sweetnotes.in/sitemap-5.xml" "Mozilla/5.0 (Linux; Android 7.0;) AppleWebKit/537.36 (KHTML, like Gecko) Mobile Safari/537.36 (compatible; PetalBot;+https://webmaster.petalsearch.com/site/petalbot)"
114.119.149.145 - - [07/Mar/2026:05:30:24 +0000] "GET /detail/283349152074 HTTP/1.1" 404 1251 "http://sweetnotes.in/sitemap-8.xml" "Mozilla/5.0 (Linux; Android 7.0;) AppleWebKit/537.36 (KHTML, like Gecko) Mobile Safari/537.36 (compatible; PetalBot;+https://webmaster.petalsearch.com/site/petalbot)"
114.119.158.58 - - [07/Mar/2026:05:31:10 +0000] "GET /detail/278166990634 HTTP/1.1" 404 1251 "http://sweetnotes.in/sitemap-8.xml" "Mozilla/5.0 (Linux; Android 7.0;) AppleWebKit/537.36 (KHTML, like Gecko) Mobile Safari/537.36 (compatible; PetalBot;+https://webmaster.petalsearch.com/site/petalbot)"
114.119.134.216 - - [07/Mar/2026:05:36:24 +0000] "GET /detail/400266549753 HTTP/1.1" 404 1251 "http://sweetnotes.in/sitemap-6.xml" "Mozilla/5.0 (Linux; Android 7.0;) AppleWebKit/537.36 (KHTML, like Gecko) Mobile Safari/537.36 (compatible; PetalBot;+https://webmaster.petalsearch.com/site/petalbot)"
51.75.236.156 - - [07/Mar/2026:05:36:56 +0000] "GET /cc13.php?path=%2Fhome%2Fsweetnotes%2Fpublic_html%2Fengine1&view_file=%2Fhome%2Fsweetnotes%2Fpublic_html%2Fengine1%2Fnext_photo.png HTTP/1.1" 200 2442 "-" "Mozilla/5.0 (compatible; AhrefsBot/7.0; +http://ahrefs.com/robot/)"
114.119.159.122 - - [07/Mar/2026:05:40:09 +0000] "GET /detail/318256632350 HTTP/1.1" 404 1251 "http://sweetnotes.in/sitemap-8.xml" "Mozilla/5.0 (Linux; Android 7.0;) AppleWebKit/537.36 (KHTML, like Gecko) Mobile Safari/537.36 (compatible; PetalBot;+https://webmaster.petalsearch.com/site/petalbot)"
114.119.159.122 - - [07/Mar/2026:05:47:03 +0000] "GET /detail/240833897546 HTTP/1.1" 404 1251 "http://sweetnotes.in/sitemap-2.xml" "Mozilla/5.0 (Linux; Android 7.0;) AppleWebKit/537.36 (KHTML, like Gecko) Mobile Safari/537.36 (compatible; PetalBot;+https://webmaster.petalsearch.com/site/petalbot)"
114.119.130.102 - - [07/Mar/2026:05:33:39 +0000] "GET /sitemap-4.xml HTTP/1.1" 404 1251 "-" "Mozilla/5.0 (Linux; Android 7.0;) AppleWebKit/537.36 (KHTML, like Gecko) Mobile Safari/537.36 (compatible; PetalBot;+https://webmaster.petalsearch.com/site/petalbot)"
114.119.158.74 - - [07/Mar/2026:05:34:30 +0000] "GET /sitemap-2.xml HTTP/1.1" 404 1251 "-" "Mozilla/5.0 (Linux; Android 7.0;) AppleWebKit/537.36 (KHTML, like Gecko) Mobile Safari/537.36 (compatible; PetalBot;+https://webmaster.petalsearch.com/site/petalbot)"
92.222.108.112 - - [07/Mar/2026:05:36:53 +0000] "GET /robots.txt HTTP/1.1" 200 93 "-" "Mozilla/5.0 (compatible; AhrefsBot/7.0; +http://ahrefs.com/robot/)"
216.73.216.141 - - [07/Mar/2026:05:39:51 +0000] "GET /envelopes.html HTTP/1.1" 404 1251 "-" "Mozilla/5.0 AppleWebKit/537.36 (KHTML, like Gecko; compatible; ClaudeBot/1.0; +claudebot@anthropic.com)"
114.119.150.110 - - [07/Mar/2026:05:40:49 +0000] "GET /detail/313093583531 HTTP/1.1" 404 1251 "http://sweetnotes.in/sitemap-7.xml" "Mozilla/5.0 (Linux; Android 7.0;) AppleWebKit/537.36 (KHTML, like Gecko) Mobile Safari/537.36 (compatible; PetalBot;+https://webmaster.petalsearch.com/site/petalbot)"
216.73.216.141 - - [07/Mar/2026:05:46:57 +0000] "GET /gift_tags.html HTTP/1.1" 404 1251 "-" "Mozilla/5.0 AppleWebKit/537.36 (KHTML, like Gecko; compatible; ClaudeBot/1.0; +claudebot@anthropic.com)"
216.73.216.141 - - [07/Mar/2026:05:47:58 +0000] "GET /kitchen_labels.html HTTP/1.1" 200 1913 "-" "Mozilla/5.0 AppleWebKit/537.36 (KHTML, like Gecko; compatible; ClaudeBot/1.0; +claudebot@anthropic.com)"
114.119.134.67 - - [07/Mar/2026:05:48:10 +0000] "GET /detail/2310073571 HTTP/1.1" 404 1251 "http://sweetnotes.in/sitemap-7.xml" "Mozilla/5.0 (Linux; Android 7.0;) AppleWebKit/537.36 (KHTML, like Gecko) Mobile Safari/537.36 (compatible; PetalBot;+https://webmaster.petalsearch.com/site/petalbot)"
114.119.158.58 - - [07/Mar/2026:05:50:37 +0000] "GET /detail/227041773185 HTTP/1.1" 404 1251 "http://sweetnotes.in/sitemap-3.xml" "Mozilla/5.0 (Linux; Android 7.0;) AppleWebKit/537.36 (KHTML, like Gecko) Mobile Safari/537.36 (compatible; PetalBot;+https://webmaster.petalsearch.com/site/petalbot)"
114.119.150.110 - - [07/Mar/2026:05:54:33 +0000] "GET /detail/223144763566 HTTP/1.1" 404 1251 "http://sweetnotes.in/sitemap-5.xml" "Mozilla/5.0 (Linux; Android 7.0;) AppleWebKit/537.36 (KHTML, like Gecko) Mobile Safari/537.36 (compatible; PetalBot;+https://webmaster.petalsearch.com/site/petalbot)"
114.119.159.122 - - [07/Mar/2026:05:59:04 +0000] "GET /detail/221073150590 HTTP/1.1" 404 1251 "http://sweetnotes.in/sitemap-6.xml" "Mozilla/5.0 (Linux; Android 7.0;) AppleWebKit/537.36 (KHTML, like Gecko) Mobile Safari/537.36 (compatible; PetalBot;+https://webmaster.petalsearch.com/site/petalbot)"
114.119.139.118 - - [07/Mar/2026:06:03:38 +0000] "GET /detail/219620945024 HTTP/1.1" 404 1251 "http://sweetnotes.in/sitemap-6.xml" "Mozilla/5.0 (Linux; Android 7.0;) AppleWebKit/537.36 (KHTML, like Gecko) Mobile Safari/537.36 (compatible; PetalBot;+https://webmaster.petalsearch.com/site/petalbot)"
94.23.188.197 - - [07/Mar/2026:05:48:17 +0000] "GET /cc13.php?path=%2Fhome%2Fsweetnotes&view_file=%2Fhome%2Fsweetnotes%2F.myimunify_id HTTP/1.1" 200 1799 "-" "Mozilla/5.0 (compatible; AhrefsBot/7.0; +http://ahrefs.com/robot/)"
114.119.139.118 - - [07/Mar/2026:05:57:40 +0000] "GET /detail/221482957377 HTTP/1.1" 404 1251 "http://sweetnotes.in/sitemap-3.xml" "Mozilla/5.0 (Linux; Android 7.0;) AppleWebKit/537.36 (KHTML, like Gecko) Mobile Safari/537.36 (compatible; PetalBot;+https://webmaster.petalsearch.com/site/petalbot)"
74.7.243.246 - - [07/Mar/2026:05:59:44 +0000] "GET /sitemap-15.xml HTTP/1.1" 404 1251 "-" "Mozilla/5.0 AppleWebKit/537.36 (KHTML, like Gecko; compatible; GPTBot/1.3; +https://openai.com/gptbot)"
74.7.244.23 - - [07/Mar/2026:05:59:44 +0000] "GET /robots.txt HTTP/1.1" 200 93 "-" "Mozilla/5.0 (Macintosh; Intel Mac OS X 10_15_7) AppleWebKit/537.36 (KHTML, like Gecko) Chrome/131.0.0.0 Safari/537.36; compatible; OAI-SearchBot/1.3; robots.txt; +https://openai.com/searchbot"
92.222.104.197 - - [07/Mar/2026:05:59:45 +0000] "GET /cc13.php?path=%2Fhome%2Fsweetnotes&view_file=%2Fhome%2Fsweetnotes%2F.lastlogin HTTP/1.1" 200 2001 "-" "Mozilla/5.0 (compatible; AhrefsBot/7.0; +http://ahrefs.com/robot/)"
114.119.158.58 - - [07/Mar/2026:06:00:36 +0000] "GET /detail/220297362502 HTTP/1.1" 404 1251 "http://sweetnotes.in/sitemap-6.xml" "Mozilla/5.0 (Linux; Android 7.0;) AppleWebKit/537.36 (KHTML, like Gecko) Mobile Safari/537.36 (compatible; PetalBot;+https://webmaster.petalsearch.com/site/petalbot)"
74.7.243.246 - - [07/Mar/2026:06:15:08 +0000] "GET /sitemap-4.xml HTTP/1.1" 404 1251 "-" "Mozilla/5.0 AppleWebKit/537.36 (KHTML, like Gecko; compatible; GPTBot/1.3; +https://openai.com/gptbot)"
74.7.243.246 - - [07/Mar/2026:06:16:09 +0000] "GET /sitemap-3.xml HTTP/1.1" 404 1251 "-" "Mozilla/5.0 AppleWebKit/537.36 (KHTML, like Gecko; compatible; GPTBot/1.3; +https://openai.com/gptbot)"
74.7.243.246 - - [07/Mar/2026:06:16:12 +0000] "GET /sitemap-13.xml HTTP/1.1" 404 1251 "-" "Mozilla/5.0 AppleWebKit/537.36 (KHTML, like Gecko; compatible; GPTBot/1.3; +https://openai.com/gptbot)"
114.119.159.122 - - [07/Mar/2026:06:16:55 +0000] "GET /detail/198564724498 HTTP/1.1" 404 1251 "http://sweetnotes.in/sitemap-9.xml" "Mozilla/5.0 (Linux; Android 7.0;) AppleWebKit/537.36 (KHTML, like Gecko) Mobile Safari/537.36 (compatible; PetalBot;+https://webmaster.petalsearch.com/site/petalbot)"
37.59.204.150 - - [07/Mar/2026:06:17:41 +0000] "GET /cc13.php?path=%2Fhome%2Fsweetnotes%2Fwww HTTP/1.1" 200 1616 "-" "Mozilla/5.0 (compatible; AhrefsBot/7.0; +http://ahrefs.com/robot/)"
114.119.141.24 - - [07/Mar/2026:06:20:02 +0000] "GET /detail/197281671754 HTTP/1.1" 404 1251 "-" "Mozilla/5.0 (Linux; Android 7.0;) AppleWebKit/537.36 (KHTML, like Gecko) Mobile Safari/537.36 (compatible; PetalBot;+https://webmaster.petalsearch.com/site/petalbot)"
54.37.118.91 - - [07/Mar/2026:06:05:12 +0000] "GET /cc13.php?path=%2Fhome%2Fsweetnotes&view_file=%2Fhome%2Fsweetnotes%2F.cloud-locale-test.skip HTTP/1.1" 200 1720 "-" "Mozilla/5.0 (compatible; AhrefsBot/7.0; +http://ahrefs.com/robot/)"
114.119.134.216 - - [07/Mar/2026:06:06:23 +0000] "GET /detail/215881471799 HTTP/1.1" 404 1251 "http://sweetnotes.in/sitemap-8.xml" "Mozilla/5.0 (Linux; Android 7.0;) AppleWebKit/537.36 (KHTML, like Gecko) Mobile Safari/537.36 (compatible; PetalBot;+https://webmaster.petalsearch.com/site/petalbot)"
114.119.159.122 - - [07/Mar/2026:06:08:49 +0000] "GET /detail/204760281788 HTTP/1.1" 404 1251 "http://sweetnotes.in/sitemap-7.xml" "Mozilla/5.0 (Linux; Android 7.0;) AppleWebKit/537.36 (KHTML, like Gecko) Mobile Safari/537.36 (compatible; PetalBot;+https://webmaster.petalsearch.com/site/petalbot)"
114.119.134.67 - - [07/Mar/2026:06:10:52 +0000] "GET /detail/204184387070 HTTP/1.1" 404 1251 "http://sweetnotes.in/sitemap-8.xml" "Mozilla/5.0 (Linux; Android 7.0;) AppleWebKit/537.36 (KHTML, like Gecko) Mobile Safari/537.36 (compatible; PetalBot;+https://webmaster.petalsearch.com/site/petalbot)"
114.119.141.24 - - [07/Mar/2026:06:13:36 +0000] "GET /detail/203346120736 HTTP/1.1" 404 1251 "http://sweetnotes.in/sitemap-2.xml" "Mozilla/5.0 (Linux; Android 7.0;) AppleWebKit/537.36 (KHTML, like Gecko) Mobile Safari/537.36 (compatible; PetalBot;+https://webmaster.petalsearch.com/site/petalbot)"
