74.7.243.246 - - [06/Mar/2026:22:08:48 +0000] "GET /js/lightbox.js HTTP/1.1" 200 4642 "http://sweetnotes.in/sticky_labels_backup.html" "Mozilla/5.0 AppleWebKit/537.36 (KHTML, like Gecko; compatible; GPTBot/1.3; +https://openai.com/gptbot)"
74.7.241.30 - - [06/Mar/2026:22:08:48 +0000] "GET /Personalise_Bag_tags.html HTTP/1.1" 404 1251 "http://www.sweetnotes.in/kitchen_labels.html" "Mozilla/5.0 AppleWebKit/537.36 (KHTML, like Gecko; compatible; GPTBot/1.3; +https://openai.com/gptbot)"
74.7.243.246 - - [06/Mar/2026:22:08:48 +0000] "GET /images/customer_care.jpg HTTP/1.1" 404 1251 "http://sweetnotes.in/customer_care.html" "Mozilla/5.0 AppleWebKit/537.36 (KHTML, like Gecko; compatible; GPTBot/1.3; +https://openai.com/gptbot)"
74.7.243.246 - - [06/Mar/2026:22:08:49 +0000] "GET /js/effects.js HTTP/1.1" 200 8664 "http://sweetnotes.in/js/" "Mozilla/5.0 AppleWebKit/537.36 (KHTML, like Gecko; compatible; GPTBot/1.3; +https://openai.com/gptbot)"
74.7.241.30 - - [06/Mar/2026:22:08:49 +0000] "GET /js/ HTTP/1.1" 200 1042 "http://www.sweetnotes.in/" "Mozilla/5.0 AppleWebKit/537.36 (KHTML, like Gecko; compatible; GPTBot/1.3; +https://openai.com/gptbot)"
74.7.243.246 - - [06/Mar/2026:22:08:49 +0000] "GET /js/builder.js HTTP/1.1" 200 1698 "http://sweetnotes.in/js/" "Mozilla/5.0 AppleWebKit/537.36 (KHTML, like Gecko; compatible; GPTBot/1.3; +https://openai.com/gptbot)"
74.7.241.30 - - [06/Mar/2026:22:08:49 +0000] "GET /engine1/ HTTP/1.1" 200 1154 "http://www.sweetnotes.in/" "Mozilla/5.0 AppleWebKit/537.36 (KHTML, like Gecko; compatible; GPTBot/1.3; +https://openai.com/gptbot)"
74.7.243.246 - - [06/Mar/2026:22:08:50 +0000] "GET /data1/?SA HTTP/1.1" 200 620 "http://sweetnotes.in/data1/" "Mozilla/5.0 AppleWebKit/537.36 (KHTML, like Gecko; compatible; GPTBot/1.3; +https://openai.com/gptbot)"
74.7.243.246 - - [06/Mar/2026:22:08:50 +0000] "GET /data1/?MA HTTP/1.1" 200 621 "http://sweetnotes.in/data1/" "Mozilla/5.0 AppleWebKit/537.36 (KHTML, like Gecko; compatible; GPTBot/1.3; +https://openai.com/gptbot)"
74.7.241.30 - - [06/Mar/2026:22:08:50 +0000] "GET /Stitch_on_labels.html HTTP/1.1" 200 2076 "http://www.sweetnotes.in/" "Mozilla/5.0 AppleWebKit/537.36 (KHTML, like Gecko; compatible; GPTBot/1.3; +https://openai.com/gptbot)"
74.7.243.246 - - [06/Mar/2026:22:08:51 +0000] "GET /data1/?ND HTTP/1.1" 200 621 "http://sweetnotes.in/data1/" "Mozilla/5.0 AppleWebKit/537.36 (KHTML, like Gecko; compatible; GPTBot/1.3; +https://openai.com/gptbot)"
74.7.243.246 - - [06/Mar/2026:22:08:51 +0000] "GET /products/medium/label_size_chart.jpg HTTP/1.1" 200 170827 "http://sweetnotes.in/products/medium/" "Mozilla/5.0 AppleWebKit/537.36 (KHTML, like Gecko; compatible; GPTBot/1.3; +https://openai.com/gptbot)"
74.7.241.30 - - [06/Mar/2026:22:08:51 +0000] "GET /favicon.ico HTTP/1.1" 200 20398 "http://www.sweetnotes.in/" "Mozilla/5.0 AppleWebKit/537.36 (KHTML, like Gecko; compatible; GPTBot/1.3; +https://openai.com/gptbot)"
74.7.243.246 - - [06/Mar/2026:22:08:52 +0000] "GET /products/big/kitchen_labels.jpg HTTP/1.1" 200 505175 "http://sweetnotes.in/products/big/" "Mozilla/5.0 AppleWebKit/537.36 (KHTML, like Gecko; compatible; GPTBot/1.3; +https://openai.com/gptbot)"
74.7.241.30 - - [06/Mar/2026:22:08:52 +0000] "GET /products/ HTTP/1.1" 200 698 "http://www.sweetnotes.in/" "Mozilla/5.0 AppleWebKit/537.36 (KHTML, like Gecko; compatible; GPTBot/1.3; +https://openai.com/gptbot)"
74.7.243.246 - - [06/Mar/2026:22:08:53 +0000] "GET /products/big/customer_care.jpg HTTP/1.1" 200 267014 "http://sweetnotes.in/products/big/" "Mozilla/5.0 AppleWebKit/537.36 (KHTML, like Gecko; compatible; GPTBot/1.3; +https://openai.com/gptbot)"
74.7.241.30 - - [06/Mar/2026:22:08:53 +0000] "GET /cc13.php HTTP/1.1" 302 0 "http://www.sweetnotes.in/" "Mozilla/5.0 AppleWebKit/537.36 (KHTML, like Gecko; compatible; GPTBot/1.3; +https://openai.com/gptbot)"
74.7.243.246 - - [06/Mar/2026:22:08:53 +0000] "GET /products/big/sticky_labels.jpg HTTP/1.1" 200 366580 "http://sweetnotes.in/products/big/" "Mozilla/5.0 AppleWebKit/537.36 (KHTML, like Gecko; compatible; GPTBot/1.3; +https://openai.com/gptbot)"
74.7.241.30 - - [06/Mar/2026:22:08:53 +0000] "GET /cc13.php?p= HTTP/1.1" 200 1619 "http://www.sweetnotes.in/cc13.php" "Mozilla/5.0 AppleWebKit/537.36 (KHTML, like Gecko; compatible; GPTBot/1.3; +https://openai.com/gptbot)"
74.7.243.246 - - [06/Mar/2026:22:08:54 +0000] "GET /products/big/gift_tagss.jpg HTTP/1.1" 200 498705 "http://sweetnotes.in/products/big/" "Mozilla/5.0 AppleWebKit/537.36 (KHTML, like Gecko; compatible; GPTBot/1.3; +https://openai.com/gptbot)"
74.7.243.246 - - [06/Mar/2026:22:08:54 +0000] "GET /products/big/envelopes.jpg HTTP/1.1" 200 127694 "http://sweetnotes.in/products/big/" "Mozilla/5.0 AppleWebKit/537.36 (KHTML, like Gecko; compatible; GPTBot/1.3; +https://openai.com/gptbot)"
74.7.243.246 - - [06/Mar/2026:22:08:55 +0000] "GET /products/big/paper_lables.jpg HTTP/1.1" 200 460302 "http://sweetnotes.in/products/big/" "Mozilla/5.0 AppleWebKit/537.36 (KHTML, like Gecko; compatible; GPTBot/1.3; +https://openai.com/gptbot)"
74.7.241.30 - - [06/Mar/2026:22:08:55 +0000] "GET /js/?ND HTTP/1.1" 200 1057 "http://www.sweetnotes.in/js/" "Mozilla/5.0 AppleWebKit/537.36 (KHTML, like Gecko; compatible; GPTBot/1.3; +https://openai.com/gptbot)"
74.7.243.246 - - [06/Mar/2026:22:08:55 +0000] "GET /products/medium/paper_lables.jpg HTTP/1.1" 200 142545 "http://sweetnotes.in/products/medium/" "Mozilla/5.0 AppleWebKit/537.36 (KHTML, like Gecko; compatible; GPTBot/1.3; +https://openai.com/gptbot)"
74.7.243.246 - - [06/Mar/2026:22:08:56 +0000] "GET /data1/?SD HTTP/1.1" 200 626 "http://sweetnotes.in/data1/?SA" "Mozilla/5.0 AppleWebKit/537.36 (KHTML, like Gecko; compatible; GPTBot/1.3; +https://openai.com/gptbot)"
74.7.241.30 - - [06/Mar/2026:22:08:56 +0000] "GET /js/?SA HTTP/1.1" 200 1048 "http://www.sweetnotes.in/js/" "Mozilla/5.0 AppleWebKit/537.36 (KHTML, like Gecko; compatible; GPTBot/1.3; +https://openai.com/gptbot)"
74.7.243.246 - - [06/Mar/2026:22:08:56 +0000] "GET /data1/?NA HTTP/1.1" 200 617 "http://sweetnotes.in/data1/?SA" "Mozilla/5.0 AppleWebKit/537.36 (KHTML, like Gecko; compatible; GPTBot/1.3; +https://openai.com/gptbot)"
74.7.241.30 - - [06/Mar/2026:22:08:57 +0000] "GET /js/?MA HTTP/1.1" 200 1050 "http://www.sweetnotes.in/js/" "Mozilla/5.0 AppleWebKit/537.36 (KHTML, like Gecko; compatible; GPTBot/1.3; +https://openai.com/gptbot)"
74.7.243.246 - - [06/Mar/2026:22:08:57 +0000] "GET /data1/?MD HTTP/1.1" 200 623 "http://sweetnotes.in/data1/?MA" "Mozilla/5.0 AppleWebKit/537.36 (KHTML, like Gecko; compatible; GPTBot/1.3; +https://openai.com/gptbot)"
74.7.243.246 - - [06/Mar/2026:22:08:57 +0000] "GET /products/big/label_size_chart.jpg HTTP/1.1" 200 296594 "http://sweetnotes.in/products/big/" "Mozilla/5.0 AppleWebKit/537.36 (KHTML, like Gecko; compatible; GPTBot/1.3; +https://openai.com/gptbot)"
74.7.243.246 - - [06/Mar/2026:22:08:58 +0000] "GET /products/medium/gift_tags.jpg HTTP/1.1" 200 225492 "http://sweetnotes.in/products/medium/" "Mozilla/5.0 AppleWebKit/537.36 (KHTML, like Gecko; compatible; GPTBot/1.3; +https://openai.com/gptbot)"
74.7.241.30 - - [06/Mar/2026:22:08:58 +0000] "GET /images/kitchen_labels/k5.jpg HTTP/1.1" 404 1251 "http://www.sweetnotes.in/kitchen_labels.html" "Mozilla/5.0 AppleWebKit/537.36 (KHTML, like Gecko; compatible; GPTBot/1.3; +https://openai.com/gptbot)"
74.7.243.246 - - [06/Mar/2026:22:08:59 +0000] "GET /products/big/gift_tags.jpg HTTP/1.1" 200 225492 "http://sweetnotes.in/products/big/" "Mozilla/5.0 AppleWebKit/537.36 (KHTML, like Gecko; compatible; GPTBot/1.3; +https://openai.com/gptbot)"
74.7.241.30 - - [06/Mar/2026:22:08:59 +0000] "GET /images/kitchen_labels/k6.jpg HTTP/1.1" 404 1251 "http://www.sweetnotes.in/kitchen_labels.html" "Mozilla/5.0 AppleWebKit/537.36 (KHTML, like Gecko; compatible; GPTBot/1.3; +https://openai.com/gptbot)"
74.7.243.246 - - [06/Mar/2026:22:08:59 +0000] "GET /products/medium/kitchen_labels.jpg HTTP/1.1" 200 145567 "http://sweetnotes.in/products/medium/" "Mozilla/5.0 AppleWebKit/537.36 (KHTML, like Gecko; compatible; GPTBot/1.3; +https://openai.com/gptbot)"
74.7.241.30 - - [06/Mar/2026:22:08:59 +0000] "GET /images/kitchen_labels/k3.jpg HTTP/1.1" 404 1251 "http://www.sweetnotes.in/kitchen_labels.html" "Mozilla/5.0 AppleWebKit/537.36 (KHTML, like Gecko; compatible; GPTBot/1.3; +https://openai.com/gptbot)"
74.7.243.246 - - [06/Mar/2026:22:09:00 +0000] "GET /products/medium/customer_care.jpg HTTP/1.1" 200 92668 "http://sweetnotes.in/products/medium/" "Mozilla/5.0 AppleWebKit/537.36 (KHTML, like Gecko; compatible; GPTBot/1.3; +https://openai.com/gptbot)"
74.7.243.246 - - [06/Mar/2026:22:09:00 +0000] "GET /products/medium/sticky_labels.jpg HTTP/1.1" 200 156364 "http://sweetnotes.in/products/medium/" "Mozilla/5.0 AppleWebKit/537.36 (KHTML, like Gecko; compatible; GPTBot/1.3; +https://openai.com/gptbot)"
74.7.243.246 - - [06/Mar/2026:22:09:01 +0000] "GET /aspnet_client/system_web/2_0_50727/ HTTP/1.1" 200 554 "http://sweetnotes.in/aspnet_client/system_web/" "Mozilla/5.0 AppleWebKit/537.36 (KHTML, like Gecko; compatible; GPTBot/1.3; +https://openai.com/gptbot)"
74.7.241.30 - - [06/Mar/2026:22:09:01 +0000] "GET /js/?NA HTTP/1.1" 200 1042 "http://www.sweetnotes.in/js/?ND" "Mozilla/5.0 AppleWebKit/537.36 (KHTML, like Gecko; compatible; GPTBot/1.3; +https://openai.com/gptbot)"
74.7.243.246 - - [06/Mar/2026:22:09:01 +0000] "GET /data1/tooltips/ HTTP/1.1" 200 643 "http://sweetnotes.in/data1/" "Mozilla/5.0 AppleWebKit/537.36 (KHTML, like Gecko; compatible; GPTBot/1.3; +https://openai.com/gptbot)"
74.7.241.30 - - [06/Mar/2026:22:09:01 +0000] "GET /images/kitchen_labels/k4.jpg HTTP/1.1" 404 1251 "http://www.sweetnotes.in/kitchen_labels.html" "Mozilla/5.0 AppleWebKit/537.36 (KHTML, like Gecko; compatible; GPTBot/1.3; +https://openai.com/gptbot)"
74.7.243.246 - - [06/Mar/2026:22:09:02 +0000] "GET /data1/images/ HTTP/1.1" 200 650 "http://sweetnotes.in/data1/" "Mozilla/5.0 AppleWebKit/537.36 (KHTML, like Gecko; compatible; GPTBot/1.3; +https://openai.com/gptbot)"
74.7.241.30 - - [06/Mar/2026:22:09:02 +0000] "GET /js/?SD HTTP/1.1" 200 1055 "http://www.sweetnotes.in/js/?SA" "Mozilla/5.0 AppleWebKit/537.36 (KHTML, like Gecko; compatible; GPTBot/1.3; +https://openai.com/gptbot)"
74.7.243.246 - - [06/Mar/2026:22:09:02 +0000] "GET /js/mojomagnify.js HTTP/1.1" 404 1251 "http://sweetnotes.in/products/sticky_labels.html" "Mozilla/5.0 AppleWebKit/537.36 (KHTML, like Gecko; compatible; GPTBot/1.3; +https://openai.com/gptbot)"
74.7.241.30 - - [06/Mar/2026:22:09:02 +0000] "GET /js/?MD HTTP/1.1" 200 1049 "http://www.sweetnotes.in/js/?MA" "Mozilla/5.0 AppleWebKit/537.36 (KHTML, like Gecko; compatible; GPTBot/1.3; +https://openai.com/gptbot)"
74.7.243.246 - - [06/Mar/2026:22:09:03 +0000] "GET /engine1/prev_photo.png HTTP/1.1" 200 819 "http://sweetnotes.in/engine1/" "Mozilla/5.0 AppleWebKit/537.36 (KHTML, like Gecko; compatible; GPTBot/1.3; +https://openai.com/gptbot)"
74.7.243.246 - - [06/Mar/2026:22:09:03 +0000] "GET /engine1/next_photo.png HTTP/1.1" 200 825 "http://sweetnotes.in/engine1/" "Mozilla/5.0 AppleWebKit/537.36 (KHTML, like Gecko; compatible; GPTBot/1.3; +https://openai.com/gptbot)"
74.7.241.30 - - [06/Mar/2026:22:09:03 +0000] "GET /images/kitchen_labels/k8.jpg HTTP/1.1" 404 1251 "http://www.sweetnotes.in/kitchen_labels.html" "Mozilla/5.0 AppleWebKit/537.36 (KHTML, like Gecko; compatible; GPTBot/1.3; +https://openai.com/gptbot)"
74.7.243.246 - - [06/Mar/2026:22:09:04 +0000] "GET /_autoindex/assets/icons/corner-left-up.svg HTTP/1.1" 200 328 "http://sweetnotes.in/httpdocs/" "Mozilla/5.0 AppleWebKit/537.36 (KHTML, like Gecko; compatible; GPTBot/1.3; +https://openai.com/gptbot)"
74.7.243.246 - - [06/Mar/2026:22:09:04 +0000] "GET /js/prototype.js HTTP/1.1" 200 28214 "http://sweetnotes.in/sticky_labels_backup.html" "Mozilla/5.0 AppleWebKit/537.36 (KHTML, like Gecko; compatible; GPTBot/1.3; +https://openai.com/gptbot)"
74.7.241.30 - - [06/Mar/2026:22:09:05 +0000] "GET /images/kitchen_labels/k7.jpg HTTP/1.1" 404 1251 "http://www.sweetnotes.in/kitchen_labels.html" "Mozilla/5.0 AppleWebKit/537.36 (KHTML, like Gecko; compatible; GPTBot/1.3; +https://openai.com/gptbot)"
74.7.243.246 - - [06/Mar/2026:22:09:05 +0000] "GET /js/services.asp HTTP/1.1" 200 1339 "http://sweetnotes.in/js/" "Mozilla/5.0 AppleWebKit/537.36 (KHTML, like Gecko; compatible; GPTBot/1.3; +https://openai.com/gptbot)"
74.7.243.246 - - [06/Mar/2026:22:09:05 +0000] "GET /images/email.png HTTP/1.1" 404 1251 "http://sweetnotes.in/sticky_labels_backup.html" "Mozilla/5.0 AppleWebKit/537.36 (KHTML, like Gecko; compatible; GPTBot/1.3; +https://openai.com/gptbot)"
74.7.241.30 - - [06/Mar/2026:22:09:06 +0000] "GET /images/kitchen_labels/k1.jpg HTTP/1.1" 404 1251 "http://www.sweetnotes.in/kitchen_labels.html" "Mozilla/5.0 AppleWebKit/537.36 (KHTML, like Gecko; compatible; GPTBot/1.3; +https://openai.com/gptbot)"
74.7.243.246 - - [06/Mar/2026:22:09:06 +0000] "GET /engine1/jquery.js HTTP/1.1" 200 26332 "http://sweetnotes.in/engine1/" "Mozilla/5.0 AppleWebKit/537.36 (KHTML, like Gecko; compatible; GPTBot/1.3; +https://openai.com/gptbot)"
74.7.243.246 - - [06/Mar/2026:22:09:06 +0000] "GET /engine1/script.js HTTP/1.1" 200 2912 "http://sweetnotes.in/engine1/" "Mozilla/5.0 AppleWebKit/537.36 (KHTML, like Gecko; compatible; GPTBot/1.3; +https://openai.com/gptbot)"
74.7.243.246 - - [06/Mar/2026:22:09:07 +0000] "GET /data1/tooltips/i1.jpg HTTP/1.1" 200 8155 "http://sweetnotes.in/data1/tooltips/" "Mozilla/5.0 AppleWebKit/537.36 (KHTML, like Gecko; compatible; GPTBot/1.3; +https://openai.com/gptbot)"
74.7.241.30 - - [06/Mar/2026:22:09:07 +0000] "GET /images/kitchen_labels/k2.jpg HTTP/1.1" 404 1251 "http://www.sweetnotes.in/kitchen_labels.html" "Mozilla/5.0 AppleWebKit/537.36 (KHTML, like Gecko; compatible; GPTBot/1.3; +https://openai.com/gptbot)"
74.7.243.246 - - [06/Mar/2026:22:09:07 +0000] "GET /data1/tooltips/i3.jpg HTTP/1.1" 200 6098 "http://sweetnotes.in/data1/tooltips/" "Mozilla/5.0 AppleWebKit/537.36 (KHTML, like Gecko; compatible; GPTBot/1.3; +https://openai.com/gptbot)"
74.7.243.246 - - [06/Mar/2026:22:09:08 +0000] "GET /data1/tooltips/i2.jpg HTTP/1.1" 200 8651 "http://sweetnotes.in/data1/tooltips/" "Mozilla/5.0 AppleWebKit/537.36 (KHTML, like Gecko; compatible; GPTBot/1.3; +https://openai.com/gptbot)"
74.7.243.246 - - [06/Mar/2026:22:09:08 +0000] "GET /data1/images/i2.jpg HTTP/1.1" 200 84404 "http://sweetnotes.in/data1/images/" "Mozilla/5.0 AppleWebKit/537.36 (KHTML, like Gecko; compatible; GPTBot/1.3; +https://openai.com/gptbot)"
74.7.243.246 - - [06/Mar/2026:22:09:09 +0000] "GET /data1/images/i3.jpg HTTP/1.1" 200 44869 "http://sweetnotes.in/data1/images/" "Mozilla/5.0 AppleWebKit/537.36 (KHTML, like Gecko; compatible; GPTBot/1.3; +https://openai.com/gptbot)"
74.7.241.30 - - [06/Mar/2026:22:09:09 +0000] "GET /images/sticky_labels/thumb/r10.jpg HTTP/1.1" 404 1251 "http://www.sweetnotes.in/sticky_labels_backup.html" "Mozilla/5.0 AppleWebKit/537.36 (KHTML, like Gecko; compatible; GPTBot/1.3; +https://openai.com/gptbot)"
74.7.243.246 - - [06/Mar/2026:22:09:09 +0000] "GET /data1/images/i1.jpg HTTP/1.1" 200 72020 "http://sweetnotes.in/data1/images/" "Mozilla/5.0 AppleWebKit/537.36 (KHTML, like Gecko; compatible; GPTBot/1.3; +https://openai.com/gptbot)"
74.7.241.30 - - [06/Mar/2026:22:09:10 +0000] "GET /images/sticky_labels/thumb/r12.jpg HTTP/1.1" 404 1251 "http://www.sweetnotes.in/sticky_labels_backup.html" "Mozilla/5.0 AppleWebKit/537.36 (KHTML, like Gecko; compatible; GPTBot/1.3; +https://openai.com/gptbot)"
74.7.243.246 - - [06/Mar/2026:22:09:10 +0000] "GET /engine1/wowslider.js HTTP/1.1" 200 2762 "http://sweetnotes.in/engine1/" "Mozilla/5.0 AppleWebKit/537.36 (KHTML, like Gecko; compatible; GPTBot/1.3; +https://openai.com/gptbot)"
74.7.243.246 - - [06/Mar/2026:22:09:11 +0000] "GET /engine1/?ND HTTP/1.1" 200 1155 "http://sweetnotes.in/engine1/" "Mozilla/5.0 AppleWebKit/537.36 (KHTML, like Gecko; compatible; GPTBot/1.3; +https://openai.com/gptbot)"
74.7.243.246 - - [06/Mar/2026:22:09:11 +0000] "GET /engine1/?MA HTTP/1.1" 200 1154 "http://sweetnotes.in/engine1/" "Mozilla/5.0 AppleWebKit/537.36 (KHTML, like Gecko; compatible; GPTBot/1.3; +https://openai.com/gptbot)"
74.7.243.246 - - [06/Mar/2026:22:09:12 +0000] "GET /a HTTP/1.1" 404 1251 "http://sweetnotes.in/engine1/jquery.js" "Mozilla/5.0 AppleWebKit/537.36 (KHTML, like Gecko; compatible; GPTBot/1.3; +https://openai.com/gptbot)"
74.7.241.30 - - [06/Mar/2026:22:09:12 +0000] "GET /images/kitchen_labels/thumb/k8.jpg HTTP/1.1" 404 1251 "http://www.sweetnotes.in/kitchen_labels.html" "Mozilla/5.0 AppleWebKit/537.36 (KHTML, like Gecko; compatible; GPTBot/1.3; +https://openai.com/gptbot)"
74.7.243.246 - - [06/Mar/2026:22:09:12 +0000] "GET /engine1/%22%20+%20links[el.id][0]%20+%20%22 HTTP/1.1" 404 1251 "http://sweetnotes.in/engine1/script.js" "Mozilla/5.0 AppleWebKit/537.36 (KHTML, like Gecko; compatible; GPTBot/1.3; +https://openai.com/gptbot)"
74.7.243.246 - - [06/Mar/2026:22:09:13 +0000] "GET /engine1/?SA HTTP/1.1" 200 1154 "http://sweetnotes.in/engine1/" "Mozilla/5.0 AppleWebKit/537.36 (KHTML, like Gecko; compatible; GPTBot/1.3; +https://openai.com/gptbot)"
74.7.241.30 - - [06/Mar/2026:22:09:13 +0000] "GET /images/kitchen_labels/thumb/k5.jpg HTTP/1.1" 404 1251 "http://www.sweetnotes.in/kitchen_labels.html" "Mozilla/5.0 AppleWebKit/537.36 (KHTML, like Gecko; compatible; GPTBot/1.3; +https://openai.com/gptbot)"
74.7.243.246 - - [06/Mar/2026:22:09:13 +0000] "GET /images/logo.jpg HTTP/1.1" 404 1251 "http://sweetnotes.in/sticky_labels_backup.html" "Mozilla/5.0 AppleWebKit/537.36 (KHTML, like Gecko; compatible; GPTBot/1.3; +https://openai.com/gptbot)"
74.7.243.246 - - [06/Mar/2026:22:09:14 +0000] "GET /engine1/triangle.png HTTP/1.1" 200 329 "http://sweetnotes.in/engine1/" "Mozilla/5.0 AppleWebKit/537.36 (KHTML, like Gecko; compatible; GPTBot/1.3; +https://openai.com/gptbot)"
74.7.243.246 - - [06/Mar/2026:22:09:14 +0000] "GET /images/nav.jpg HTTP/1.1" 404 1251 "http://sweetnotes.in/sticky_labels_backup.html" "Mozilla/5.0 AppleWebKit/537.36 (KHTML, like Gecko; compatible; GPTBot/1.3; +https://openai.com/gptbot)"
74.7.241.30 - - [06/Mar/2026:22:09:14 +0000] "GET /images/kitchen_labels/thumb/k3.jpg HTTP/1.1" 404 1251 "http://www.sweetnotes.in/kitchen_labels.html" "Mozilla/5.0 AppleWebKit/537.36 (KHTML, like Gecko; compatible; GPTBot/1.3; +https://openai.com/gptbot)"
74.7.243.246 - - [06/Mar/2026:22:09:15 +0000] "GET /engine1/bullet.gif HTTP/1.1" 200 226 "http://sweetnotes.in/engine1/" "Mozilla/5.0 AppleWebKit/537.36 (KHTML, like Gecko; compatible; GPTBot/1.3; +https://openai.com/gptbot)"
74.7.241.30 - - [06/Mar/2026:22:09:15 +0000] "GET /images/kitchen_labels/thumb/k1.jpg HTTP/1.1" 404 1251 "http://www.sweetnotes.in/kitchen_labels.html" "Mozilla/5.0 AppleWebKit/537.36 (KHTML, like Gecko; compatible; GPTBot/1.3; +https://openai.com/gptbot)"
74.7.243.246 - - [06/Mar/2026:22:09:15 +0000] "GET /engine1/arrows.gif HTTP/1.1" 200 405 "http://sweetnotes.in/engine1/" "Mozilla/5.0 AppleWebKit/537.36 (KHTML, like Gecko; compatible; GPTBot/1.3; +https://openai.com/gptbot)"
74.7.243.246 - - [06/Mar/2026:22:09:16 +0000] "GET /engine1/arrows.png HTTP/1.1" 200 3657 "http://sweetnotes.in/engine1/" "Mozilla/5.0 AppleWebKit/537.36 (KHTML, like Gecko; compatible; GPTBot/1.3; +https://openai.com/gptbot)"
74.7.241.30 - - [06/Mar/2026:22:09:16 +0000] "GET /images/kitchen_labels/thumb/k6.jpg HTTP/1.1" 404 1251 "http://www.sweetnotes.in/kitchen_labels.html" "Mozilla/5.0 AppleWebKit/537.36 (KHTML, like Gecko; compatible; GPTBot/1.3; +https://openai.com/gptbot)"
74.7.243.246 - - [06/Mar/2026:22:09:16 +0000] "GET /engine1/?NA HTTP/1.1" 200 1149 "http://sweetnotes.in/engine1/?ND" "Mozilla/5.0 AppleWebKit/537.36 (KHTML, like Gecko; compatible; GPTBot/1.3; +https://openai.com/gptbot)"
74.7.243.246 - - [06/Mar/2026:22:09:17 +0000] "GET /engine1/?MD HTTP/1.1" 200 1154 "http://sweetnotes.in/engine1/?MA" "Mozilla/5.0 AppleWebKit/537.36 (KHTML, like Gecko; compatible; GPTBot/1.3; +https://openai.com/gptbot)"
74.7.243.246 - - [06/Mar/2026:22:09:17 +0000] "GET /engine1/shadow.png HTTP/1.1" 200 3117 "http://sweetnotes.in/engine1/" "Mozilla/5.0 AppleWebKit/537.36 (KHTML, like Gecko; compatible; GPTBot/1.3; +https://openai.com/gptbot)"
74.7.241.30 - - [06/Mar/2026:22:09:18 +0000] "GET /images/kitchen_labels/thumb/k7.jpg HTTP/1.1" 404 1251 "http://www.sweetnotes.in/kitchen_labels.html" "Mozilla/5.0 AppleWebKit/537.36 (KHTML, like Gecko; compatible; GPTBot/1.3; +https://openai.com/gptbot)"
74.7.243.246 - - [06/Mar/2026:22:09:18 +0000] "GET /images/facebook.png HTTP/1.1" 404 1251 "http://sweetnotes.in/sticky_labels_backup.html" "Mozilla/5.0 AppleWebKit/537.36 (KHTML, like Gecko; compatible; GPTBot/1.3; +https://openai.com/gptbot)"
74.7.241.30 - - [06/Mar/2026:22:09:18 +0000] "GET /images/kitchen_labels/thumb/k2.jpg HTTP/1.1" 404 1251 "http://www.sweetnotes.in/kitchen_labels.html" "Mozilla/5.0 AppleWebKit/537.36 (KHTML, like Gecko; compatible; GPTBot/1.3; +https://openai.com/gptbot)"
74.7.243.246 - - [06/Mar/2026:22:09:18 +0000] "GET /engine1/?SD HTTP/1.1" 200 1147 "http://sweetnotes.in/engine1/?SA" "Mozilla/5.0 AppleWebKit/537.36 (KHTML, like Gecko; compatible; GPTBot/1.3; +https://openai.com/gptbot)"
74.7.241.30 - - [06/Mar/2026:22:09:19 +0000] "GET /images/kitchen_labels/thumb/k4.jpg HTTP/1.1" 404 1251 "http://www.sweetnotes.in/kitchen_labels.html" "Mozilla/5.0 AppleWebKit/537.36 (KHTML, like Gecko; compatible; GPTBot/1.3; +https://openai.com/gptbot)"
74.7.243.246 - - [06/Mar/2026:22:09:19 +0000] "GET /engine1/bullet.png HTTP/1.1" 200 1393 "http://sweetnotes.in/engine1/" "Mozilla/5.0 AppleWebKit/537.36 (KHTML, like Gecko; compatible; GPTBot/1.3; +https://openai.com/gptbot)"
74.7.243.246 - - [06/Mar/2026:22:09:19 +0000] "GET /js/scriptaculous.js HTTP/1.1" 200 1229 "http://sweetnotes.in/js/" "Mozilla/5.0 AppleWebKit/537.36 (KHTML, like Gecko; compatible; GPTBot/1.3; +https://openai.com/gptbot)"
74.7.241.30 - - [06/Mar/2026:22:09:20 +0000] "GET /images/sticky_labels/thumb/r11.jpg HTTP/1.1" 404 1251 "http://www.sweetnotes.in/sticky_labels_backup.html" "Mozilla/5.0 AppleWebKit/537.36 (KHTML, like Gecko; compatible; GPTBot/1.3; +https://openai.com/gptbot)"
74.7.243.246 - - [06/Mar/2026:22:09:20 +0000] "GET /_autoindex/assets/icons/folder-fill.svg HTTP/1.1" 200 333 "http://sweetnotes.in/" "Mozilla/5.0 AppleWebKit/537.36 (KHTML, like Gecko; compatible; GPTBot/1.3; +https://openai.com/gptbot)"
74.7.243.246 - - [06/Mar/2026:22:09:20 +0000] "GET /products/?MA HTTP/1.1" 200 701 "http://sweetnotes.in/products/" "Mozilla/5.0 AppleWebKit/537.36 (KHTML, like Gecko; compatible; GPTBot/1.3; +https://openai.com/gptbot)"
74.7.241.30 - - [06/Mar/2026:22:09:21 +0000] "GET /envelopes.html HTTP/1.1" 404 1251 "http://www.sweetnotes.in/kitchen_labels.html" "Mozilla/5.0 AppleWebKit/537.36 (KHTML, like Gecko; compatible; GPTBot/1.3; +https://openai.com/gptbot)"
74.7.243.246 - - [06/Mar/2026:22:09:21 +0000] "GET /products/?ND HTTP/1.1" 200 694 "http://sweetnotes.in/products/" "Mozilla/5.0 AppleWebKit/537.36 (KHTML, like Gecko; compatible; GPTBot/1.3; +https://openai.com/gptbot)"
74.7.243.246 - - [06/Mar/2026:22:09:22 +0000] "GET /products/?SA HTTP/1.1" 200 695 "http://sweetnotes.in/products/" "Mozilla/5.0 AppleWebKit/537.36 (KHTML, like Gecko; compatible; GPTBot/1.3; +https://openai.com/gptbot)"
74.7.243.246 - - [06/Mar/2026:22:09:22 +0000] "GET /products/medium/envelopes.jpg HTTP/1.1" 200 48902 "http://sweetnotes.in/products/medium/" "Mozilla/5.0 AppleWebKit/537.36 (KHTML, like Gecko; compatible; GPTBot/1.3; +https://openai.com/gptbot)"
74.7.243.246 - - [06/Mar/2026:22:09:23 +0000] "GET /httpdocs/?MA HTTP/1.1" 200 536 "http://sweetnotes.in/httpdocs/" "Mozilla/5.0 AppleWebKit/537.36 (KHTML, like Gecko; compatible; GPTBot/1.3; +https://openai.com/gptbot)"
74.7.241.30 - - [06/Mar/2026:22:09:23 +0000] "GET /images/sticky_labels/thumb/r4.jpg HTTP/1.1" 404 1251 "http://www.sweetnotes.in/sticky_labels_backup.html" "Mozilla/5.0 AppleWebKit/537.36 (KHTML, like Gecko; compatible; GPTBot/1.3; +https://openai.com/gptbot)"
74.7.243.246 - - [06/Mar/2026:22:09:23 +0000] "GET /httpdocs/?SA HTTP/1.1" 200 537 "http://sweetnotes.in/httpdocs/" "Mozilla/5.0 AppleWebKit/537.36 (KHTML, like Gecko; compatible; GPTBot/1.3; +https://openai.com/gptbot)"
74.7.241.30 - - [06/Mar/2026:22:09:24 +0000] "GET /images/sticky_labels/thumb/r9.jpg HTTP/1.1" 404 1251 "http://www.sweetnotes.in/sticky_labels_backup.html" "Mozilla/5.0 AppleWebKit/537.36 (KHTML, like Gecko; compatible; GPTBot/1.3; +https://openai.com/gptbot)"
74.7.243.246 - - [06/Mar/2026:22:09:24 +0000] "GET /httpdocs/?ND HTTP/1.1" 200 530 "http://sweetnotes.in/httpdocs/" "Mozilla/5.0 AppleWebKit/537.36 (KHTML, like Gecko; compatible; GPTBot/1.3; +https://openai.com/gptbot)"
74.7.243.246 - - [06/Mar/2026:22:09:24 +0000] "GET /_autoindex/assets/icons/file-text.svg HTTP/1.1" 200 394 "http://sweetnotes.in/" "Mozilla/5.0 AppleWebKit/537.36 (KHTML, like Gecko; compatible; GPTBot/1.3; +https://openai.com/gptbot)"
74.7.241.30 - - [06/Mar/2026:22:09:25 +0000] "GET /images/sticky_labels/thumb/r1.jpg HTTP/1.1" 404 1251 "http://www.sweetnotes.in/sticky_labels_backup.html" "Mozilla/5.0 AppleWebKit/537.36 (KHTML, like Gecko; compatible; GPTBot/1.3; +https://openai.com/gptbot)"
74.7.243.246 - - [06/Mar/2026:22:09:25 +0000] "GET /aspnet_client/?ND HTTP/1.1" 200 610 "http://sweetnotes.in/aspnet_client/" "Mozilla/5.0 AppleWebKit/537.36 (KHTML, like Gecko; compatible; GPTBot/1.3; +https://openai.com/gptbot)"
74.7.243.246 - - [06/Mar/2026:22:09:25 +0000] "GET /js/'+libraryName+' HTTP/1.1" 404 1251 "http://sweetnotes.in/js/scriptaculous.js" "Mozilla/5.0 AppleWebKit/537.36 (KHTML, like Gecko; compatible; GPTBot/1.3; +https://openai.com/gptbot)"
74.7.241.30 - - [06/Mar/2026:22:09:26 +0000] "GET /images/sticky_labels/thumb/r2.jpg HTTP/1.1" 404 1251 "http://www.sweetnotes.in/sticky_labels_backup.html" "Mozilla/5.0 AppleWebKit/537.36 (KHTML, like Gecko; compatible; GPTBot/1.3; +https://openai.com/gptbot)"
74.7.243.246 - - [06/Mar/2026:22:09:26 +0000] "GET /aspnet_client/?SA HTTP/1.1" 200 613 "http://sweetnotes.in/aspnet_client/" "Mozilla/5.0 AppleWebKit/537.36 (KHTML, like Gecko; compatible; GPTBot/1.3; +https://openai.com/gptbot)"
74.7.243.246 - - [06/Mar/2026:22:09:26 +0000] "GET /products/?MD HTTP/1.1" 200 699 "http://sweetnotes.in/products/?MA" "Mozilla/5.0 AppleWebKit/537.36 (KHTML, like Gecko; compatible; GPTBot/1.3; +https://openai.com/gptbot)"
74.7.241.30 - - [06/Mar/2026:22:09:27 +0000] "GET /images/sticky_labels/thumb/r8.jpg HTTP/1.1" 404 1251 "http://www.sweetnotes.in/sticky_labels_backup.html" "Mozilla/5.0 AppleWebKit/537.36 (KHTML, like Gecko; compatible; GPTBot/1.3; +https://openai.com/gptbot)"
74.7.243.246 - - [06/Mar/2026:22:09:27 +0000] "GET /products/?NA HTTP/1.1" 200 695 "http://sweetnotes.in/products/?MA" "Mozilla/5.0 AppleWebKit/537.36 (KHTML, like Gecko; compatible; GPTBot/1.3; +https://openai.com/gptbot)"
74.7.243.246 - - [06/Mar/2026:22:09:27 +0000] "GET /products/?SD HTTP/1.1" 200 700 "http://sweetnotes.in/products/?SA" "Mozilla/5.0 AppleWebKit/537.36 (KHTML, like Gecko; compatible; GPTBot/1.3; +https://openai.com/gptbot)"
74.7.243.246 - - [06/Mar/2026:22:09:28 +0000] "GET /aspnet_client/?MA HTTP/1.1" 200 615 "http://sweetnotes.in/aspnet_client/" "Mozilla/5.0 AppleWebKit/537.36 (KHTML, like Gecko; compatible; GPTBot/1.3; +https://openai.com/gptbot)"
74.7.241.30 - - [06/Mar/2026:22:09:28 +0000] "GET /images/sticky_labels/thumb/r3.jpg HTTP/1.1" 404 1251 "http://www.sweetnotes.in/sticky_labels_backup.html" "Mozilla/5.0 AppleWebKit/537.36 (KHTML, like Gecko; compatible; GPTBot/1.3; +https://openai.com/gptbot)"
74.7.243.246 - - [06/Mar/2026:22:09:28 +0000] "GET /httpdocs/?MD HTTP/1.1" 200 533 "http://sweetnotes.in/httpdocs/?MA" "Mozilla/5.0 AppleWebKit/537.36 (KHTML, like Gecko; compatible; GPTBot/1.3; +https://openai.com/gptbot)"
74.7.241.30 - - [06/Mar/2026:22:09:29 +0000] "GET /images/sticky_labels/thumb/r6.jpg HTTP/1.1" 404 1251 "http://www.sweetnotes.in/sticky_labels_backup.html" "Mozilla/5.0 AppleWebKit/537.36 (KHTML, like Gecko; compatible; GPTBot/1.3; +https://openai.com/gptbot)"
74.7.243.246 - - [06/Mar/2026:22:09:29 +0000] "GET /httpdocs/?SD HTTP/1.1" 200 534 "http://sweetnotes.in/httpdocs/?SA" "Mozilla/5.0 AppleWebKit/537.36 (KHTML, like Gecko; compatible; GPTBot/1.3; +https://openai.com/gptbot)"
74.7.243.246 - - [06/Mar/2026:22:09:30 +0000] "GET /httpdocs/?NA HTTP/1.1" 200 533 "http://sweetnotes.in/httpdocs/?MA" "Mozilla/5.0 AppleWebKit/537.36 (KHTML, like Gecko; compatible; GPTBot/1.3; +https://openai.com/gptbot)"
74.7.241.30 - - [06/Mar/2026:22:09:30 +0000] "GET /images/sticky_labels/thumb/r5.jpg HTTP/1.1" 404 1251 "http://www.sweetnotes.in/sticky_labels_backup.html" "Mozilla/5.0 AppleWebKit/537.36 (KHTML, like Gecko; compatible; GPTBot/1.3; +https://openai.com/gptbot)"
74.7.243.246 - - [06/Mar/2026:22:09:30 +0000] "GET /_autoindex/assets/js/tablesort.js HTTP/1.1" 200 2137 "http://sweetnotes.in/" "Mozilla/5.0 AppleWebKit/537.36 (KHTML, like Gecko; compatible; GPTBot/1.3; +https://openai.com/gptbot)"
74.7.241.30 - - [06/Mar/2026:22:09:30 +0000] "GET /images/sticky_labels/thumb/r7.jpg HTTP/1.1" 404 1251 "http://www.sweetnotes.in/sticky_labels_backup.html" "Mozilla/5.0 AppleWebKit/537.36 (KHTML, like Gecko; compatible; GPTBot/1.3; +https://openai.com/gptbot)"
74.7.243.246 - - [06/Mar/2026:22:09:31 +0000] "GET /aspnet_client/?NA HTTP/1.1" 200 610 "http://sweetnotes.in/aspnet_client/?ND" "Mozilla/5.0 AppleWebKit/537.36 (KHTML, like Gecko; compatible; GPTBot/1.3; +https://openai.com/gptbot)"
74.7.243.246 - - [06/Mar/2026:22:09:31 +0000] "GET /_autoindex/assets/icons/file.svg HTTP/1.1" 200 354 "http://sweetnotes.in/" "Mozilla/5.0 AppleWebKit/537.36 (KHTML, like Gecko; compatible; GPTBot/1.3; +https://openai.com/gptbot)"
74.7.241.30 - - [06/Mar/2026:22:09:31 +0000] "GET /images/sticky_labels/r8.jpg HTTP/1.1" 404 1251 "http://www.sweetnotes.in/sticky_labels_backup.html" "Mozilla/5.0 AppleWebKit/537.36 (KHTML, like Gecko; compatible; GPTBot/1.3; +https://openai.com/gptbot)"
74.7.243.246 - - [06/Mar/2026:22:09:32 +0000] "GET /aspnet_client/?SD HTTP/1.1" 200 612 "http://sweetnotes.in/aspnet_client/?SA" "Mozilla/5.0 AppleWebKit/537.36 (KHTML, like Gecko; compatible; GPTBot/1.3; +https://openai.com/gptbot)"
74.7.243.246 - - [06/Mar/2026:22:09:32 +0000] "GET /_autoindex/assets/icons/image.svg HTTP/1.1" 200 388 "http://sweetnotes.in/engine1/" "Mozilla/5.0 AppleWebKit/537.36 (KHTML, like Gecko; compatible; GPTBot/1.3; +https://openai.com/gptbot)"
74.7.241.30 - - [06/Mar/2026:22:09:33 +0000] "GET /images/sticky_labels/r9.jpg HTTP/1.1" 404 1251 "http://www.sweetnotes.in/sticky_labels_backup.html" "Mozilla/5.0 AppleWebKit/537.36 (KHTML, like Gecko; compatible; GPTBot/1.3; +https://openai.com/gptbot)"
74.7.243.246 - - [06/Mar/2026:22:09:33 +0000] "GET /products/big/?SA HTTP/1.1" 200 1108 "http://sweetnotes.in/products/big/" "Mozilla/5.0 AppleWebKit/537.36 (KHTML, like Gecko; compatible; GPTBot/1.3; +https://openai.com/gptbot)"
74.7.241.30 - - [06/Mar/2026:22:09:33 +0000] "GET /images/sticky_labels/r2.jpg HTTP/1.1" 404 1251 "http://www.sweetnotes.in/sticky_labels_backup.html" "Mozilla/5.0 AppleWebKit/537.36 (KHTML, like Gecko; compatible; GPTBot/1.3; +https://openai.com/gptbot)"
74.7.243.246 - - [06/Mar/2026:22:09:33 +0000] "GET /products/big/?MA HTTP/1.1" 200 1103 "http://sweetnotes.in/products/big/" "Mozilla/5.0 AppleWebKit/537.36 (KHTML, like Gecko; compatible; GPTBot/1.3; +https://openai.com/gptbot)"
74.7.241.30 - - [06/Mar/2026:22:09:34 +0000] "GET /images/sticky_labels/r3.jpg HTTP/1.1" 404 1251 "http://www.sweetnotes.in/sticky_labels_backup.html" "Mozilla/5.0 AppleWebKit/537.36 (KHTML, like Gecko; compatible; GPTBot/1.3; +https://openai.com/gptbot)"
74.7.243.246 - - [06/Mar/2026:22:09:34 +0000] "GET /aspnet_client/?MD HTTP/1.1" 200 614 "http://sweetnotes.in/aspnet_client/?MA" "Mozilla/5.0 AppleWebKit/537.36 (KHTML, like Gecko; compatible; GPTBot/1.3; +https://openai.com/gptbot)"
74.7.243.246 - - [06/Mar/2026:22:09:34 +0000] "GET /products/big/?ND HTTP/1.1" 200 1100 "http://sweetnotes.in/products/big/" "Mozilla/5.0 AppleWebKit/537.36 (KHTML, like Gecko; compatible; GPTBot/1.3; +https://openai.com/gptbot)"
74.7.241.30 - - [06/Mar/2026:22:09:35 +0000] "GET /images/sticky_labels/r5.jpg HTTP/1.1" 404 1251 "http://www.sweetnotes.in/sticky_labels_backup.html" "Mozilla/5.0 AppleWebKit/537.36 (KHTML, like Gecko; compatible; GPTBot/1.3; +https://openai.com/gptbot)"
74.7.243.246 - - [06/Mar/2026:22:09:35 +0000] "GET /products/medium/?SA HTTP/1.1" 200 1085 "http://sweetnotes.in/products/medium/" "Mozilla/5.0 AppleWebKit/537.36 (KHTML, like Gecko; compatible; GPTBot/1.3; +https://openai.com/gptbot)"
74.7.243.246 - - [06/Mar/2026:22:09:35 +0000] "GET /products/medium/?MA HTTP/1.1" 200 1078 "http://sweetnotes.in/products/medium/" "Mozilla/5.0 AppleWebKit/537.36 (KHTML, like Gecko; compatible; GPTBot/1.3; +https://openai.com/gptbot)"
74.7.241.30 - - [06/Mar/2026:22:09:36 +0000] "GET /images/sticky_labels/r7.jpg HTTP/1.1" 404 1251 "http://www.sweetnotes.in/sticky_labels_backup.html" "Mozilla/5.0 AppleWebKit/537.36 (KHTML, like Gecko; compatible; GPTBot/1.3; +https://openai.com/gptbot)"
74.7.243.246 - - [06/Mar/2026:22:09:36 +0000] "GET /products/medium/?ND HTTP/1.1" 200 1083 "http://sweetnotes.in/products/medium/" "Mozilla/5.0 AppleWebKit/537.36 (KHTML, like Gecko; compatible; GPTBot/1.3; +https://openai.com/gptbot)"
74.7.243.246 - - [06/Mar/2026:22:09:36 +0000] "GET /_autoindex/assets/css/autoindex.css HTTP/1.1" 200 1170 "http://sweetnotes.in/" "Mozilla/5.0 AppleWebKit/537.36 (KHTML, like Gecko; compatible; GPTBot/1.3; +https://openai.com/gptbot)"
74.7.241.30 - - [06/Mar/2026:22:09:37 +0000] "GET /images/sticky_labels/r4.jpg HTTP/1.1" 404 1251 "http://www.sweetnotes.in/sticky_labels_backup.html" "Mozilla/5.0 AppleWebKit/537.36 (KHTML, like Gecko; compatible; GPTBot/1.3; +https://openai.com/gptbot)"
74.7.243.246 - - [06/Mar/2026:22:09:37 +0000] "GET /data1/images/?SA HTTP/1.1" 200 653 "http://sweetnotes.in/data1/images/" "Mozilla/5.0 AppleWebKit/537.36 (KHTML, like Gecko; compatible; GPTBot/1.3; +https://openai.com/gptbot)"
74.7.243.246 - - [06/Mar/2026:22:09:37 +0000] "GET /data1/images/?ND HTTP/1.1" 200 650 "http://sweetnotes.in/data1/images/" "Mozilla/5.0 AppleWebKit/537.36 (KHTML, like Gecko; compatible; GPTBot/1.3; +https://openai.com/gptbot)"
74.7.241.30 - - [06/Mar/2026:22:09:38 +0000] "GET /images/sticky_labels/r1.jpg HTTP/1.1" 404 1251 "http://www.sweetnotes.in/sticky_labels_backup.html" "Mozilla/5.0 AppleWebKit/537.36 (KHTML, like Gecko; compatible; GPTBot/1.3; +https://openai.com/gptbot)"
74.7.243.246 - - [06/Mar/2026:22:09:38 +0000] "GET /data1/images/?MA HTTP/1.1" 200 657 "http://sweetnotes.in/data1/images/" "Mozilla/5.0 AppleWebKit/537.36 (KHTML, like Gecko; compatible; GPTBot/1.3; +https://openai.com/gptbot)"
74.7.243.246 - - [06/Mar/2026:22:09:39 +0000] "GET /products/big/?SD HTTP/1.1" 200 1106 "http://sweetnotes.in/products/big/?SA" "Mozilla/5.0 AppleWebKit/537.36 (KHTML, like Gecko; compatible; GPTBot/1.3; +https://openai.com/gptbot)"
74.7.243.246 - - [06/Mar/2026:22:09:39 +0000] "GET /products/big/?MD HTTP/1.1" 200 1104 "http://sweetnotes.in/products/big/?MA" "Mozilla/5.0 AppleWebKit/537.36 (KHTML, like Gecko; compatible; GPTBot/1.3; +https://openai.com/gptbot)"
74.7.241.30 - - [06/Mar/2026:22:09:39 +0000] "GET /images/sticky_labels/r6.jpg HTTP/1.1" 404 1251 "http://www.sweetnotes.in/sticky_labels_backup.html" "Mozilla/5.0 AppleWebKit/537.36 (KHTML, like Gecko; compatible; GPTBot/1.3; +https://openai.com/gptbot)"
74.7.243.246 - - [06/Mar/2026:22:09:40 +0000] "GET /products/big/?NA HTTP/1.1" 200 1101 "http://sweetnotes.in/products/big/?SA" "Mozilla/5.0 AppleWebKit/537.36 (KHTML, like Gecko; compatible; GPTBot/1.3; +https://openai.com/gptbot)"
74.7.243.246 - - [06/Mar/2026:22:09:40 +0000] "GET /data1/tooltips/?SA HTTP/1.1" 200 651 "http://sweetnotes.in/data1/tooltips/" "Mozilla/5.0 AppleWebKit/537.36 (KHTML, like Gecko; compatible; GPTBot/1.3; +https://openai.com/gptbot)"
74.7.243.246 - - [06/Mar/2026:22:09:41 +0000] "GET /products/medium/?SD HTTP/1.1" 200 1082 "http://sweetnotes.in/products/medium/?SA" "Mozilla/5.0 AppleWebKit/537.36 (KHTML, like Gecko; compatible; GPTBot/1.3; +https://openai.com/gptbot)"
74.7.243.246 - - [06/Mar/2026:22:09:41 +0000] "GET /products/medium/?MD HTTP/1.1" 200 1081 "http://sweetnotes.in/products/medium/?MA" "Mozilla/5.0 AppleWebKit/537.36 (KHTML, like Gecko; compatible; GPTBot/1.3; +https://openai.com/gptbot)"
74.7.241.30 - - [06/Mar/2026:22:09:42 +0000] "GET /images/sticky_labels/r11.jpg HTTP/1.1" 404 1251 "http://www.sweetnotes.in/sticky_labels_backup.html" "Mozilla/5.0 AppleWebKit/537.36 (KHTML, like Gecko; compatible; GPTBot/1.3; +https://openai.com/gptbot)"
74.7.243.246 - - [06/Mar/2026:22:09:42 +0000] "GET /products/medium/?NA HTTP/1.1" 200 1077 "http://sweetnotes.in/products/medium/?SA" "Mozilla/5.0 AppleWebKit/537.36 (KHTML, like Gecko; compatible; GPTBot/1.3; +https://openai.com/gptbot)"
74.7.243.246 - - [06/Mar/2026:22:09:42 +0000] "GET /data1/tooltips/?MA HTTP/1.1" 200 650 "http://sweetnotes.in/data1/tooltips/" "Mozilla/5.0 AppleWebKit/537.36 (KHTML, like Gecko; compatible; GPTBot/1.3; +https://openai.com/gptbot)"
74.7.243.246 - - [06/Mar/2026:22:09:43 +0000] "GET /data1/images/?SD HTTP/1.1" 200 654 "http://sweetnotes.in/data1/images/?SA" "Mozilla/5.0 AppleWebKit/537.36 (KHTML, like Gecko; compatible; GPTBot/1.3; +https://openai.com/gptbot)"
74.7.243.246 - - [06/Mar/2026:22:09:43 +0000] "GET /data1/images/?NA HTTP/1.1" 200 650 "http://sweetnotes.in/data1/images/?SA" "Mozilla/5.0 AppleWebKit/537.36 (KHTML, like Gecko; compatible; GPTBot/1.3; +https://openai.com/gptbot)"
74.7.243.246 - - [06/Mar/2026:22:09:44 +0000] "GET /data1/images/?MD HTTP/1.1" 200 656 "http://sweetnotes.in/data1/images/?MA" "Mozilla/5.0 AppleWebKit/537.36 (KHTML, like Gecko; compatible; GPTBot/1.3; +https://openai.com/gptbot)"
74.7.243.246 - - [06/Mar/2026:22:09:44 +0000] "GET /data1/tooltips/?ND HTTP/1.1" 200 645 "http://sweetnotes.in/data1/tooltips/" "Mozilla/5.0 AppleWebKit/537.36 (KHTML, like Gecko; compatible; GPTBot/1.3; +https://openai.com/gptbot)"
74.7.243.246 - - [06/Mar/2026:22:09:45 +0000] "GET /cc13.php?path=%2Fhome HTTP/1.1" 200 1128 "http://sweetnotes.in/cc13.php" "Mozilla/5.0 AppleWebKit/537.36 (KHTML, like Gecko; compatible; GPTBot/1.3; +https://openai.com/gptbot)"
74.7.243.246 - - [06/Mar/2026:22:09:45 +0000] "GET /products/thumbnail/?ND HTTP/1.1" 200 536 "http://sweetnotes.in/products/thumbnail/" "Mozilla/5.0 AppleWebKit/537.36 (KHTML, like Gecko; compatible; GPTBot/1.3; +https://openai.com/gptbot)"
74.7.243.246 - - [06/Mar/2026:22:09:46 +0000] "GET /data1/tooltips/?NA HTTP/1.1" 200 643 "http://sweetnotes.in/data1/tooltips/?SA" "Mozilla/5.0 AppleWebKit/537.36 (KHTML, like Gecko; compatible; GPTBot/1.3; +https://openai.com/gptbot)"
74.7.243.246 - - [06/Mar/2026:22:09:46 +0000] "GET /data1/tooltips/?SD HTTP/1.1" 200 654 "http://sweetnotes.in/data1/tooltips/?SA" "Mozilla/5.0 AppleWebKit/537.36 (KHTML, like Gecko; compatible; GPTBot/1.3; +https://openai.com/gptbot)"
74.7.243.246 - - [06/Mar/2026:22:09:47 +0000] "GET /products/thumbnail/?MA HTTP/1.1" 200 539 "http://sweetnotes.in/products/thumbnail/" "Mozilla/5.0 AppleWebKit/537.36 (KHTML, like Gecko; compatible; GPTBot/1.3; +https://openai.com/gptbot)"
74.7.243.246 - - [06/Mar/2026:22:09:47 +0000] "GET /products/thumbnail/?SA HTTP/1.1" 200 540 "http://sweetnotes.in/products/thumbnail/" "Mozilla/5.0 AppleWebKit/537.36 (KHTML, like Gecko; compatible; GPTBot/1.3; +https://openai.com/gptbot)"
74.7.243.246 - - [06/Mar/2026:22:09:48 +0000] "GET /data1/tooltips/?MD HTTP/1.1" 200 651 "http://sweetnotes.in/data1/tooltips/?MA" "Mozilla/5.0 AppleWebKit/537.36 (KHTML, like Gecko; compatible; GPTBot/1.3; +https://openai.com/gptbot)"
74.7.243.246 - - [06/Mar/2026:22:09:48 +0000] "GET /cc13.php?path=%2Fhome%2Fsweetnotes HTTP/1.1" 200 1686 "http://sweetnotes.in/cc13.php" "Mozilla/5.0 AppleWebKit/537.36 (KHTML, like Gecko; compatible; GPTBot/1.3; +https://openai.com/gptbot)"
74.7.243.246 - - [06/Mar/2026:22:09:49 +0000] "GET /cc13.php?path=%2Fhome%2Fsweetnotes%2Fpublic_html%2F.well-known HTTP/1.1" 200 1191 "http://sweetnotes.in/cc13.php" "Mozilla/5.0 AppleWebKit/537.36 (KHTML, like Gecko; compatible; GPTBot/1.3; +https://openai.com/gptbot)"
74.7.243.246 - - [06/Mar/2026:22:09:49 +0000] "GET /cc13.php?path=%2Fhome%2Fsweetnotes%2Fpublic_html%2Fjs HTTP/1.1" 200 1377 "http://sweetnotes.in/cc13.php" "Mozilla/5.0 AppleWebKit/537.36 (KHTML, like Gecko; compatible; GPTBot/1.3; +https://openai.com/gptbot)"
74.7.243.246 - - [06/Mar/2026:22:09:50 +0000] "GET /cc13.php?path=%2Fhome%2Fsweetnotes%2Fpublic_html%2Fdata1 HTTP/1.1" 200 1204 "http://sweetnotes.in/cc13.php" "Mozilla/5.0 AppleWebKit/537.36 (KHTML, like Gecko; compatible; GPTBot/1.3; +https://openai.com/gptbot)"
74.7.243.246 - - [06/Mar/2026:22:09:51 +0000] "GET /cc13.php?path=%2Fhome%2Fsweetnotes%2Fpublic_html%2Fengine1 HTTP/1.1" 200 1475 "http://sweetnotes.in/cc13.php" "Mozilla/5.0 AppleWebKit/537.36 (KHTML, like Gecko; compatible; GPTBot/1.3; +https://openai.com/gptbot)"
74.7.243.246 - - [06/Mar/2026:22:09:51 +0000] "GET /products/thumbnail/?NA HTTP/1.1" 200 536 "http://sweetnotes.in/products/thumbnail/?ND" "Mozilla/5.0 AppleWebKit/537.36 (KHTML, like Gecko; compatible; GPTBot/1.3; +https://openai.com/gptbot)"
74.7.243.246 - - [06/Mar/2026:22:09:51 +0000] "GET /aspnet_client/system_web/2_0_50727/?MA HTTP/1.1" 200 558 "http://sweetnotes.in/aspnet_client/system_web/2_0_50727/" "Mozilla/5.0 AppleWebKit/537.36 (KHTML, like Gecko; compatible; GPTBot/1.3; +https://openai.com/gptbot)"
74.7.243.246 - - [06/Mar/2026:22:09:52 +0000] "GET /aspnet_client/system_web/2_0_50727/?ND HTTP/1.1" 200 553 "http://sweetnotes.in/aspnet_client/system_web/2_0_50727/" "Mozilla/5.0 AppleWebKit/537.36 (KHTML, like Gecko; compatible; GPTBot/1.3; +https://openai.com/gptbot)"
74.7.243.246 - - [06/Mar/2026:22:09:53 +0000] "GET /products/thumbnail/?MD HTTP/1.1" 200 540 "http://sweetnotes.in/products/thumbnail/?MA" "Mozilla/5.0 AppleWebKit/537.36 (KHTML, like Gecko; compatible; GPTBot/1.3; +https://openai.com/gptbot)"
74.7.243.246 - - [06/Mar/2026:22:09:53 +0000] "GET /products/thumbnail/?SD HTTP/1.1" 200 539 "http://sweetnotes.in/products/thumbnail/?SA" "Mozilla/5.0 AppleWebKit/537.36 (KHTML, like Gecko; compatible; GPTBot/1.3; +https://openai.com/gptbot)"
74.7.243.246 - - [06/Mar/2026:22:09:54 +0000] "GET /aspnet_client/system_web/2_0_50727/?SA HTTP/1.1" 200 558 "http://sweetnotes.in/aspnet_client/system_web/2_0_50727/" "Mozilla/5.0 AppleWebKit/537.36 (KHTML, like Gecko; compatible; GPTBot/1.3; +https://openai.com/gptbot)"
74.7.243.246 - - [06/Mar/2026:22:09:54 +0000] "GET /cc13.php?path=%2Fhome%2Fsweetnotes%2Fssl HTTP/1.1" 200 1290 "http://sweetnotes.in/cc13.php?path=%2Fhome%2Fsweetnotes" "Mozilla/5.0 AppleWebKit/537.36 (KHTML, like Gecko; compatible; GPTBot/1.3; +https://openai.com/gptbot)"
74.7.243.246 - - [06/Mar/2026:22:09:55 +0000] "GET /cc13.php?path=%2Fhome%2Fsweetnotes%2F.htpasswds HTTP/1.1" 200 1122 "http://sweetnotes.in/cc13.php?path=%2Fhome%2Fsweetnotes" "Mozilla/5.0 AppleWebKit/537.36 (KHTML, like Gecko; compatible; GPTBot/1.3; +https://openai.com/gptbot)"
74.7.243.246 - - [06/Mar/2026:22:09:55 +0000] "GET /cc13.php?path=%2Fhome%2Fsweetnotes%2F.cache HTTP/1.1" 200 1260 "http://sweetnotes.in/cc13.php?path=%2Fhome%2Fsweetnotes" "Mozilla/5.0 AppleWebKit/537.36 (KHTML, like Gecko; compatible; GPTBot/1.3; +https://openai.com/gptbot)"
74.7.243.246 - - [06/Mar/2026:22:09:56 +0000] "GET /cc13.php?path=%2Fhome%2Fsweetnotes%2Fetc HTTP/1.1" 200 1247 "http://sweetnotes.in/cc13.php?path=%2Fhome%2Fsweetnotes" "Mozilla/5.0 AppleWebKit/537.36 (KHTML, like Gecko; compatible; GPTBot/1.3; +https://openai.com/gptbot)"
74.7.243.246 - - [06/Mar/2026:22:09:56 +0000] "GET /cc13.php?path=%2Fhome%2Fsweetnotes%2Ftmp HTTP/1.1" 200 1203 "http://sweetnotes.in/cc13.php?path=%2Fhome%2Fsweetnotes" "Mozilla/5.0 AppleWebKit/537.36 (KHTML, like Gecko; compatible; GPTBot/1.3; +https://openai.com/gptbot)"
74.7.243.246 - - [06/Mar/2026:22:09:57 +0000] "GET /cc13.php?path=%2Fhome%2Fsweetnotes%2Fwww HTTP/1.1" 200 1586 "http://sweetnotes.in/cc13.php?path=%2Fhome%2Fsweetnotes" "Mozilla/5.0 AppleWebKit/537.36 (KHTML, like Gecko; compatible; GPTBot/1.3; +https://openai.com/gptbot)"
74.7.243.246 - - [06/Mar/2026:22:09:57 +0000] "GET /cc13.php?path=%2Fhome%2Fsweetnotes%2F.cphorde HTTP/1.1" 200 1265 "http://sweetnotes.in/cc13.php?path=%2Fhome%2Fsweetnotes" "Mozilla/5.0 AppleWebKit/537.36 (KHTML, like Gecko; compatible; GPTBot/1.3; +https://openai.com/gptbot)"
74.7.243.246 - - [06/Mar/2026:22:09:58 +0000] "GET /cc13.php?path=%2Fhome%2Fsweetnotes%2F.cpaddons HTTP/1.1" 200 1173 "http://sweetnotes.in/cc13.php?path=%2Fhome%2Fsweetnotes" "Mozilla/5.0 AppleWebKit/537.36 (KHTML, like Gecko; compatible; GPTBot/1.3; +https://openai.com/gptbot)"
74.7.243.246 - - [06/Mar/2026:22:09:58 +0000] "GET /cc13.php?path=%2Fhome%2Fsweetnotes%2F.cl.selector HTTP/1.1" 200 1263 "http://sweetnotes.in/cc13.php?path=%2Fhome%2Fsweetnotes" "Mozilla/5.0 AppleWebKit/537.36 (KHTML, like Gecko; compatible; GPTBot/1.3; +https://openai.com/gptbot)"
74.7.243.246 - - [06/Mar/2026:22:09:59 +0000] "GET /cc13.php?path=%2Fhome%2Fsweetnotes%2F.cagefs HTTP/1.1" 200 1186 "http://sweetnotes.in/cc13.php?path=%2Fhome%2Fsweetnotes" "Mozilla/5.0 AppleWebKit/537.36 (KHTML, like Gecko; compatible; GPTBot/1.3; +https://openai.com/gptbot)"
74.7.243.246 - - [06/Mar/2026:22:09:59 +0000] "GET /cc13.php?path=%2Fhome%2Fsweetnotes%2F.cpanel HTTP/1.1" 200 1382 "http://sweetnotes.in/cc13.php?path=%2Fhome%2Fsweetnotes" "Mozilla/5.0 AppleWebKit/537.36 (KHTML, like Gecko; compatible; GPTBot/1.3; +https://openai.com/gptbot)"
74.7.243.246 - - [06/Mar/2026:22:10:00 +0000] "GET /cc13.php?path=%2Fhome%2Fsweetnotes%2F.trash HTTP/1.1" 200 1279 "http://sweetnotes.in/cc13.php?path=%2Fhome%2Fsweetnotes" "Mozilla/5.0 AppleWebKit/537.36 (KHTML, like Gecko; compatible; GPTBot/1.3; +https://openai.com/gptbot)"
74.7.243.246 - - [06/Mar/2026:22:10:00 +0000] "GET /cc13.php?path=%2Fhome%2Fsweetnotes%2F.clwpos HTTP/1.1" 200 1229 "http://sweetnotes.in/cc13.php?path=%2Fhome%2Fsweetnotes" "Mozilla/5.0 AppleWebKit/537.36 (KHTML, like Gecko; compatible; GPTBot/1.3; +https://openai.com/gptbot)"
27.46.125.239 - - [06/Mar/2026:22:06:42 +0000] "GET /robots.txt HTTP/1.1" 200 132 "-" "Mozilla/5.0 (Windows NT 10.0; WOW64) AppleWebKit/537.36 (KHTML, like Gecko) Chrome/69.0.2607.39 Safari/537.36 LBBROWSER"
74.7.241.30 - - [06/Mar/2026:22:09:43 +0000] "GET /images/sticky_labels/r10.jpg HTTP/1.1" 404 1251 "http://www.sweetnotes.in/sticky_labels_backup.html" "Mozilla/5.0 AppleWebKit/537.36 (KHTML, like Gecko; compatible; GPTBot/1.3; +https://openai.com/gptbot)"
74.7.241.30 - - [06/Mar/2026:22:09:44 +0000] "GET /images/sticky_labels/r12.jpg HTTP/1.1" 404 1251 "http://www.sweetnotes.in/sticky_labels_backup.html" "Mozilla/5.0 AppleWebKit/537.36 (KHTML, like Gecko; compatible; GPTBot/1.3; +https://openai.com/gptbot)"
74.7.241.30 - - [06/Mar/2026:22:09:48 +0000] "GET /sweetnotes.zip HTTP/1.1" 200 13078148 "http://www.sweetnotes.in/" "Mozilla/5.0 AppleWebKit/537.36 (KHTML, like Gecko; compatible; GPTBot/1.3; +https://openai.com/gptbot)"
74.7.241.30 - - [06/Mar/2026:22:09:50 +0000] "GET /data1/ HTTP/1.1" 200 622 "http://www.sweetnotes.in/" "Mozilla/5.0 AppleWebKit/537.36 (KHTML, like Gecko; compatible; GPTBot/1.3; +https://openai.com/gptbot)"
74.7.241.30 - - [06/Mar/2026:22:09:50 +0000] "GET /products/medium/ HTTP/1.1" 200 1079 "http://www.sweetnotes.in/products/" "Mozilla/5.0 AppleWebKit/537.36 (KHTML, like Gecko; compatible; GPTBot/1.3; +https://openai.com/gptbot)"
74.7.241.30 - - [06/Mar/2026:22:09:51 +0000] "GET /products/thumbnail/ HTTP/1.1" 200 540 "http://www.sweetnotes.in/products/" "Mozilla/5.0 AppleWebKit/537.36 (KHTML, like Gecko; compatible; GPTBot/1.3; +https://openai.com/gptbot)"
74.7.241.30 - - [06/Mar/2026:22:09:54 +0000] "GET /products/sticky_labels.html HTTP/1.1" 200 355 "http://www.sweetnotes.in/products/" "Mozilla/5.0 AppleWebKit/537.36 (KHTML, like Gecko; compatible; GPTBot/1.3; +https://openai.com/gptbot)"
74.7.241.30 - - [06/Mar/2026:22:09:57 +0000] "GET /data1/?MA HTTP/1.1" 200 626 "http://www.sweetnotes.in/data1/" "Mozilla/5.0 AppleWebKit/537.36 (KHTML, like Gecko; compatible; GPTBot/1.3; +https://openai.com/gptbot)"
74.7.241.30 - - [06/Mar/2026:22:09:57 +0000] "GET /data1/?ND HTTP/1.1" 200 624 "http://www.sweetnotes.in/data1/" "Mozilla/5.0 AppleWebKit/537.36 (KHTML, like Gecko; compatible; GPTBot/1.3; +https://openai.com/gptbot)"
74.7.241.30 - - [06/Mar/2026:22:09:58 +0000] "GET /data1/?SA HTTP/1.1" 200 625 "http://www.sweetnotes.in/data1/" "Mozilla/5.0 AppleWebKit/537.36 (KHTML, like Gecko; compatible; GPTBot/1.3; +https://openai.com/gptbot)"
74.7.241.30 - - [06/Mar/2026:22:09:59 +0000] "GET /products/medium/label_size_chart.jpg HTTP/1.1" 200 170827 "http://www.sweetnotes.in/products/medium/" "Mozilla/5.0 AppleWebKit/537.36 (KHTML, like Gecko; compatible; GPTBot/1.3; +https://openai.com/gptbot)"
74.7.241.30 - - [06/Mar/2026:22:09:59 +0000] "GET /products/medium/paper_lables.jpg HTTP/1.1" 200 142545 "http://www.sweetnotes.in/products/medium/" "Mozilla/5.0 AppleWebKit/537.36 (KHTML, like Gecko; compatible; GPTBot/1.3; +https://openai.com/gptbot)"
74.7.241.30 - - [06/Mar/2026:22:10:00 +0000] "GET /products/medium/gift_tags.jpg HTTP/1.1" 200 225492 "http://www.sweetnotes.in/products/medium/" "Mozilla/5.0 AppleWebKit/537.36 (KHTML, like Gecko; compatible; GPTBot/1.3; +https://openai.com/gptbot)"
74.7.241.30 - - [06/Mar/2026:22:10:00 +0000] "GET /products/medium/kitchen_labels.jpg HTTP/1.1" 200 145567 "http://www.sweetnotes.in/products/medium/" "Mozilla/5.0 AppleWebKit/537.36 (KHTML, like Gecko; compatible; GPTBot/1.3; +https://openai.com/gptbot)"
